000
CXUS53 KGLD 180800
CF6MCK
PRELIMINARY LOCAL CLIMATOLOGICAL DATA (WS FORM: F-6)

                                          STATION:   MCCOOK NE
                                          MONTH:     JANUARY
                                          YEAR:      2017
                                          LATITUDE:   40 13 N
                                          LONGITUDE: 100 35 W

  TEMPERATURE IN F:       :PCPN:    SNOW:  WIND      :SUNSHINE: SKY     :PK WND
================================================================================
1   2   3   4   5  6A  6B    7    8   9   10  11  12  13   14  15   16   17  18
                                     12Z  AVG MX 2MIN
DY MAX MIN AVG DEP HDD CDD  WTR  SNW DPTH SPD SPD DIR MIN PSBL S-S WX    SPD DR
================================================================================

 1  43  18  31   4  34   0 0.00    M    M  8.7 20 120   M    M   5        25 170
 2  36  18  27   0  38   0 0.00    M    M  9.7 26 360   M    M   9 12     31 360
 3  24   6  15 -12  50   0 0.00    M    M 12.0 25 350   M    M   3        32 340
 4  17   3  10 -17  55   0    T    M    M  5.2 16  50   M    M   7 18     18  50
 5  14 -10   2 -25  63   0    T    M    M  9.2 20 340   M    M   5 1      25 320
 6  22 -12   5 -22  60   0 0.00    M    M  8.2 14 270   M    M   0        16 280
 7  23  -7   8 -19  57   0 0.00    M    M  5.9 15 280   M    M   0        18 270
 8  40   8  24  -3  41   0 0.00    M    M  6.3 18 130   M    M   2 18     23 140
 9  41  20  31   4  34   0 0.00    M    M  5.4 13 120   M    M   1 1      16 120
10  53  32  43  16  22   0 0.04    M    M  9.3 21 290   M    M   2 1      27 290
11  40  13  27   0  38   0 0.00    M    M 11.1 33  10   M    M   2        40  20
12  26   5  16 -11  49   0 0.00    M    M  7.0 16  30   M    M   1        19  30
13  25  15  20  -7  45   0 0.00    M    M  5.0 13 120   M    M   1        16 140
14  35  12  24  -3  41   0 0.00    M    M  3.4  8 110   M    M   5         9 110
15  31  29  30   3  35   0 0.18    M    M  4.8  9  80   M    M  10 168    10  90
16  35  30  33   6  32   0 0.47    M    M 10.3 16 320   M    M  10 16     19  20
17  47  23  35   8  30   0 0.00    M    M  8.4 14 290   M    M   0        17 280
================================================================================
SM  552  203       724   0  0.69    M    129.9          M       63
================================================================================
AV 32.5 11.9                               7.6 FASTST   M    M   4    MAX(MPH)
                                 MISC ---->  # 33  10               # 40   20
================================================================================
NOTES:
# LAST OF SEVERAL OCCURRENCES

COLUMN 17 PEAK WIND IN M.P.H.

PRELIMINARY LOCAL CLIMATOLOGICAL DATA (WS FORM: F-6) , PAGE 2

                                          STATION:  MCCOOK NE
                                          MONTH:    JANUARY
                                          YEAR:     2017
                                          LATITUDE:   40 13 N
                                          LONGITUDE: 100 35 W

[TEMPERATURE DATA]      [PRECIPITATION DATA]       SYMBOLS USED IN COLUMN 16

AVERAGE MONTHLY: 22.2   TOTAL FOR MONTH:   0.69    1 = FOG OR MIST
DPTR FM NORMAL:  -4.8   DPTR FM NORMAL:    0.41    2 = FOG REDUCING VISIBILITY
HIGHEST:    53 ON 10    GRTST 24HR  0.54 ON 15-16      TO 1/4 MILE OR LESS
LOWEST:    -12 ON  6                               3 = THUNDER
                        SNOW, ICE PELLETS, HAIL    4 = ICE PELLETS
                        TOTAL MONTH:    M          5 = HAIL
                        GRTST 24HR    M  ON   M    6 = FREEZING RAIN OR DRIZZLE
                        GRTST DEPTH:  M  ON   M    7 = DUSTSTORM OR SANDSTORM:
                                                       VSBY 1/2 MILE OR LESS
                                                   8 = SMOKE OR HAZE
[NO. OF DAYS WITH]      [WEATHER - DAYS WITH]      9 = BLOWING SNOW
                                                   X = TORNADO
MAX 32 OR BELOW:   8    0.01 INCH OR MORE:   3
MAX 90 OR ABOVE:   0    0.10 INCH OR MORE:   2
MIN 32 OR BELOW:  17    0.50 INCH OR MORE:   0
MIN  0 OR BELOW:   3    1.00 INCH OR MORE:   0

[HDD (BASE 65) ]
TOTAL THIS MO.   724    CLEAR  (SCALE 0-3)  10
DPTR FM NORMAL    78    PTCLDY (SCALE 4-7)   4
TOTAL FM JUL 1  2792    CLOUDY (SCALE 8-10)  3
DPTR FM NORMAL  -364

[CDD (BASE 65) ]
TOTAL THIS MO.     0
DPTR FM NORMAL     0    [PRESSURE DATA]
TOTAL FM JAN 1     0    HIGHEST SLP M ON M
DPTR FM NORMAL     0    LOWEST  SLP 29.38 ON 10

[REMARKS]
