000
CXUS52 KFFC 311110
CF6MCN
PRELIMINARY LOCAL CLIMATOLOGICAL DATA (WS FORM: F-6)

                                          STATION:   MACON
                                          MONTH:     JULY
                                          YEAR:      2014
                                          LATITUDE:   32 42 N
                                          LONGITUDE:  83 39 W

  TEMPERATURE IN F:       :PCPN:    SNOW:  WIND      :SUNSHINE: SKY     :PK WND
================================================================================
1   2   3   4   5  6A  6B    7    8   9   10  11  12  13   14  15   16   17  18
                                     12Z  AVG MX 2MIN
DY MAX MIN AVG DEP HDD CDD  WTR  SNW DPTH SPD SPD DIR MIN PSBL S-S WX    SPD DR
================================================================================

 1  94  68  81   0   0  16 0.00  0.0    0  1.5  9 330   M    M   2 1      15 360
 2  94  72  83   2   0  18 0.00  0.0    0  2.0 17  40   M    M   2 8      23 200
 3  94  69  82   1   0  17 0.00  0.0    0  6.5 17 300   M    M   1        23 280
 4  88  61  75  -6   0  10 0.00  0.0    0  3.3 12 310   M    M   3        26 270
 5  89  66  78  -3   0  13 0.00  0.0    0  5.8 13  60   M    M   3        17  40
 6  91  70  81  -1   0  16 0.00  0.0    0  4.9 10  50   M    M   5        13  60
 7  91  69  80  -2   0  15 0.00  0.0    0  3.5  M   M   0    0   0         M  M
 8  94  70  82   0   0  17 0.00  0.0    M  6.4 15 260   0    0   0        20 250
 9  94  69  82   0   0  17 0.82    M    M  6.9 18  20   0    0   0        30 240
10  89  70  80  -2   0  15    T    M    M   M  13 350   0    0   0        40 240
11  89  70  80  -2   0  15 0.00  0.0    M  1.6 15 140   M    M   3 18     21 140
12  91  68  80  -2   0  15 0.00  0.0    0  3.9 17 150   M    M   2 1      23 150
13  91  70  81  -1   0  16 0.00  0.0    0  2.4  8 150   M    M   4 1      12  80
14  93  71  82   0   0  17 0.00  0.0    0   M   M   M   M    M   4         M  M
15  89  72  81  -1   0  16 0.25  0.0    0  5.3 17 330   M    M   3 13     26 290
16  88  64  76  -6   0  11 0.00  0.0    0  5.5  M 320   M    M   3         M 300
17  87  59  73  -9   0   8 0.00  0.0    0  1.8  M 290   M    M   0         M 150
18  89  63  76  -6   0  11 1.08  0.0    0  3.3  M   M   M    M   4 18      M  M
19  81  72  77  -5   0  12 1.72  0.0    0  5.2  M   M   M    M   8 1       M  M
20  79  72  76  -6   0  11 0.26  0.0    0  3.7  M   M   M    M   9 1       M  M
21  83  71  77  -5   0  12 0.91  0.0    0  2.2 15 120   M    M   8 13     32 150
22  85  70  78  -4   0  13    T  0.0    0  3.3  8 130   M    M   7        12 140
23  88  69  79  -3   0  14    T  0.0    0  1.9 12 110   M    M   3        14 110
24  90  72  81  -1   0  16 0.00  0.0    0  5.4 14 240   M    M   2 8      20 230
25  90  72  81  -1   0  16 0.00  0.0    0  3.6 17 350   M    M   4        23 350
26  93  71  82   0   0  17 0.00  0.0    0  3.6 13 270   M    M   0 1      18 280
27  94  70  82   0   0  17 0.00  0.0    0  5.5 14 290   M    M   1        35 200
28  94  71  83   1   0  18    T  0.0    0  8.3 20 280   M    M   2        28 270
29  87  63  75  -7   0  10 0.00  0.0    0  5.7  M   M   M    M   1         M  M
30  87  59  73  -9   0   8 0.00  0.0    0  3.8  9  10   M    M   0        14  70
================================================================================
SM 2686 2053         0 427  5.04     0.0 116.8            0     84
================================================================================
AV 89.5 68.4                               4.2 FASTST    0   0   3    MAX(MPH)
                                 MISC ---->  # 20 280               # 40  240
================================================================================
NOTES:
# LAST OF SEVERAL OCCURRENCES

COLUMN 17 PEAK WIND IN M.P.H.

PRELIMINARY LOCAL CLIMATOLOGICAL DATA (WS FORM: F-6) , PAGE 2

                                          STATION:  MACON
                                          MONTH:    JULY
                                          YEAR:     2014
                                          LATITUDE:   32 42 N
                                          LONGITUDE:  83 39 W

[TEMPERATURE DATA]      [PRECIPITATION DATA]       SYMBOLS USED IN COLUMN 16

AVERAGE MONTHLY: 79.0   TOTAL FOR MONTH:   5.04    1 = FOG OR MIST
DPTR FM NORMAL:  -2.8   DPTR FM NORMAL:    0.24    2 = FOG REDUCING VISIBILITY
HIGHEST:    94 ON 28,27 GRTST 24HR  2.80 ON 18-19      TO 1/4 MILE OR LESS
LOWEST:     59 ON 30,17                            3 = THUNDER
                        SNOW, ICE PELLETS, HAIL    4 = ICE PELLETS
                        TOTAL MONTH:   0.0 INCH    5 = HAIL
                        GRTST 24HR     0.0         6 = FREEZING RAIN OR DRIZZLE
                        GRTST DEPTH:   0           7 = DUSTSTORM OR SANDSTORM:
                                                       VSBY 1/2 MILE OR LESS
                                                   8 = SMOKE OR HAZE
[NO. OF DAYS WITH]      [WEATHER - DAYS WITH]      9 = BLOWING SNOW
                                                   X = TORNADO
MAX 32 OR BELOW:   0    0.01 INCH OR MORE:   6
MAX 90 OR ABOVE:  15    0.10 INCH OR MORE:   6
MIN 32 OR BELOW:   0    0.50 INCH OR MORE:   4
MIN  0 OR BELOW:   0    1.00 INCH OR MORE:   2

[HDD (BASE 65) ]
TOTAL THIS MO.     0    CLEAR  (SCALE 0-3)  19
DPTR FM NORMAL     0    PTCLDY (SCALE 4-7)  10
TOTAL FM JUL 1     0    CLOUDY (SCALE 8-10)  1
DPTR FM NORMAL     0

[CDD (BASE 65) ]
TOTAL THIS MO.   427
DPTR FM NORMAL   -77    [PRESSURE DATA]
TOTAL FM JAN 1  1120    HIGHEST SLP  0.00 ON M
DPTR FM NORMAL  -116    LOWEST  SLP 29.79 ON 15

[REMARKS]
