846
CXUS52 KFFC 301110
CF6MCN
PRELIMINARY LOCAL CLIMATOLOGICAL DATA (WS FORM: F-6)

                                          STATION:   MACON
                                          MONTH:     MAY
                                          YEAR:      2016
                                          LATITUDE:   32 42 N
                                          LONGITUDE:  83 39 W

  TEMPERATURE IN F:       :PCPN:    SNOW:  WIND      :SUNSHINE: SKY     :PK WND
================================================================================
1   2   3   4   5  6A  6B    7    8   9   10  11  12  13   14  15   16   17  18
                                     12Z  AVG MX 2MIN
DY MAX MIN AVG DEP HDD CDD  WTR  SNW DPTH SPD SPD DIR MIN PSBL S-S WX    SPD DR
================================================================================

 1  88  64  76   9   0  11 0.00  0.0    0  5.3 13 220   M    M   2 1      17 250
 2  87  66  77   9   0  12 0.25  0.0    0  4.6 29 210   M    M   4 1      40 210
 3  82  68  75   7   0  10 0.08  0.0    0  6.0 16 280   M    M   7 1      22 270
 4  75  56  66  -2   0   1 0.00  0.0    0  9.1 17 300   M    M   3        23 290
 5  70  51  61  -8   4   0 0.00  0.0    0 11.9 21 300   0    0   0        32 300
 6  72  43  58 -11   7   0 0.00  0.0    0  8.1 18 350   M    M   3        23 360
 7  81  48  65  -4   0   0 0.00  0.0    0  7.9 17 280   M    M   0        26 330
 8  90  57  74   4   0   9 0.00  0.0    0  7.7 20 270   M    M   0        23 260
 9  87  58  73   3   0   8 0.00  0.0    0  6.0 17 200   M    M   0        24 240
10  83  60  72   2   0   7    T  0.0    0  3.6 15 250   M    M   1        20 230
11  88  59  74   4   0   9 0.00  0.0    0  2.1 10 270   M    M   2 18     14 300
12  91  62  77   6   0  12 0.00  0.0    0  4.0 15 230   M    M   1 18     19 250
13  86  62  74   3   0   9 0.00  0.0    0  8.1 18 270   M    M   2 18     23 260
14  86  54  70  -1   0   5 0.00  0.0    0  8.7 17 270   M    M   0        23 290
15  79  54  67  -5   0   2 0.00  0.0    0  6.0 15 350   M    M   0        20 350
16  83  48  66  -6   0   1 0.00  0.0    0  4.6 10  70   M    M   0        13  70
17  72  67  70  -2   0   5 0.76  0.0    0  7.0 17  40   M    M   8 1      22  50
18  82  66  74   1   0   9 0.01  0.0    0  3.5  8  20   M    M   8 1      10 240
19  83  66  75   2   0  10 0.84  0.0    0  4.8 16  90   M    M   5 13     19  30
20  78  66  72  -1   0   7 0.02  0.0    0  6.9 21 100   M    M  10 1       M  M
21  86  65  76   3   0  11    T  0.0    0  6.6 17 340   M    M   6 1      23 270
22  81  57  69  -5   0   4 0.00  0.0    0  7.8 16 360   M    M   1        20 320
23  84  53  69  -5   0   4 0.00  0.0    0  3.5 12 310   M    M   1        16  70
24  88  56  72  -2   0   7 0.00  0.0    0  2.9 13  60   M    M   2 1      23  20
25  90  57  74   0   0   9 0.00  0.0    0  3.6 14 160   M    M   1 1      17 170
26  90  63  77   2   0  12 0.00  0.0    0  5.0 15 100   M    M   1        18 110
27  89  64  77   2   0  12 0.00  0.0    0  6.3 22  90   M    M   2        29  90
28  87  59  73  -2   0   8 0.00  0.0    0  4.2 14  70   M    M   2 1      19 100
29  86  63  75  -1   0  10 0.00  0.0    0  5.3 15  40   M    M   4        18  70
================================================================================
SM 2424 1712        11 204  1.96     0.0 171.1            0     76
================================================================================
AV 83.6 59.0                               5.9 FASTST    0   0   3    MAX(MPH)
                                 MISC ---->  # 29 210               # 40  210
================================================================================
NOTES:
# LAST OF SEVERAL OCCURRENCES

COLUMN 17 PEAK WIND IN M.P.H.

PRELIMINARY LOCAL CLIMATOLOGICAL DATA (WS FORM: F-6) , PAGE 2

                                          STATION:  MACON
                                          MONTH:    MAY
                                          YEAR:     2016
                                          LATITUDE:   32 42 N
                                          LONGITUDE:  83 39 W

[TEMPERATURE DATA]      [PRECIPITATION DATA]       SYMBOLS USED IN COLUMN 16

AVERAGE MONTHLY: 71.3   TOTAL FOR MONTH:   1.96    1 = FOG OR MIST
DPTR FM NORMAL:  -0.3   DPTR FM NORMAL:   -0.53    2 = FOG REDUCING VISIBILITY
HIGHEST:    91 ON 12    GRTST 24HR  0.84 ON 19-19      TO 1/4 MILE OR LESS
LOWEST:     43 ON  6                               3 = THUNDER
                        SNOW, ICE PELLETS, HAIL    4 = ICE PELLETS
                        TOTAL MONTH:   0.0 INCH    5 = HAIL
                        GRTST 24HR     0.0         6 = FREEZING RAIN OR DRIZZLE
                        GRTST DEPTH:   0           7 = DUSTSTORM OR SANDSTORM:
                                                       VSBY 1/2 MILE OR LESS
                                                   8 = SMOKE OR HAZE
[NO. OF DAYS WITH]      [WEATHER - DAYS WITH]      9 = BLOWING SNOW
                                                   X = TORNADO
MAX 32 OR BELOW:   0    0.01 INCH OR MORE:   6
MAX 90 OR ABOVE:   4    0.10 INCH OR MORE:   3
MIN 32 OR BELOW:   0    0.50 INCH OR MORE:   2
MIN  0 OR BELOW:   0    1.00 INCH OR MORE:   0

[HDD (BASE 65) ]
TOTAL THIS MO.    11    CLEAR  (SCALE 0-3)  20
DPTR FM NORMAL     0    PTCLDY (SCALE 4-7)   7
TOTAL FM JUL 1  1798    CLOUDY (SCALE 8-10)  2
DPTR FM NORMAL  -520

[CDD (BASE 65) ]
TOTAL THIS MO.   204
DPTR FM NORMAL    -2    [PRESSURE DATA]
TOTAL FM JAN 1   324    HIGHEST SLP  0.00 ON  5
DPTR FM NORMAL    34    LOWEST  SLP 29.67 ON  4

[REMARKS]
