000
CXUS52 KMLB 290658
CF6MCO
PRELIMINARY LOCAL CLIMATOLOGICAL DATA (WS FORM: F-6)

                                          STATION:   ORLANDO INTL
                                          MONTH:     MAY
                                          YEAR:      2017
                                          LATITUDE:   28 25 N
                                          LONGITUDE:  81 19 W

  TEMPERATURE IN F:       :PCPN:    SNOW:  WIND      :SUNSHINE: SKY     :PK WND
================================================================================
1   2   3   4   5  6A  6B    7    8   9   10  11  12  13   14  15   16   17  18
                                     12Z  AVG MX 2MIN
DY MAX MIN AVG DEP HDD CDD  WTR  SNW DPTH SPD SPD DIR MIN PSBL S-S WX    SPD DR
================================================================================

 1  91  69  80   6   0  15 0.02  0.0    0 10.5 29 230   M    M   6 13     36 220
 2  83  68  76   2   0  11 0.07  0.0    0  8.3 21  40   M    M   6 138    29  60
 3  88  65  77   2   0  12 0.00  0.0    0  8.4 21 120   M    M   3        28 100
 4  92  65  79   4   0  14    T  0.0    0 10.2 23 250   M    M   6 3      31 260
 5  79  64  72  -3   0   7 0.06  0.0    0 13.7 24 270   M    M   6 13     31 260
 6  79  56  68  -7   0   3    T  0.0    0 13.9 25 270   M    M   1        36 270
 7  85  48  67  -8   0   2 0.00  0.0    0  6.2 14 320   M    M   1 8      20 260
 8  89  57  73  -3   0   8 0.00  0.0    0  5.6 21  50   M    M   2        23  50
 9  90  62  76   0   0  11 0.00  0.0    0  5.2 17 110   M    M   2        21 110
10  94  60  77   1   0  12 0.00  0.0    0  3.8 16 110   M    M   2        19 120
11  93  62  78   2   0  13 0.00  0.0    0  6.8 18 310   M    M   7        22 290
12  93  64  79   3   0  14 0.00  0.0    0  8.1 20 210   M    M   8        27 210
13  83  64  74  -3   0   9 0.16  0.0    0  8.1 28 320   M    M   8 13     32 330
14  89  60  75  -2   0  10    T  0.0    0  7.9 22  20   M    M   3 1      26  10
15  91  65  78   1   0  13 0.00  0.0    0  7.2 21  40   M    M   3 1      24  80
16  90  67  79   2   0  14 0.00  0.0    0  8.9 21 100   M    M   2        25 100
17  89  68  79   1   0  14    T  0.0    0 11.7 24 110   M    M   4        29 110
18  89  70  80   2   0  15 0.00  0.0    0 12.2 21 100   M    M   3        27 120
19  90  72  81   3   0  16 0.01  0.0    0 11.6 24 100   M    M   7 1      29 100
20  93  71  82   4   0  17 0.00  0.0    0  9.3 21 100   M    M   5        29 110
21  89  69  79   1   0  14 0.00  0.0    0  7.2 17  90   M    M   7        24 100
22  92  69  81   3   0  16 1.26  0.0    0  6.3 18 270   M    M   8 13     26 260
23  91  70  81   2   0  16 0.01  0.0    0 10.9 28 260   M    M   8 13     36 260
24  89  69  79   0   0  14 0.49  0.0    0 14.5 35 230   M    M   9 138    51 230
25  86  66  76  -3   0  11    T  0.0    0 11.2 24 240   M    M   5        31 240
26  88  57  73  -6   0   8 0.00  0.0    0  5.1 16 120   M    M   1 8      19 120
27  93  57  75  -4   0  10 0.00  0.0    0  5.0 15 290   M    M   1        19 260
28  93  60  77  -3   0  12 0.00  0.0    0  7.7 18 270   M    M   2        23 300
================================================================================
SM 2491 1794         0 331  2.08     0.0 245.5          M      126
================================================================================
AV 89.0 64.1                               8.8 FASTST   M    M   5    MAX(MPH)
                                 MISC ---->  # 35 230               # 51  230
================================================================================
NOTES:
# LAST OF SEVERAL OCCURRENCES

COLUMN 17 PEAK WIND IN M.P.H.

PRELIMINARY LOCAL CLIMATOLOGICAL DATA (WS FORM: F-6) , PAGE 2

                                          STATION:  ORLANDO INTL
                                          MONTH:    MAY
                                          YEAR:     2017
                                          LATITUDE:   28 25 N
                                          LONGITUDE:  81 19 W

[TEMPERATURE DATA]      [PRECIPITATION DATA]       SYMBOLS USED IN COLUMN 16

AVERAGE MONTHLY: 76.5   TOTAL FOR MONTH:   2.08    1 = FOG OR MIST
DPTR FM NORMAL:  -0.4   DPTR FM NORMAL:   -0.83    2 = FOG REDUCING VISIBILITY
HIGHEST:    94 ON 10    GRTST 24HR  1.26 ON 22-22      TO 1/4 MILE OR LESS
LOWEST:     48 ON  7                               3 = THUNDER
                        SNOW, ICE PELLETS, HAIL    4 = ICE PELLETS
                        TOTAL MONTH:   0.0 INCH    5 = HAIL
                        GRTST 24HR     0.0         6 = FREEZING RAIN OR DRIZZLE
                        GRTST DEPTH:   0           7 = DUSTSTORM OR SANDSTORM:
                                                       VSBY 1/2 MILE OR LESS
                                                   8 = SMOKE OR HAZE
[NO. OF DAYS WITH]      [WEATHER - DAYS WITH]      9 = BLOWING SNOW
                                                   X = TORNADO
MAX 32 OR BELOW:   0    0.01 INCH OR MORE:   8
MAX 90 OR ABOVE:  14    0.10 INCH OR MORE:   3
MIN 32 OR BELOW:   0    0.50 INCH OR MORE:   1
MIN  0 OR BELOW:   0    1.00 INCH OR MORE:   1

[HDD (BASE 65) ]
TOTAL THIS MO.     0    CLEAR  (SCALE 0-3)  11
DPTR FM NORMAL     0    PTCLDY (SCALE 4-7)  15
TOTAL FM JUL 1   209    CLOUDY (SCALE 8-10)  2
DPTR FM NORMAL  -361

[CDD (BASE 65) ]
TOTAL THIS MO.   331
DPTR FM NORMAL    -5    [PRESSURE DATA]
TOTAL FM JAN 1   985    HIGHEST SLP M ON M
DPTR FM NORMAL   228    LOWEST  SLP 29.64 ON 24

[REMARKS]
