000
CXUS53 KDMX 190810
CF6MCW
PRELIMINARY LOCAL CLIMATOLOGICAL DATA (WS FORM: F-6)
STATION: MASON CITY IA
MONTH: APRIL
YEAR: 2024
LATITUDE: 43 9 N
LONGITUDE: 93 20 W
TEMPERATURE IN F: :PCPN: SNOW: WIND :SUNSHINE: SKY :PK WND
================================================================================
1 2 3 4 5 6A 6B 7 8 9 10 11 12 13 14 15 16 17 18
12Z AVG MX 2MIN
DY MAX MIN AVG DEP HDD CDD WTR SNW DPTH SPD SPD DIR MIN PSBL S-S WX SPD DR
================================================================================
1 43 31 37 -3 28 0 0.65 0.0 0 14.4 25 60 M M 8 1 32 60
2 43 32 38 -3 27 0 0.01 M M 20.8 31 340 M M 9 1 39 340
3 53 29 41 0 24 0 T M M 25.5 41 340 M M 6 1 54 340
4 52 27 40 -1 25 0 0.00 0.0 0 12.1 28 360 M M 2 33 340
5 54 23 39 -3 26 0 0.00 0.0 M 6.9 16 80 M M 0 22 140
6 58 30 44 2 21 0 0.00 0.0 0 21.2 35 110 M M 0 49 120
7 49 41 45 2 20 0 0.44 0.0 0 21.1 31 100 M M 9 13 42 120
8 52 39 46 3 19 0 T 0.0 0 11.6 23 250 M M 9 32 240
9 64 37 51 8 14 0 0.00 0.0 0 10.6 22 280 M M 3 35 270
10 71 34 53 9 12 0 0.00 0.0 0 9.5 21 340 M M 4 29 330
11 57 43 50 6 15 0 0.04 0.0 0 17.9 31 300 M M 7 3 41 320
12 63 36 50 5 15 0 0.00 0.0 0 16.6 31 320 M M 0 44 320
13 83 31 57 12 8 0 0.00 0.0 0 13.6 28 200 M M 0 39 200
14 79 44 62 17 3 0 0.00 0.0 0 11.7 26 320 M M 0 34 310
15 78 37 58 12 7 0 0.00 0.0 0 12.6 24 90 M M 0 8 32 120
16 67 50 59 13 6 0 1.24 0.0 0 18.5 35 100 M M 8 13 48 110
17 60 40 50 3 15 0 0.03 0.0 0 15.9 32 300 M M 7 1 43 300
18 54 32 43 -4 22 0 0.50 0.0 0 12.2 24 290 M M 7 1 30 300
================================================================================
SM 1080 636 307 0 2.91 0.0 272.7 M 79
================================================================================
AV 60.0 35.3 15.2 FASTST M M 4 MAX(MPH)
MISC ----> 41 340 54 340
================================================================================
NOTES:
# LAST OF SEVERAL OCCURRENCES
COLUMN 17 PEAK WIND IN M.P.H.
PRELIMINARY LOCAL CLIMATOLOGICAL DATA (WS FORM: F-6) , PAGE 2
STATION: MASON CITY IA
MONTH: APRIL
YEAR: 2024
LATITUDE: 43 9 N
LONGITUDE: 93 20 W
[TEMPERATURE DATA] [PRECIPITATION DATA] SYMBOLS USED IN COLUMN 16
AVERAGE MONTHLY: 47.7 TOTAL FOR MONTH: 2.91 1 = FOG OR MIST
DPTR FM NORMAL: 4.1 DPTR FM NORMAL: 0.59 2 = FOG REDUCING VISIBILITY
HIGHEST: 83 ON 13 GRTST 24HR 1.27 ON 16-17 TO 1/4 MILE OR LESS
LOWEST: 23 ON 5 3 = THUNDER
SNOW, ICE PELLETS, HAIL 4 = ICE PELLETS
TOTAL MONTH: 0.0 INCH 5 = HAIL
GRTST 24HR 0.0 6 = FREEZING RAIN OR DRIZZLE
GRTST DEPTH: 0 7 = DUSTSTORM OR SANDSTORM:
VSBY 1/2 MILE OR LESS
8 = SMOKE OR HAZE
[NO. OF DAYS WITH] [WEATHER - DAYS WITH] 9 = BLOWING SNOW
X = TORNADO
MAX 32 OR BELOW: 0 0.01 INCH OR MORE: 7
MAX 90 OR ABOVE: 0 0.10 INCH OR MORE: 4
MIN 32 OR BELOW: 8 0.50 INCH OR MORE: 3
MIN 0 OR BELOW: 0 1.00 INCH OR MORE: 1
[HDD (BASE 65) ]
TOTAL THIS MO. 307 CLEAR (SCALE 0-3) 8
DPTR FM NORMAL -78 PTCLDY (SCALE 4-7) 7
TOTAL FM JUL 1 5927 CLOUDY (SCALE 8-10) 3
DPTR FM NORMAL -1246
[CDD (BASE 65) ]
TOTAL THIS MO. 0
DPTR FM NORMAL 0 [PRESSURE DATA]
TOTAL FM JAN 1 0 HIGHEST SLP M ON M
DPTR FM NORMAL 0 LOWEST SLP 29.35 ON 16
[REMARKS]