000
CXUS53 KPAH 280634
CF6MDH
PRELIMINARY LOCAL CLIMATOLOGICAL DATA (WS FORM: F-6)

                                          STATION:   CARBONDALE IL
                                          MONTH:     APRIL
                                          YEAR:      2017
                                          LATITUDE:   37 46 N
                                          LONGITUDE:  89 15 W

  TEMPERATURE IN F:       :PCPN:    SNOW:  WIND      :SUNSHINE: SKY     :PK WND
================================================================================
1   2   3   4   5  6A  6B    7    8   9   10  11  12  13   14  15   16   17  18
                                     12Z  AVG MX 2MIN
DY MAX MIN AVG DEP HDD CDD  WTR  SNW DPTH SPD SPD DIR MIN PSBL S-S WX    SPD DR
================================================================================

 1  60  43  52   1  13   0 0.00  0.0    0  6.8 13  10   M    M   5        17  70
 2  69  39  54   2  11   0    T    M    0  6.8 26  90   M    M   0 1      30 100
 3  68  54  61   9   4   0 0.47  0.0    0  9.5 29 250   M    M   7 13     41 260
 4  73  48  61   9   4   0 0.00  0.0    0  8.0 15  90   M    M   2        20  30
 5  66  41  54   1  11   0 0.05  0.0    0  9.1 29 280   M    M   9 13     39 280
 6  58  41  50  -3  15   0 0.06  0.0    0 15.1 30 330   M    M   6 1      41 320
 7  60  40  50  -3  15   0 0.00  0.0    0  7.5 17 330   M    M   0        24 340
 8  72  36  54   0  11   0 0.00  0.0    0 11.1 22 190   M    M   0        28 170
 9  77  57  67  13   0   2 0.00  0.0    0 20.2 40 200   M    M   0        50 200
10  74  64  69  15   0   4 0.04  0.0    0 19.8 31 200   M    M   4 13     39 200
11  66  44  55   0  10   0 0.05    M    0  6.8 20 200   M    M   1 13     24 200
12  73  37  55   0  10   0 0.00  0.0    0  4.0 10 100   M    M   1 12     12  90
13  81  46  64   9   1   0 0.00  0.0    0  4.2 13 180   M    M   1        16 180
14  82  56  69  13   0   4 0.00  0.0    0  5.4 18 190   M    M   2        23 180
15  81  60  71  15   0   6 0.00  0.0    0 13.6 29 200   M    M   2        35 210
16  76  59  68  12   0   3 0.67  0.0    0  7.9 30 260   M    M   5 123    39 260
17  63  56  60   3   5   0 0.15  0.0    0  4.9 13  50   M    M  10 12     17  50
18  77  55  66   9   0   1 0.03  0.0    M  5.6 15 210   M    M   4 1      18 200
19  81  69  75  17   0  10 0.00  0.0    0 12.0 20 200   M    M   0        23 190
20  77  60  69  11   0   4 0.04  0.0    0 10.3 30 200   M    M   4 1      37 190
21  64  50  57  -1   8   0 1.10  0.0    0  7.4 15  40   M    M  10 1      19 350
22  53  45  49  -9  16   0 0.46  0.0    0  9.7 21  80   M    M   9 1      26  70
23  70  44  57  -2   8   0 0.00  0.0    0 10.9 21  20   M    M   2        29  20
24  75  39  57  -2   8   0 0.00  0.0    0  3.4 14  40   M    M   0        15  40
25  78  48  63   3   2   0 0.00  0.0    0  8.9 24 160   M    M   0        31 160
26  78  58  68   8   0   3 1.45  0.0    0 11.9 39 240   M    M   5 18     54 240
27  60  48  54  -6  11   0 0.12  0.0    0  7.8 28 270   M    M   5 1      33 290
================================================================================
SM 1912 1337       163  37  4.69     0.0 248.6          M       94
================================================================================
AV 70.8 49.5                               9.2 FASTST   M    M   3    MAX(MPH)
                                 MISC ---->  # 40 200               # 54  240
================================================================================
NOTES:
# LAST OF SEVERAL OCCURRENCES

COLUMN 17 PEAK WIND IN M.P.H.

PRELIMINARY LOCAL CLIMATOLOGICAL DATA (WS FORM: F-6) , PAGE 2

                                          STATION:  CARBONDALE IL
                                          MONTH:    APRIL
                                          YEAR:     2017
                                          LATITUDE:   37 46 N
                                          LONGITUDE:  89 15 W

[TEMPERATURE DATA]      [PRECIPITATION DATA]       SYMBOLS USED IN COLUMN 16

AVERAGE MONTHLY: 60.2   TOTAL FOR MONTH:   4.69    1 = FOG OR MIST
DPTR FM NORMAL:   4.4   DPTR FM NORMAL:    1.06    2 = FOG REDUCING VISIBILITY
HIGHEST:    82 ON 14    GRTST 24HR  1.45 ON 26-26      TO 1/4 MILE OR LESS
LOWEST:     36 ON  8                               3 = THUNDER
                        SNOW, ICE PELLETS, HAIL    4 = ICE PELLETS
                        TOTAL MONTH:   0.0 INCH    5 = HAIL
                        GRTST 24HR     0.0         6 = FREEZING RAIN OR DRIZZLE
                        GRTST DEPTH:   0           7 = DUSTSTORM OR SANDSTORM:
                                                       VSBY 1/2 MILE OR LESS
                                                   8 = SMOKE OR HAZE
[NO. OF DAYS WITH]      [WEATHER - DAYS WITH]      9 = BLOWING SNOW
                                                   X = TORNADO
MAX 32 OR BELOW:   0    0.01 INCH OR MORE:  13
MAX 90 OR ABOVE:   0    0.10 INCH OR MORE:   7
MIN 32 OR BELOW:   0    0.50 INCH OR MORE:   3
MIN  0 OR BELOW:   0    1.00 INCH OR MORE:   2

[HDD (BASE 65) ]
TOTAL THIS MO.   163    CLEAR  (SCALE 0-3)  14
DPTR FM NORMAL  -105    PTCLDY (SCALE 4-7)   9
TOTAL FM JUL 1  3600    CLOUDY (SCALE 8-10)  4
DPTR FM NORMAL  -784

[CDD (BASE 65) ]
TOTAL THIS MO.    37
DPTR FM NORMAL    16    [PRESSURE DATA]
TOTAL FM JAN 1    37    HIGHEST SLP M ON M
DPTR FM NORMAL    13    LOWEST  SLP 29.39 ON  5

[REMARKS]
