000
CXUS56 KPDT 170532
CF6MEH
PRELIMINARY LOCAL CLIMATOLOGICAL DATA (WS FORM: F-6)

                                          STATION:   MEACHAM OR
                                          MONTH:     JANUARY
                                          YEAR:      2017
                                          LATITUDE:   45 30 N
                                          LONGITUDE: 118 24 W

  TEMPERATURE IN F:       :PCPN:    SNOW:  WIND      :SUNSHINE: SKY     :PK WND
================================================================================
1   2   3   4   5  6A  6B    7    8   9   10  11  12  13   14  15   16   17  18
                                     12Z  AVG MX 2MIN
DY MAX MIN AVG DEP HDD CDD  WTR  SNW DPTH SPD SPD DIR MIN PSBL S-S WX    SPD DR
================================================================================

 1  27  12  20  -7  45   0 0.23  3.0    M  0.4  6 240   M    M   9 128    10 260
 2  22  14  18 -10  47   0 0.03  0.5    M  0.1  5 310   M    M   9 18     10  90
 3  17  12  15 -13  50   0    T    T    M  0.4  5  30   M    M  10 18      8  20
 4  13 -19  -3 -31  68   0    T    T    M  0.7  7 270   M    M   6 8      10 270
 5  17 -28  -5 -33  70   0 0.00  0.0    M  0.0  2 200   M    M   0 8       4 340
 6  17 -15   1 -27  64   0    T    T   25  1.8  7 180   M    M   0 8      12 190
 7  25   8  17 -11  48   0 0.09  0.3   25  1.6  8 160   M    M   7 8      20  90
 8  34  25  30   2  35   0 0.40  2.0    M  1.3 10 110   M    M   8 128    23 100
 9  34  24  29   1  36   0 0.32  3.5    M  0.1  8 280   M    M   7 16     13 260
10  33  16  25  -4  40   0 0.43  5.5    M  0.4  5 260   M    M  10 128     8 270
11  16  -1   8 -21  57   0 0.07  1.0    M  0.6  6 260   M    M   3 18      9 320
12  24  -6   9 -20  56   0 0.00  0.0    0  0.1  5 310   M    M   2         7 350
13  28 -12   8 -21  57   0 0.00  0.0    0  0.0  3  90   M    M   0 18      7 150
14  24   0  12 -17  53   0 0.00  0.0    M  0.3  5 200   M    M   0 8      10 230
15  30   2  16 -13  49   0 0.00  0.0   27  0.3  5  60   M    M   0         7  60
================================================================================
SM  361   32       775   0  1.57    15.8   8.1          M       71
================================================================================
AV 24.1  2.1                               0.5 FASTST   M    M   5    MAX(MPH)
                                 MISC ---->  # 10 110               # 23  100
================================================================================
NOTES:
# LAST OF SEVERAL OCCURRENCES

COLUMN 17 PEAK WIND IN M.P.H.

PRELIMINARY LOCAL CLIMATOLOGICAL DATA (WS FORM: F-6) , PAGE 2

                                          STATION:  MEACHAM OR
                                          MONTH:    JANUARY
                                          YEAR:     2017
                                          LATITUDE:   45 30 N
                                          LONGITUDE: 118 24 W

[TEMPERATURE DATA]      [PRECIPITATION DATA]       SYMBOLS USED IN COLUMN 16

AVERAGE MONTHLY: 13.1   TOTAL FOR MONTH:   1.57    1 = FOG OR MIST
DPTR FM NORMAL: -15.2   DPTR FM NORMAL:   -0.67    2 = FOG REDUCING VISIBILITY
HIGHEST:    34 ON  9, 8 GRTST 24HR  0.72 ON  8- 9      TO 1/4 MILE OR LESS
LOWEST:    -28 ON  5                               3 = THUNDER
                        SNOW, ICE PELLETS, HAIL    4 = ICE PELLETS
                        TOTAL MONTH:  15.8 INCHES  5 = HAIL
                        GRTST 24HR   5.5 ON 10-10  6 = FREEZING RAIN OR DRIZZLE
                        GRTST DEPTH:  27 ON 15     7 = DUSTSTORM OR SANDSTORM:
                                                       VSBY 1/2 MILE OR LESS
                                                   8 = SMOKE OR HAZE
[NO. OF DAYS WITH]      [WEATHER - DAYS WITH]      9 = BLOWING SNOW
                                                   X = TORNADO
MAX 32 OR BELOW:  12    0.01 INCH OR MORE:   7
MAX 90 OR ABOVE:   0    0.10 INCH OR MORE:   4
MIN 32 OR BELOW:  15    0.50 INCH OR MORE:   0
MIN  0 OR BELOW:   7    1.00 INCH OR MORE:   0

[HDD (BASE 65) ]
TOTAL THIS MO.   775    CLEAR  (SCALE 0-3)   7
DPTR FM NORMAL   224    PTCLDY (SCALE 4-7)   3
TOTAL FM JUL 1  4134    CLOUDY (SCALE 8-10)  5
DPTR FM NORMAL   -66

[CDD (BASE 65) ]
TOTAL THIS MO.     0
DPTR FM NORMAL     0    [PRESSURE DATA]
TOTAL FM JAN 1     0    HIGHEST SLP M ON M
DPTR FM NORMAL     0    LOWEST  SLP 29.67 ON M

[REMARKS]
