000
CXUS54 KJAN 301000
CF6MEI
PRELIMINARY LOCAL CLIMATOLOGICAL DATA (WS FORM: F-6)

                                          STATION:   MERIDIAN
                                          MONTH:     JULY
                                          YEAR:      2015
                                          LATITUDE:   32 19 N
                                          LONGITUDE:  88 45 W

  TEMPERATURE IN F:       :PCPN:    SNOW:  WIND      :SUNSHINE: SKY     :PK WND
================================================================================
1   2   3   4   5  6A  6B    7    8   9   10  11  12  13   14  15   16   17  18
                                     12Z  AVG MX 2MIN
DY MAX MIN AVG DEP HDD CDD  WTR  SNW DPTH SPD SPD DIR MIN PSBL S-S WX    SPD DR
================================================================================

 1  90  67  79  -1   0  14 0.15  0.0    0  7.4 30 230   M    M   1 13     38 230
 2  87  70  79  -1   0  14    T  0.0    0  8.3 20 230   M    M   2        27 220
 3  90  75  83   3   0  18 0.00  0.0    0  7.6 17 250   M    M   2        26 250
 4  87  70  79  -1   0  14 0.57  0.0    0  7.3 18 360   M    M   4 13     24 320
 5  74  66  70 -10   0   5 1.28  0.0    0  4.9 18 270   M    M   6 13     24 290
 6  88  66  77  -3   0  12 0.00  0.0    0  4.2 14 200   M    M   4 1      16 200
 7  91  72  82   2   0  17    T  0.0    0  5.3 15 310   M    M   4 13     20 310
 8  92  70  81   1   0  16 0.00  0.0    0  5.1 14 200   M    M   1        17 210
 9  94  70  82   2   0  17 0.00  0.0    0  3.4 10 170   M    M   1        13 160
10  92  72  82   2   0  17    T  0.0    0  3.1  8 190   M    M   2 3      12 210
11  95  74  85   4   0  20    T  0.0    0  3.3 10 270   M    M   1 3      12 270
12  94  74  84   3   0  19    T  0.0    0  3.1 12 350   M    M   1        15 350
13  95  73  84   3   0  19 0.00  0.0    0  3.4 12 240   M    M   2        14 240
14  94  74  84   3   0  19 0.00  0.0    0  4.8 13 220   M    M   1        17 230
15  95  73  84   3   0  19 0.03  0.0    0  5.4 26  20   M    M   2 3      33  30
16  94  72  83   2   0  18    T  0.0    0  4.1 18  30   M    M   2 3      23  40
17  96  73  85   4   0  20 0.00  0.0    0  4.1 12 360   M    M   1        17 300
18  97  73  85   4   0  20 0.00  0.0    0  3.1 12 360   M    M   0        14 360
19  94  74  84   3   0  19    T  0.0    0  3.9 16 170   M    M   2        20 170
20  98  72  85   4   0  20 0.08  0.0    0  3.9 16 240   M    M   2        21 230
21  97  74  86   5   0  21    T  0.0    0  4.5 20 200   M    M   1 13     24 230
22  93  72  83   2   0  18 0.30  0.0    0  3.4 29 190   M    M   3 13     36 190
23  95  74  85   4   0  20 0.23  0.0    0  5.8 18 310   M    M   2 138    25 320
24  90  73  82   1   0  17 0.93  0.0    0  5.4 24 340   M    M   3 138    37 360
25  95  71  83   2   0  18 0.00  0.0    0  3.3 14 350   M    M   1 1      17  50
26  95  72  84   3   0  19 0.00  0.0    0  2.8 16 180   M    M   1 1      21 160
27  95  72  84   3   0  19 0.00  0.0    0  2.1 10 190   M    M   0        14 170
28  97  73  85   4   0  20 0.00  0.0    0  1.9 13 320   M    M   1        15 320
29  97  74  86   5   0  21    T  0.0    0  5.2 31  20   M    M   1 3      37  10
================================================================================
SM 2691 2085         0 510  3.57     0.0 130.1          M       54
================================================================================
AV 92.8 71.9                               4.5 FASTST   M    M   2    MAX(MPH)
                                 MISC ---->  # 31  20               # 38  230
================================================================================
NOTES:
# LAST OF SEVERAL OCCURRENCES

COLUMN 17 PEAK WIND IN M.P.H.

PRELIMINARY LOCAL CLIMATOLOGICAL DATA (WS FORM: F-6) , PAGE 2

                                          STATION:  MERIDIAN
                                          MONTH:    JULY
                                          YEAR:     2015
                                          LATITUDE:   32 19 N
                                          LONGITUDE:  88 45 W

[TEMPERATURE DATA]      [PRECIPITATION DATA]       SYMBOLS USED IN COLUMN 16

AVERAGE MONTHLY: 82.3   TOTAL FOR MONTH:   3.57    1 = FOG OR MIST
DPTR FM NORMAL:   1.7   DPTR FM NORMAL:   -1.25    2 = FOG REDUCING VISIBILITY
HIGHEST:    98 ON 20    GRTST 24HR  2.40 ON 30- 1      TO 1/4 MILE OR LESS
LOWEST:     66 ON  6, 5                            3 = THUNDER
                        SNOW, ICE PELLETS, HAIL    4 = ICE PELLETS
                        TOTAL MONTH:   0.0 INCH    5 = HAIL
                        GRTST 24HR     0.0         6 = FREEZING RAIN OR DRIZZLE
                        GRTST DEPTH:   0           7 = DUSTSTORM OR SANDSTORM:
                                                       VSBY 1/2 MILE OR LESS
                                                   8 = SMOKE OR HAZE
[NO. OF DAYS WITH]      [WEATHER - DAYS WITH]      9 = BLOWING SNOW
                                                   X = TORNADO
MAX 32 OR BELOW:   0    0.01 INCH OR MORE:   8
MAX 90 OR ABOVE:  25    0.10 INCH OR MORE:   6
MIN 32 OR BELOW:   0    0.50 INCH OR MORE:   3
MIN  0 OR BELOW:   0    1.00 INCH OR MORE:   1

[HDD (BASE 65) ]
TOTAL THIS MO.     0    CLEAR  (SCALE 0-3)  25
DPTR FM NORMAL     0    PTCLDY (SCALE 4-7)   4
TOTAL FM JUL 1     0    CLOUDY (SCALE 8-10)  0
DPTR FM NORMAL     0

[CDD (BASE 65) ]
TOTAL THIS MO.   510
DPTR FM NORMAL    55    [PRESSURE DATA]
TOTAL FM JAN 1  1291    HIGHEST SLP M ON M
DPTR FM NORMAL   173    LOWEST  SLP 29.80 ON 14

[REMARKS]
