000
CXUS54 KJAN 271200
CF6MEI
PRELIMINARY LOCAL CLIMATOLOGICAL DATA (WS FORM: F-6)

                                          STATION:   MERIDIAN
                                          MONTH:     MAY
                                          YEAR:      2017
                                          LATITUDE:   32 19 N
                                          LONGITUDE:  88 45 W

  TEMPERATURE IN F:       :PCPN:    SNOW:  WIND      :SUNSHINE: SKY     :PK WND
================================================================================
1   2   3   4   5  6A  6B    7    8   9   10  11  12  13   14  15   16   17  18
                                     12Z  AVG MX 2MIN
DY MAX MIN AVG DEP HDD CDD  WTR  SNW DPTH SPD SPD DIR MIN PSBL S-S WX    SPD DR
================================================================================

 1  79  54  67   0   0   2 0.00  0.0    0  7.5 20 260   M    M   0        29 250
 2  86  51  69   2   0   4 0.00  0.0    0  3.2 15 300   M    M   0        21 300
 3  82  56  69   2   0   4 0.56  0.0    0  8.4 23 170   M    M   2 13     31 170
 4  66  51  59  -9   6   0 0.10  0.0    0 10.9 35 140   M    M  10 1      47 140
 5  72  50  61  -7   4   0 0.00  0.0    0  8.4 25 310   M    M   6        33 340
 6  79  44  62  -6   3   0 0.00  0.0    0  6.0 18 260   M    M   0        26 250
 7  84  51  68   0   0   3 0.00  0.0    0  2.3  9 290   M    M   0        15 310
 8  86  55  71   2   0   6 0.00  0.0    0  2.1 10 310   M    M   0        14  10
 9  87  57  72   3   0   7 0.00  0.0    0  3.7 10 220   M    M   1        14 320
10  87  59  73   4   0   8 0.00  0.0    0  4.4 14 190   M    M   0        18 210
11  81  61  71   1   0   6 0.00  0.0    0  4.3 14 180   M    M   2        17 220
12  80  64  72   2   0   7 0.01  0.0    0  7.0 28 320   M    M   5 13     41 310
13  79  59  69  -1   0   4 0.00  0.0    0  7.5 21 350   M    M   6        25 340
14  86  53  70   0   0   5 0.00  0.0    0  1.8 10  20   M    M   1 1      16  20
15  89  57  73   2   0   8 0.00  0.0    0  1.6 10 230   M    M   2        14 200
16  91  60  76   5   0  11 0.00  0.0    0  4.9 20 190   M    M   1        24 190
17  90  62  76   5   0  11 0.00  0.0    0  9.8 21 180   M    M   3 1      27 180
18  88  69  79   7   0  14    T  0.0    0  6.2 23 150   M    M   5 1      28 150
19  91  69  80   8   0  15 0.02  0.0    0  4.7 20 200   M    M   3 13     26 200
20  85  70  78   6   0  13 1.32  0.0    0  4.8 31 260   M    M   5 13     38 260
21  83  69  76   4   0  11    T  0.0    0  5.3 18 310   M    M   7 1      24 330
22  79  66  73   1   0   8 0.53  0.0    0  4.3 10 220   M    M   9 1      13  50
23  81  66  74   1   0   9 0.58  0.0    0  4.3 14 300   M    M   8 1      18 300
24  76  57  67  -6   0   2 0.01  0.0    0  8.9 21 280   M    M   7        30 290
25  81  52  67  -6   0   2 0.00  0.0    0  5.6 16 250   M    M   1        23 290
26  89  59  74   0   0   9 0.00  0.0    0  8.5 20 210   M    M   0        25 210
================================================================================
SM 2157 1521        13 169  3.13     0.0 146.4          M       84
================================================================================
AV 83.0 58.5                               5.6 FASTST   M    M   3    MAX(MPH)
                                 MISC ---->  # 35 140               # 47  140
================================================================================
NOTES:
# LAST OF SEVERAL OCCURRENCES

COLUMN 17 PEAK WIND IN M.P.H.

PRELIMINARY LOCAL CLIMATOLOGICAL DATA (WS FORM: F-6) , PAGE 2

                                          STATION:  MERIDIAN
                                          MONTH:    MAY
                                          YEAR:     2017
                                          LATITUDE:   32 19 N
                                          LONGITUDE:  88 45 W

[TEMPERATURE DATA]      [PRECIPITATION DATA]       SYMBOLS USED IN COLUMN 16

AVERAGE MONTHLY: 70.7   TOTAL FOR MONTH:   3.13    1 = FOG OR MIST
DPTR FM NORMAL:   0.5   DPTR FM NORMAL:   -0.65    2 = FOG REDUCING VISIBILITY
HIGHEST:    91 ON 19,16 GRTST 24HR  2.64 ON 30- 1      TO 1/4 MILE OR LESS
LOWEST:     44 ON  6                               3 = THUNDER
                        SNOW, ICE PELLETS, HAIL    4 = ICE PELLETS
                        TOTAL MONTH:   0.0 INCH    5 = HAIL
                        GRTST 24HR     0.0         6 = FREEZING RAIN OR DRIZZLE
                        GRTST DEPTH:   0           7 = DUSTSTORM OR SANDSTORM:
                                                       VSBY 1/2 MILE OR LESS
                                                   8 = SMOKE OR HAZE
[NO. OF DAYS WITH]      [WEATHER - DAYS WITH]      9 = BLOWING SNOW
                                                   X = TORNADO
MAX 32 OR BELOW:   0    0.01 INCH OR MORE:   8
MAX 90 OR ABOVE:   3    0.10 INCH OR MORE:   5
MIN 32 OR BELOW:   0    0.50 INCH OR MORE:   4
MIN  0 OR BELOW:   0    1.00 INCH OR MORE:   1

[HDD (BASE 65) ]
TOTAL THIS MO.    13    CLEAR  (SCALE 0-3)  15
DPTR FM NORMAL    -3    PTCLDY (SCALE 4-7)   9
TOTAL FM JUL 1  1362    CLOUDY (SCALE 8-10)  2
DPTR FM NORMAL -1188

[CDD (BASE 65) ]
TOTAL THIS MO.   169
DPTR FM NORMAL    15    [PRESSURE DATA]
TOTAL FM JAN 1   432    HIGHEST SLP M ON M
DPTR FM NORMAL   195    LOWEST  SLP 29.62 ON 24

[REMARKS]
