000
CXUS54 KMEG 210644
CF6MEM
PRELIMINARY LOCAL CLIMATOLOGICAL DATA (WS FORM: F-6)

                                          STATION:   MEMPHIS
                                          MONTH:     SEPTEMBER
                                          YEAR:      2017
                                          LATITUDE:   35  3 N
                                          LONGITUDE:  89 59 W

  TEMPERATURE IN F:       :PCPN:    SNOW:  WIND      :SUNSHINE: SKY     :PK WND
================================================================================
1   2   3   4   5  6A  6B    7    8   9   10  11  12  13   14  15   16   17  18
                                     12Z  AVG MX 2MIN
DY MAX MIN AVG DEP HDD CDD  WTR  SNW DPTH SPD SPD DIR MIN PSBL S-S WX    SPD DR
================================================================================

 1  82  67  75  -5   0  10 0.02  0.0    0  8.7 22 320   M    M   7 1      28 310
 2  84  64  74  -6   0   9 0.00  0.0    0  3.0 10 260   M    M   5 1      19 260
 3  87  65  76  -3   0  11 0.00  0.0    0  4.7  9 180   M    M   1        12 200
 4  88  69  79   0   0  14 0.00  0.0    0  9.2 14 210   M    M   3        18 230
 5  77  61  69 -10   0   4 0.10  0.0    0  8.8 16 350   M    M   8 138    24 250
 6  77  57  67 -12   0   2 0.00  0.0    0  4.8 16  10   M    M   2        20  30
 7  78  55  67 -11   0   2 0.00  0.0    0  2.9 12  40   M    M   2        14  40
 8  81  58  70  -8   0   5 0.00  0.0    0  5.5 14  20   M    M   1        19  50
 9  82  60  71  -7   0   6 0.00  0.0    0  9.3 20  40   M    M   1        24  70
10  81  62  72  -5   0   7 0.00  0.0    0  9.3 16  80   M    M   1        28 360
11  79  60  70  -7   0   5    T  0.0    0 11.5 22  40   M    M   5        27  30
12  66  58  62 -15   3   0 1.27  0.0    0  8.5 18  10   M    M  10 1      24 350
13  73  62  68  -8   0   3 0.16  0.0    0  7.0 13 200   M    M   8 1      20 270
14  85  63  74  -2   0   9 0.00  0.0    0  5.5 10 230   M    M   3        16 230
15  87  67  77   1   0  12 0.00  0.0    0  4.2 10 180   M    M   2        16 260
16  89  71  80   5   0  15 0.00  0.0    0  4.7 10 150   M    M   2        16 120
17  92  71  82   7   0  17 0.00  0.0    0  3.0 12  80   M    M   3        14  80
18  92  72  82   8   0  17 0.05  0.0    0  2.7 18 260   M    M   4 13     26 250
19  91  70  81   7   0  16 0.00  0.0    0  5.1 14 200   M    M   1        18 210
20  91  73  82   8   0  17 0.00  0.0    0  8.0 16 200   M    M   3        26 250
================================================================================
SM 1662 1285         3 181  1.60     0.0 126.4          M       72
================================================================================
AV 83.1 64.3                               6.3 FASTST   M    M   4    MAX(MPH)
                                 MISC ---->  # 22 320               # 28  310
================================================================================
NOTES:
# LAST OF SEVERAL OCCURRENCES

COLUMN 17 PEAK WIND IN M.P.H.

PRELIMINARY LOCAL CLIMATOLOGICAL DATA (WS FORM: F-6) , PAGE 2

                                          STATION:  MEMPHIS
                                          MONTH:    SEPTEMBER
                                          YEAR:     2017
                                          LATITUDE:   35  3 N
                                          LONGITUDE:  89 59 W

[TEMPERATURE DATA]      [PRECIPITATION DATA]       SYMBOLS USED IN COLUMN 16

AVERAGE MONTHLY: 73.7   TOTAL FOR MONTH:   1.60    1 = FOG OR MIST
DPTR FM NORMAL:  -3.4   DPTR FM NORMAL:   -0.34    2 = FOG REDUCING VISIBILITY
HIGHEST:    92 ON 18,17 GRTST 24HR  4.04 ON 31- 1      TO 1/4 MILE OR LESS
LOWEST:     55 ON  7                               3 = THUNDER
                        SNOW, ICE PELLETS, HAIL    4 = ICE PELLETS
                        TOTAL MONTH:   0.0 INCH    5 = HAIL
                        GRTST 24HR     0.0         6 = FREEZING RAIN OR DRIZZLE
                        GRTST DEPTH:   0           7 = DUSTSTORM OR SANDSTORM:
                                                       VSBY 1/2 MILE OR LESS
                                                   8 = SMOKE OR HAZE
[NO. OF DAYS WITH]      [WEATHER - DAYS WITH]      9 = BLOWING SNOW
                                                   X = TORNADO
MAX 32 OR BELOW:   0    0.01 INCH OR MORE:   5
MAX 90 OR ABOVE:   4    0.10 INCH OR MORE:   3
MIN 32 OR BELOW:   0    0.50 INCH OR MORE:   1
MIN  0 OR BELOW:   0    1.00 INCH OR MORE:   1

[HDD (BASE 65) ]
TOTAL THIS MO.     3    CLEAR  (SCALE 0-3)  13
DPTR FM NORMAL     3    PTCLDY (SCALE 4-7)   6
TOTAL FM JUL 1     3    CLOUDY (SCALE 8-10)  1
DPTR FM NORMAL     3

[CDD (BASE 65) ]
TOTAL THIS MO.   181
DPTR FM NORMAL   -61    [PRESSURE DATA]
TOTAL FM JAN 1  1997    HIGHEST SLP M ON M
DPTR FM NORMAL   -80    LOWEST  SLP 29.68 ON 13

[REMARKS]
