000
CXUS56 KMFR 301000
CF6MFR
PRELIMINARY LOCAL CLIMATOLOGICAL DATA (WS FORM: F-6)

                                          STATION:   MEDFORD OR
                                          MONTH:     MAY
                                          YEAR:      2015
                                          LATITUDE:   42 22 N
                                          LONGITUDE: 122 52 W

  TEMPERATURE IN F:       :PCPN:    SNOW:  WIND      :SUNSHINE: SKY     :PK WND
================================================================================
1   2   3   4   5  6A  6B    7    8   9   10  11  12  13   14  15   16   17  18
                                     12Z  AVG MX 2MIN
DY MAX MIN AVG DEP HDD CDD  WTR  SNW DPTH SPD SPD DIR MIN PSBL S-S WX    SPD DR
================================================================================

 1  87  45  66  10   0   1 0.00  0.0    0  3.4 15 360   M    M   0        19 340
 2  82  47  65   9   0   0 0.00  0.0    0  4.4 16 360   M    M   0        19 350
 3  84  42  63   6   2   0 0.00  0.0    0  3.5 16 320   M    M   0        19 320
 4  80  46  63   6   2   0 0.00  0.0    0  5.8 18  30   M    M   0        24 360
 5  69  47  58   1   7   0 0.00  0.0    0  5.8 18 350   M    M   4        23 310
 6  67  38  53  -4  12   0 0.00  0.0    0  5.0 18 340   M    M   4        24 350
 7  73  38  56  -2   9   0 0.00  0.0    0  4.7 18 330   M    M   2        24 340
 8  81  41  61   3   4   0 0.00  0.0    0  4.1 15 350   M    M   1        21 350
 9  84  46  65   7   0   0 0.00  0.0    0  3.2 10 290   M    M   0        16 290
10  77  50  64   6   1   0 0.00  0.0    0  6.1 17 350   M    M   3        23 360
11  58  48  53  -6  12   0 0.02  0.0    0  7.4 16 280   M    M   M        20 290
12  60  45  53  -6  12   0 0.01  0.0    0  4.6 18 290   M    M   8        26 320
13  63  45  54  -5  11   0    T  0.0    0  2.8 13 230   M    M   9 1      19 230
14  72  44  58  -1   7   0 0.10  0.0    0  4.4 20 270   M    M   7        26 220
15  63  51  57  -3   8   0 0.03  0.0    0  4.4 16  20   M    M   9 1      18  30
16  70  52  61   1   4   0 0.00  0.0    0  4.9 13  20   M    M   7        18  20
17  77  47  62   2   3   0    T  0.0    0  4.5 18 290   M    M   3 3      24 270
18  75  51  63   3   2   0    T  0.0    0  5.4 17  10   M    M   7        21  10
19  73  57  65   5   0   0 0.01  0.0    0  5.5 16 350   M    M   9        20 360
20  72  57  65   4   0   0 0.01  0.0    0  2.5  8 270   M    M  10 3      10  30
21  75  58  67   6   0   2 0.12  0.0    0  2.1 23 150   M    M   8 3      27 150
22  70  50  60  -1   5   0 0.01  0.0    0  5.7 17  50   M    M   7 1      24  40
23  73  48  61   0   4   0 0.00  0.0    0  4.5 15  10   M    M   6        17  10
24  75  50  63   1   2   0 0.00  0.0    0  2.7 10 320   M    M   5        16  40
25  83  53  68   6   0   3 0.00  0.0    0  4.9 20 360   M    M   2        26 360
26  83  47  65   3   0   0 0.00  0.0    0  4.5 16 360   M    M   0        21 270
27  86  49  68   6   0   3 0.00  0.0    0  4.6 16 360   M    M   0        19  10
28  89  53  71   9   0   6 0.00  0.0    0  4.0 13  10   M    M   1        19 360
29  91  58  75  12   0  10 0.00  0.0    0  5.2 16 310   M    M   1        21 290
================================================================================
SM 2192 1403       107  25  0.31     0.0 130.6          M      113
================================================================================
AV 75.6 48.4                               4.5 FASTST   M    M   4    MAX(MPH)
                                 MISC ---->  # 23 150               # 27  150
================================================================================
NOTES:
# LAST OF SEVERAL OCCURRENCES

COLUMN 17 PEAK WIND IN M.P.H.

PRELIMINARY LOCAL CLIMATOLOGICAL DATA (WS FORM: F-6) , PAGE 2

                                          STATION:  MEDFORD OR
                                          MONTH:    MAY
                                          YEAR:     2015
                                          LATITUDE:   42 22 N
                                          LONGITUDE: 122 52 W

[TEMPERATURE DATA]      [PRECIPITATION DATA]       SYMBOLS USED IN COLUMN 16

AVERAGE MONTHLY: 62.0   TOTAL FOR MONTH:   0.31    1 = FOG OR MIST
DPTR FM NORMAL:   2.5   DPTR FM NORMAL:   -0.92    2 = FOG REDUCING VISIBILITY
HIGHEST:    91 ON 29    GRTST 24HR  0.13 ON 14-15      TO 1/4 MILE OR LESS
LOWEST:     38 ON  7, 6                            3 = THUNDER
                        SNOW, ICE PELLETS, HAIL    4 = ICE PELLETS
                        TOTAL MONTH:   0.0 INCH    5 = HAIL
                        GRTST 24HR     0.0         6 = FREEZING RAIN OR DRIZZLE
                        GRTST DEPTH:   0           7 = DUSTSTORM OR SANDSTORM:
                                                       VSBY 1/2 MILE OR LESS
                                                   8 = SMOKE OR HAZE
[NO. OF DAYS WITH]      [WEATHER - DAYS WITH]      9 = BLOWING SNOW
                                                   X = TORNADO
MAX 32 OR BELOW:   0    0.01 INCH OR MORE:   8
MAX 90 OR ABOVE:   1    0.10 INCH OR MORE:   2
MIN 32 OR BELOW:   0    0.50 INCH OR MORE:   0
MIN  0 OR BELOW:   0    1.00 INCH OR MORE:   0

[HDD (BASE 65) ]
TOTAL THIS MO.   107    CLEAR  (SCALE 0-3)  14
DPTR FM NORMAL   -82    PTCLDY (SCALE 4-7)   9
TOTAL FM JUL 1  3236    CLOUDY (SCALE 8-10)  5
DPTR FM NORMAL  -952

[CDD (BASE 65) ]
TOTAL THIS MO.    25
DPTR FM NORMAL    -9    [PRESSURE DATA]
TOTAL FM JAN 1    25    HIGHEST SLP M ON M
DPTR FM NORMAL   -12    LOWEST  SLP 29.74 ON 14

[REMARKS]
