000
CXUS56 KMFR 271000
CF6MHS
PRELIMINARY LOCAL CLIMATOLOGICAL DATA (WS FORM: F-6)

                                          STATION:   MT SHASTA CITY CA
                                          MONTH:     SEPTEMBER
                                          YEAR:      2016
                                          LATITUDE:   41 19 N
                                          LONGITUDE: 122 19 W

  TEMPERATURE IN F:       :PCPN:    SNOW:  WIND      :SUNSHINE: SKY     :PK WND
================================================================================
1   2   3   4   5  6A  6B    7    8   9   10  11  12  13   14  15   16   17  18
                                     12Z  AVG MX 2MIN
DY MAX MIN AVG DEP HDD CDD  WTR  SNW DPTH SPD SPD DIR MIN PSBL S-S WX    SPD DR
================================================================================

 1  81  49  65   1   0   0 0.00    M    M  2.2  8 300   M    M   2 8      16 310
 2  73  54  64   1   1   0 0.00    M    M  4.7 10 320   M    M   1 8      19 310
 3  75  46  61  -2   4   0 0.00    M    M  4.8 12 310   M    M   0        19 330
 4  71  46  59  -4   6   0 0.00    M    M  6.0 12  10   M    M   1        22  10
 5  73  41  57  -6   8   0 0.00    M    M  2.8  9 320   M    M   0 8      16 300
 6  77  45  61  -2   4   0 0.00    M    M  4.8 12 360   M    M   2 8      23 350
 7  81  47  64   2   1   0 0.00    M    M  2.6 10 300   M    M   0        20 310
 8  86  47  67   5   0   2 0.00    M    M  3.3  9 280   M    M   0        20 280
 9  88  48  68   6   0   3 0.00    M    M  1.7  7 290   M    M   0        12 290
10  93  45  69   7   0   4 0.00    M    M  2.1  8 280   M    M   0        13 310
11  87  44  66   4   0   1 0.00    M    M  0.8  8 340   M    M   0        16 300
12  73  46  60  -1   5   0 0.00    M    M  4.1 14 300   M    M   0 8      22 300
13  76  39  58  -3   7   0 0.00    M    M  2.2  9 290   M    M   0        16 290
14  76  38  57  -4   8   0 0.00    M    M  1.3  7  90   M    M   1        13 290
15  80  41  61   0   4   0 0.00    M    M  2.9  9 290   M    M   0        14 330
16  84  44  64   4   1   0 0.00    M    M  2.9  9 350   M    M   0        16  20
17  87  47  67   7   0   2 0.00    M    M  2.7  8 330   M    M   0        15 340
18  87  52  70  10   0   5 0.00    M    M  2.4 10 300   M    M   2        16 320
19  86  51  69   9   0   4 0.00    M    M  2.1  9 290   M    M   0        14 290
20  82  46  64   4   1   0 0.00    M    M  2.2 12 300   M    M   1        18 280
21  69  47  58  -1   7   0    T    M    M  4.9 12 320   M    M   2        24 350
22  58  43  51  -8  14   0 0.08    M    M  5.1 12 300   M    M   5 1      22 350
23  60  37  49 -10  16   0    T    M    M  3.0 10 300   M    M   5        18 310
24  76  42  59   0   6   0 0.00    M    M  2.6 10 300   M    M   0        22 280
25  85  44  65   7   0   0 0.00    M    M  2.6  8 290   M    M   0        14 280
26  91  50  71  13   0   6 0.00    M    M  0.9  9 290   M    M   0        14 280
================================================================================
SM 2055 1179        93  27  0.08    M     77.7          M       22
================================================================================
AV 79.0 45.3                               3.0 FASTST   M    M   1    MAX(MPH)
                                 MISC ---->  # 14 300               # 24  350
================================================================================
NOTES:
# LAST OF SEVERAL OCCURRENCES

COLUMN 17 PEAK WIND IN M.P.H.

PRELIMINARY LOCAL CLIMATOLOGICAL DATA (WS FORM: F-6) , PAGE 2

                                          STATION:  MT SHASTA CITY CA
                                          MONTH:    SEPTEMBER
                                          YEAR:     2016
                                          LATITUDE:   41 19 N
                                          LONGITUDE: 122 19 W

[TEMPERATURE DATA]      [PRECIPITATION DATA]       SYMBOLS USED IN COLUMN 16

AVERAGE MONTHLY: 62.2   TOTAL FOR MONTH:   0.08    1 = FOG OR MIST
DPTR FM NORMAL:   1.2   DPTR FM NORMAL:   -0.47    2 = FOG REDUCING VISIBILITY
HIGHEST:    93 ON 10    GRTST 24HR  0.08 ON 22-22      TO 1/4 MILE OR LESS
LOWEST:     37 ON 23                               3 = THUNDER
                        SNOW, ICE PELLETS, HAIL    4 = ICE PELLETS
                        TOTAL MONTH:    M          5 = HAIL
                        GRTST 24HR    M  ON   M    6 = FREEZING RAIN OR DRIZZLE
                        GRTST DEPTH:  M  ON   M    7 = DUSTSTORM OR SANDSTORM:
                                                       VSBY 1/2 MILE OR LESS
                                                   8 = SMOKE OR HAZE
[NO. OF DAYS WITH]      [WEATHER - DAYS WITH]      9 = BLOWING SNOW
                                                   X = TORNADO
MAX 32 OR BELOW:   0    0.01 INCH OR MORE:   1
MAX 90 OR ABOVE:   2    0.10 INCH OR MORE:   0
MIN 32 OR BELOW:   0    0.50 INCH OR MORE:   0
MIN  0 OR BELOW:   0    1.00 INCH OR MORE:   0

[HDD (BASE 65) ]
TOTAL THIS MO.    93    CLEAR  (SCALE 0-3)  24
DPTR FM NORMAL   -36    PTCLDY (SCALE 4-7)   2
TOTAL FM JUL 1   108    CLOUDY (SCALE 8-10)  0
DPTR FM NORMAL   -96

[CDD (BASE 65) ]
TOTAL THIS MO.    27
DPTR FM NORMAL     2    [PRESSURE DATA]
TOTAL FM JAN 1   505    HIGHEST SLP M ON M
DPTR FM NORMAL   220    LOWEST  SLP  0.00 ON  3

[REMARKS]
