000
CXUS53 KIND 300730
CF6MIE
PRELIMINARY LOCAL CLIMATOLOGICAL DATA (WS FORM: F-6)

                                          STATION:   MUNCIE IN
                                          MONTH:     SEPTEMBER
                                          YEAR:      2016
                                          LATITUDE:   40 13 N
                                          LONGITUDE:  85 23 W

  TEMPERATURE IN F:       :PCPN:    SNOW:  WIND      :SUNSHINE: SKY     :PK WND
================================================================================
1   2   3   4   5  6A  6B    7    8   9   10  11  12  13   14  15   16   17  18
                                     12Z  AVG MX 2MIN
DY MAX MIN AVG DEP HDD CDD  WTR  SNW DPTH SPD SPD DIR MIN PSBL S-S WX    SPD DR
================================================================================

 1  75  60  68  -3   0   3 0.00    M    M  7.8 17  40   M    M   4        21  40
 2  77  57  67  -3   0   2 0.00    M    M  9.2 20  50   M    M   2        27  30
 3  80  54  67  -3   0   2 0.00    M    M  5.8 13  70   M    M   3 1      18 100
 4  82  54  68  -2   0   3 0.00    M    M  4.3 13 130   M    M   0 1      15 120
 5  88  67  78   8   0  13 0.00    M    M  7.3 15 190   M    M   1        19 190
 6  90  72  81  12   0  16 0.00    M    M  7.5 15 210   M    M   1        21 250
 7  90  74  82  13   0  17 0.00    M    M  8.6 16 220   M    M   0        22 240
 8  84  73  79  10   0  14 0.06    M    M  7.9 15 250   M    M   2 3      22 230
 9  84  69  77   9   0  12 0.06    M    M  5.6 16 190   M    M   7 1238   23 200
10  80  61  71   3   0   6 1.01    M    M  9.7 23 290   M    M   6 138    29 280
11  76  54  65  -3   0   0 0.00    M    M  2.7  8  20   M    M   0 1      11 280
12  79  54  67   0   0   2 0.00    M    M  4.1 10 210   M    M   0        15 130
13  83  56  70   3   0   5 0.00    M    M  4.2 13 270   M    M   0        16 270
14  81  64  73   7   0   8    T    M    M  6.2 18  30   M    M   5        23  40
15  80  59  70   4   0   5 0.00    M    M  6.6 15  90   M    M   0        18  90
16  88  56  72   6   0   7 0.11    M    M  6.6 24 250   M    M   1 13     37 230
17  79  69  74   9   0   9 1.50    M    M  6.7 15 240   M    M   7 13     20 240
18  80  61  71   6   0   6    T    M    M  3.0  8 290   M    M   3 1      13 270
19  87  55  71   7   0   6 0.00    M    M  0.7  6 200   M    M   0 1       8 130
20  88  57  73   9   0   8 0.00    M    M  0.6  8 260   M    M   0        12 280
21  89  57  73  10   0   8 0.00    M    M  1.7  7 150   M    M   0         9 300
22  88  59  74  11   0   9 0.00    M    M  2.9 12 270   M    M   0        14 270
23  90  63  77  15   0  12 0.00    M    M  2.8 10  30   M    M   0        14  30
24  79  64  72  10   0   7 0.00    M    M  7.3 13  90   M    M   6 1      16  80
25  87  57  72  10   0   7    T    M    M  6.0 17 220   M    M   1        27 230
26  74  57  66   5   0   1 0.38    M    M  9.9 28 290   M    M   2 138    38 300
27  76  53  65   4   0   0 0.00    M    M  9.8 26 260   M    M   0        34 260
28  65  53  59  -1   6   0 0.31    M    M  5.3 14 110   M    M   9 13     17 110
29  72  54  63   3   2   0 0.03    M    M  6.1 16  40   M    M   9 1      20  40
================================================================================
SM 2371 1743         8 188  3.46    M    166.9          M       69
================================================================================
AV 81.8 60.1                               5.8 FASTST   M    M   2    MAX(MPH)
                                 MISC ---->  # 28 290               # 38  300
================================================================================
NOTES:
# LAST OF SEVERAL OCCURRENCES

COLUMN 17 PEAK WIND IN M.P.H.

PRELIMINARY LOCAL CLIMATOLOGICAL DATA (WS FORM: F-6) , PAGE 2

                                          STATION:  MUNCIE IN
                                          MONTH:    SEPTEMBER
                                          YEAR:     2016
                                          LATITUDE:   40 13 N
                                          LONGITUDE:  85 23 W

[TEMPERATURE DATA]      [PRECIPITATION DATA]       SYMBOLS USED IN COLUMN 16

AVERAGE MONTHLY: 70.9   TOTAL FOR MONTH:   3.46    1 = FOG OR MIST
DPTR FM NORMAL:   5.2   DPTR FM NORMAL:    0.59    2 = FOG REDUCING VISIBILITY
HIGHEST:    90 ON 23, 7 GRTST 24HR  1.61 ON 16-17      TO 1/4 MILE OR LESS
LOWEST:     53 ON 28,27                            3 = THUNDER
                        SNOW, ICE PELLETS, HAIL    4 = ICE PELLETS
                        TOTAL MONTH:    M          5 = HAIL
                        GRTST 24HR    M  ON   M    6 = FREEZING RAIN OR DRIZZLE
                        GRTST DEPTH:  M  ON   M    7 = DUSTSTORM OR SANDSTORM:
                                                       VSBY 1/2 MILE OR LESS
                                                   8 = SMOKE OR HAZE
[NO. OF DAYS WITH]      [WEATHER - DAYS WITH]      9 = BLOWING SNOW
                                                   X = TORNADO
MAX 32 OR BELOW:   0    0.01 INCH OR MORE:   8
MAX 90 OR ABOVE:   3    0.10 INCH OR MORE:   5
MIN 32 OR BELOW:   0    0.50 INCH OR MORE:   2
MIN  0 OR BELOW:   0    1.00 INCH OR MORE:   2

[HDD (BASE 65) ]
TOTAL THIS MO.     8    CLEAR  (SCALE 0-3)  21
DPTR FM NORMAL   -77    PTCLDY (SCALE 4-7)   6
TOTAL FM JUL 1    11    CLOUDY (SCALE 8-10)  2
DPTR FM NORMAL   -84

[CDD (BASE 65) ]
TOTAL THIS MO.   188
DPTR FM NORMAL    83    [PRESSURE DATA]
TOTAL FM JAN 1  1288    HIGHEST SLP M ON M
DPTR FM NORMAL   349    LOWEST  SLP 29.74 ON 28

[REMARKS]
