000
CXUS55 KEAX 300736
CF6MKC
PRELIMINARY LOCAL CLIMATOLOGICAL DATA (WS FORM: F-6)

                                          STATION:   Downtown Kansas City MO
                                          MONTH:     SEPTEMBER
                                          YEAR:      2014
                                          LATITUDE:   39  7 N
                                          LONGITUDE:  94 36 W

  TEMPERATURE IN F:       :PCPN:    SNOW:  WIND      :SUNSHINE: SKY     :PK WND
================================================================================
1   2   3   4   5  6A  6B    7    8   9   10  11  12  13   14  15   16   17  18
                                     12Z  AVG MX 2MIN
DY MAX MIN AVG DEP HDD CDD  WTR  SNW DPTH SPD SPD DIR MIN PSBL S-S WX    SPD DR
================================================================================

 1  82  67  75  -1   0  10 0.70    M    M  8.4 23 150   M    M   7 13     33 150
 2  84  69  77   1   0  12 0.00    M    M  4.2 13 170   M    M   3 1      18 190
 3  88  69  79   4   0  14 0.21    M    M 13.7 24 190   M    M   3 138    30 160
 4  95  78  87  12   0  22 0.00    M    M 15.4 25 210   M    M   0        34 190
 5  83  64  74  -1   0   9 0.12    M    M  9.0 18  10   M    M   6 13     24  10
 6  76  59  68  -6   0   3 0.00    M    M  7.3 14  20   M    M   2        16  40
 7  79  57  68  -6   0   3 0.00    M    M  4.6 10 140   M    M   0        14 150
 8  85  60  73  -1   0   8 0.00    M    M  9.2 20 180   M    M   2        25 170
 9  93  74  84  11   0  19    T    M    M 14.8 28 200   M    M   1 3      39 210
10  84  60  72  -1   0   7 0.43    M    M  8.6 17 330   M    M   9 13     25 270
11  61  54  58 -14   7   0 0.01    M    M 10.5 15  60   M    M  10 1      20  10
12  58  47  53 -19  12   0    T    M    M 10.3 18  30   M    M   9 18     23  40
13  65  41  53 -18  12   0 0.00    M    M  4.4 13 100   M    M   1 12     16 150
14  74  54  64  -7   1   0 0.00    M    M  5.9 17 140   M    M   7        23 150
15  71  53  62  -9   3   0    T    M    M  7.8 18  10   M    M   8 18     25 360
16  74  49  62  -8   3   0 0.00    M    M  4.2  9 130   M    M   1        12  80
17  75  63  69  -1   0   4 0.43    M    M  4.9 12  50   M    M   8 138    14  50
18  68  62  65  -4   0   0 0.00    M    M  7.4 14  70   M    M   8 18     17  70
19  81  62  72   3   0   7 0.00    M    M  7.2 14 190   M    M   6 18     18 190
20  84  70  77   9   0  12 0.00    M    M  7.7 20 230   M    M   1 18     24 200
21  78  57  68   0   0   3 0.00    M    M  6.2 18  10   M    M   0        24 340
22  77  51  64  -4   1   0 0.00    M    M  2.9  9 170   M    M   0        12 170
23  78  58  68   1   0   3    T    M    M  7.5 16 190   M    M   1        23 130
24  72  60  66  -1   0   1 0.03    M    M  6.5 13 170   M    M   6        18 170
25  84  63  74   8   0   9 0.00    M    M  5.8 15 180   M    M   4        18 180
26  84  63  74   8   0   9 0.06    M    M  4.5 14 190   M    M   2 3      18 180
27  83  61  72   7   0   7 0.00    M    M  4.3 14 180   M    M   1 18     19 200
28  86  61  74   9   0   9 0.00    M    M  1.9 12 180   M    M   2 18     15 170
29  86  61  74   9   0   9 0.00    M    M  2.3  9  70   M    M   1 18     12 110
================================================================================
SM 2288 1747        39 180  1.99    M    207.4          M      109
================================================================================
AV 78.9 60.2                               7.2 FASTST   M    M   4    MAX(MPH)
                                 MISC ---->  # 28 200               # 39  210
================================================================================
NOTES:
# LAST OF SEVERAL OCCURRENCES

COLUMN 17 PEAK WIND IN M.P.H.

PRELIMINARY LOCAL CLIMATOLOGICAL DATA (WS FORM: F-6) , PAGE 2

                                          STATION:  Downtown Kansas City MO
                                          MONTH:    SEPTEMBER
                                          YEAR:     2014
                                          LATITUDE:   39  7 N
                                          LONGITUDE:  94 36 W

[TEMPERATURE DATA]      [PRECIPITATION DATA]       SYMBOLS USED IN COLUMN 16

AVERAGE MONTHLY: 69.6   TOTAL FOR MONTH:   1.99    1 = FOG OR MIST
DPTR FM NORMAL:  -0.9   DPTR FM NORMAL:   -2.05    2 = FOG REDUCING VISIBILITY
HIGHEST:    95 ON  4    GRTST 24HR  1.26 ON 31- 1      TO 1/4 MILE OR LESS
LOWEST:     41 ON 13                               3 = THUNDER
                        SNOW, ICE PELLETS, HAIL    4 = ICE PELLETS
                        TOTAL MONTH:    M          5 = HAIL
                        GRTST 24HR    M  ON   M    6 = FREEZING RAIN OR DRIZZLE
                        GRTST DEPTH:  M  ON   M    7 = DUSTSTORM OR SANDSTORM:
                                                       VSBY 1/2 MILE OR LESS
                                                   8 = SMOKE OR HAZE
[NO. OF DAYS WITH]      [WEATHER - DAYS WITH]      9 = BLOWING SNOW
                                                   X = TORNADO
MAX 32 OR BELOW:   0    0.01 INCH OR MORE:   8
MAX 90 OR ABOVE:   2    0.10 INCH OR MORE:   5
MIN 32 OR BELOW:   0    0.50 INCH OR MORE:   1
MIN  0 OR BELOW:   0    1.00 INCH OR MORE:   0

[HDD (BASE 65) ]
TOTAL THIS MO.    39    CLEAR  (SCALE 0-3)  17
DPTR FM NORMAL     2    PTCLDY (SCALE 4-7)   9
TOTAL FM JUL 1    39    CLOUDY (SCALE 8-10)  3
DPTR FM NORMAL     1

[CDD (BASE 65) ]
TOTAL THIS MO.   180
DPTR FM NORMAL   -18    [PRESSURE DATA]
TOTAL FM JAN 1  1619    HIGHEST SLP  0.00 ON M
DPTR FM NORMAL   -11    LOWEST  SLP  0.00 ON M

[REMARKS]
