145
CXUS55 KEAX 280736
CF6MKC
PRELIMINARY LOCAL CLIMATOLOGICAL DATA (WS FORM: F-6)

                                          STATION:   Downtown Kansas City MO
                                          MONTH:     AUGUST
                                          YEAR:      2016
                                          LATITUDE:   39  7 N
                                          LONGITUDE:  94 36 W

  TEMPERATURE IN F:       :PCPN:    SNOW:  WIND      :SUNSHINE: SKY     :PK WND
================================================================================
1   2   3   4   5  6A  6B    7    8   9   10  11  12  13   14  15   16   17  18
                                     12Z  AVG MX 2MIN
DY MAX MIN AVG DEP HDD CDD  WTR  SNW DPTH SPD SPD DIR MIN PSBL S-S WX    SPD DR
================================================================================

 1  87  71  79  -2   0  14 0.09    M    M 10.8 28  90   M    M   4 3      34 100
 2  93  75  84   3   0  19 0.02    M    M  7.0 16 340   M    M   2 13     20 350
 3  94  75  85   4   0  20 0.00    M    M  8.0 15 110   M    M   4 18     20 110
 4 102  79  91  10   0  26 0.00    M    M  9.1 20 220   M    M   0        24 220
 5  88  75  82   1   0  17    T    M    M  7.0 14  70   M    M   8        18  50
 6  85  71  78  -3   0  13 0.00    M    M  8.1 15 100   M    M   4        18 100
 7  80  70  75  -6   0  10 0.06    M    M  8.0 20  80   M    M   7        23  80
 8  81  71  76  -5   0  11 0.00    M    M  6.7 15  70   M    M   9        20  80
 9  95  74  85   4   0  20 0.00    M    M  5.0 13  80   M    M   5 3      17 100
10  98  78  88   8   0  23 0.00    M    M  7.5 17 180   M    M   2        26 210
11 101  82  92  12   0  27 0.00    M    M 12.8 20 190   M    M   1        25 190
12  89  73  81   1   0  16 0.41    M    M  6.0 24 250   M    M   6 13     33 250
13  89  69  79  -1   0  14 0.00    M    M  6.5 17 360   M    M   0        24 360
14  91  69  80   0   0  15 0.00    M    M  4.7 15  10   M    M   1        20  10
15  83  71  77  -3   0  12 0.00    M    M  3.5  9 200   M    M   0        14 100
16  90  67  79  -1   0  14 0.00    M    M  6.4 16 190   M    M   0        22 200
17  94  73  84   4   0  19 0.00    M    M 10.0 18 190   M    M   1        26 210
18  93  73  83   4   0  18 0.00    M    M  8.5 16 210   M    M   0        22 220
19  93  69  81   2   0  16 0.55    M    M  8.1 35 310   M    M   4 13     48 330
20  77  63  70  -9   0   5 0.00    M    M  8.0 17 330   M    M   6 1      24 290
21  83  58  71  -8   0   6 0.00    M    M  4.5 13 310   M    M   0 1      15 320
22  86  64  75  -4   0  10 0.00    M    M 10.0 18 200   M    M   0        24 180
23  89  69  79   1   0  14    T    M    M 12.6 23 190   M    M   6 3      31 180
24  88  69  79   1   0  14 1.28    M    M  6.7 22 190   M    M   4 13     35 190
25  87  71  79   1   0  14 0.31    M    M  5.1 15  10   M    M   7 13     19 220
26  87  70  79   1   0  14 4.56    M    M  7.5 17 280   M    M   7 138    27 270
27  89  69  79   1   0  14 0.09    M    M  3.8 13  90   M    M   3 3      16 270
================================================================================
SM 2412 1918         0 415  7.37    M    201.9          M       91
================================================================================
AV 89.3 71.0                               7.5 FASTST   M    M   3    MAX(MPH)
                                 MISC ---->  # 35 310               # 48  330
================================================================================
NOTES:
# LAST OF SEVERAL OCCURRENCES

COLUMN 17 PEAK WIND IN M.P.H.

PRELIMINARY LOCAL CLIMATOLOGICAL DATA (WS FORM: F-6) , PAGE 2

                                          STATION:  Downtown Kansas City MO
                                          MONTH:    AUGUST
                                          YEAR:     2016
                                          LATITUDE:   39  7 N
                                          LONGITUDE:  94 36 W

[TEMPERATURE DATA]      [PRECIPITATION DATA]       SYMBOLS USED IN COLUMN 16

AVERAGE MONTHLY: 80.2   TOTAL FOR MONTH:   7.37    1 = FOG OR MIST
DPTR FM NORMAL:   0.4   DPTR FM NORMAL:    3.61    2 = FOG REDUCING VISIBILITY
HIGHEST:   102 ON  4    GRTST 24HR  4.56 ON 26-26      TO 1/4 MILE OR LESS
LOWEST:     58 ON 21                               3 = THUNDER
                        SNOW, ICE PELLETS, HAIL    4 = ICE PELLETS
                        TOTAL MONTH:    M          5 = HAIL
                        GRTST 24HR    M  ON   M    6 = FREEZING RAIN OR DRIZZLE
                        GRTST DEPTH:  M  ON   M    7 = DUSTSTORM OR SANDSTORM:
                                                       VSBY 1/2 MILE OR LESS
                                                   8 = SMOKE OR HAZE
[NO. OF DAYS WITH]      [WEATHER - DAYS WITH]      9 = BLOWING SNOW
                                                   X = TORNADO
MAX 32 OR BELOW:   0    0.01 INCH OR MORE:   9
MAX 90 OR ABOVE:  11    0.10 INCH OR MORE:   5
MIN 32 OR BELOW:   0    0.50 INCH OR MORE:   3
MIN  0 OR BELOW:   0    1.00 INCH OR MORE:   2

[HDD (BASE 65) ]
TOTAL THIS MO.     0    CLEAR  (SCALE 0-3)  13
DPTR FM NORMAL     0    PTCLDY (SCALE 4-7)  12
TOTAL FM JUL 1     0    CLOUDY (SCALE 8-10)  2
DPTR FM NORMAL     0

[CDD (BASE 65) ]
TOTAL THIS MO.   415
DPTR FM NORMAL    14    [PRESSURE DATA]
TOTAL FM JAN 1  1514    HIGHEST SLP  0.00 ON M
DPTR FM NORMAL   128    LOWEST  SLP  0.00 ON M

[REMARKS]
