000
CXUS53 KGRR 251017
CF6MKG
PRELIMINARY LOCAL CLIMATOLOGICAL DATA (WS FORM: F-6)

                                          STATION:   MUSKEGON
                                          MONTH:     FEBRUARY
                                          YEAR:      2018
                                          LATITUDE:   43 10 N
                                          LONGITUDE:  86 14 W

  TEMPERATURE IN F:       :PCPN:    SNOW:  WIND      :SUNSHINE: SKY     :PK WND
================================================================================
1   2   3   4   5  6A  6B    7    8   9   10  11  12  13   14  15   16   17  18
                                     12Z  AVG MX 2MIN
DY MAX MIN AVG DEP HDD CDD  WTR  SNW DPTH SPD SPD DIR MIN PSBL S-S WX    SPD DR
================================================================================

 1  37  11  24  -1  41   0 0.06    M    0 13.9 25 320   M    M  10 89     35 290
 2  22  12  17  -8  48   0 0.05  0.8    1  9.8 17 260   M    M   9        23 280
 3  33  21  27   2  38   0 0.37  5.5    2 14.1 23 210   M    M  10 1      28 220
 4  33  16  25  -1  40   0 0.14  1.7    7 12.6 22 220   M    M  10 168    29 210
 5  20  13  17  -9  48   0 0.07  2.0    7 10.6 20 280   M    M   9 18     26 290
 6  20  13  17  -9  48   0 0.03  1.2   10  4.8 16 290   M    M  10 8      21 280
 7  22  14  18  -8  47   0 0.06  1.3    9  4.1 15 350   M    M  10 18     18 340
 8  23  16  20  -6  45   0    T    T    9  8.8 18 260   M    M  10 8      23 260
 9  26  18  22  -4  43   0 0.25  3.5   10  7.1 13  20   M    M  10 18     17  40
10  24  11  18  -8  47   0    T    T   11  3.4 10 340   M    M   9 18     12 340
11  26  16  21  -5  44   0 0.36  3.9   12  8.5 17 290   M    M   8 18     23 270
12  26   5  16 -10  49   0 0.00  0.0   13  5.9 16 300   M    M   4        22 290
13  30   3  17 -10  48   0 0.00  0.0   12  6.5 14 160   M    M   6        20 170
14  43  29  36   9  29   0 0.00  0.0   11 14.9 22 200   M    M   3 18     29 190
15  40  35  38  11  27   0 0.00  0.0    6 10.5 21 220   M    M  10 128    26 220
16  36  20  28   1  37   0    T    T    5 10.4 20 340   M    M   6        26 330
17  33  24  29   2  36   0 0.10  1.0    3 10.8 20 210   M    M   7 12     24 220
18  39  20  30   2  35   0 0.00  0.0    4 11.1 21 150   M    M   7        28 140
19  53  37  45  17  20   0 0.54  0.0    3 10.6 23 190   M    M   9 1      35 180
20  60  35  48  20  17   0 1.69  0.0    0 14.1 31 270   M    M   9 12     39 280
21  35  25  30   2  35   0 0.02    T    0 10.0 20 330   M    M   9 14     24 320
22  41  25  33   5  32   0 0.00  0.0    0 10.1 20  90   M    M   7        26  90
23  41  34  38   9  27   0 0.08  0.0    0 10.8 21 110   M    M  10 18     26 100
24  43  29  36   7  29   0 0.01  0.0    0 12.9 26 110   M    M   9 1      35 110
================================================================================
SM  806  482       910   0  3.83    20.9 236.3          M      201
================================================================================
AV 33.6 20.1                               9.8 FASTST   M    M   8    MAX(MPH)
                                 MISC ---->  # 31 270               # 39  280
================================================================================
NOTES:
# LAST OF SEVERAL OCCURRENCES

COLUMN 17 PEAK WIND IN M.P.H.

PRELIMINARY LOCAL CLIMATOLOGICAL DATA (WS FORM: F-6) , PAGE 2

                                          STATION:  MUSKEGON
                                          MONTH:    FEBRUARY
                                          YEAR:     2018
                                          LATITUDE:   43 10 N
                                          LONGITUDE:  86 14 W

[TEMPERATURE DATA]      [PRECIPITATION DATA]       SYMBOLS USED IN COLUMN 16

AVERAGE MONTHLY: 26.8   TOTAL FOR MONTH:   3.83    1 = FOG OR MIST
DPTR FM NORMAL:   0.1   DPTR FM NORMAL:    2.30    2 = FOG REDUCING VISIBILITY
HIGHEST:    60 ON 20    GRTST 24HR  1.69 ON 20-20      TO 1/4 MILE OR LESS
LOWEST:      3 ON 13                               3 = THUNDER
                        SNOW, ICE PELLETS, HAIL    4 = ICE PELLETS
                        TOTAL MONTH:  20.9 INCHES  5 = HAIL
                        GRTST 24HR   5.5 ON  3- 3  6 = FREEZING RAIN OR DRIZZLE
                        GRTST DEPTH:  13 ON 12     7 = DUSTSTORM OR SANDSTORM:
                                                       VSBY 1/2 MILE OR LESS
                                                   8 = SMOKE OR HAZE
[NO. OF DAYS WITH]      [WEATHER - DAYS WITH]      9 = BLOWING SNOW
                                                   X = TORNADO
MAX 32 OR BELOW:  10    0.01 INCH OR MORE:  15
MAX 90 OR ABOVE:   0    0.10 INCH OR MORE:   7
MIN 32 OR BELOW:  20    0.50 INCH OR MORE:   2
MIN  0 OR BELOW:   0    1.00 INCH OR MORE:   1

[HDD (BASE 65) ]
TOTAL THIS MO.   910    CLEAR  (SCALE 0-3)   0
DPTR FM NORMAL    -9    PTCLDY (SCALE 4-7)   7
TOTAL FM JUL 1  4425    CLOUDY (SCALE 8-10) 17
DPTR FM NORMAL  -166

[CDD (BASE 65) ]
TOTAL THIS MO.     0
DPTR FM NORMAL     0    [PRESSURE DATA]
TOTAL FM JAN 1     0    HIGHEST SLP M ON M
DPTR FM NORMAL     0    LOWEST  SLP 29.62 ON 24

[REMARKS]
