000
CXUS54 KMEG 180639
CF6MKL
PRELIMINARY LOCAL CLIMATOLOGICAL DATA (WS FORM: F-6)

                                          STATION:   JACKSON
                                          MONTH:     APRIL
                                          YEAR:      2014
                                          LATITUDE:   35 35 N
                                          LONGITUDE:  88 55 W

  TEMPERATURE IN F:       :PCPN:    SNOW:  WIND      :SUNSHINE: SKY     :PK WND
================================================================================
1   2   3   4   5  6A  6B    7    8   9   10  11  12  13   14  15   16   17  18
                                     12Z  AVG MX 2MIN
DY MAX MIN AVG DEP HDD CDD  WTR  SNW DPTH SPD SPD DIR MIN PSBL S-S WX    SPD DR
================================================================================

 1  80  55  68  12   0   3 0.00  0.0    0  6.4 14 260   M    M   3        20 230
 2  82  54  68  12   0   3 0.01  0.0    0  9.0 17 210   M    M   7 3      24 170
 3  81  67  74  18   0   9    T  0.0    0 13.4 23 190   M    M   5        32 230
 4  73  43  58   1   7   0 0.73  0.0    0 12.1 33 340   M    M   5 13     40 340
 5  58  37  48  -9  17   0 0.00  0.0    0  5.8 14 360   M    M   0        17  40
 6  63  35  49  -8  16   0 0.38  0.0    0  4.6 14  90   M    M   3 1      21  50
 7  57  38  48 -10  17   0 0.08  0.0    0  8.1 23 270   M    M   9 18     29 270
 8  64  35  50  -8  15   0 0.06  0.0    0  7.1 20 340   M    M   5 13     24 340
 9  67  36  52  -6  13   0 0.00  0.0    0  5.6 17 290   M    M   0        29 280
10  79  43  61   3   4   0 0.00  0.0    0 12.2 24 190   M    M   0        31 200
11  78  60  69  10   0   4 0.00  0.0    0 10.4 21  20   M    M   2        25  10
12  81  59  70  11   0   5 0.00  0.0    0 10.5 22 200   M    M   1        26 160
13  78  65  72  13   0   7 0.12  0.0    0 14.8 26 200   M    M   3 13     37 190
14  69  40  55  -5  10   0 1.06  0.0    0 11.7 22 350   M    M   8 13     29 360
15  50  30  40 -20  25   0 0.01    T    0 12.6 28 350   M    M   2        36 350
16  62  29  46 -14  19   0 0.00  0.0    0  3.8 14  70   M    M   0        18  70
17  70  36  53  -7  12   0 0.00  0.0    0  3.5 21 180   M    M   0        29 190
================================================================================
SM 1192  762       155  31  2.45    T    151.6          M       53
================================================================================
AV 70.1 44.8                               8.9 FASTST   M    M   3    MAX(MPH)
                                 MISC ---->  # 33 340               # 40  340
================================================================================
NOTES:
# LAST OF SEVERAL OCCURRENCES

COLUMN 17 PEAK WIND IN M.P.H.

PRELIMINARY LOCAL CLIMATOLOGICAL DATA (WS FORM: F-6) , PAGE 2

                                          STATION:  JACKSON
                                          MONTH:    APRIL
                                          YEAR:     2014
                                          LATITUDE:   35 35 N
                                          LONGITUDE:  88 55 W

[TEMPERATURE DATA]      [PRECIPITATION DATA]       SYMBOLS USED IN COLUMN 16

AVERAGE MONTHLY: 57.5   TOTAL FOR MONTH:   2.45    1 = FOG OR MIST
DPTR FM NORMAL:  -0.6   DPTR FM NORMAL:   -0.19    2 = FOG REDUCING VISIBILITY
HIGHEST:    82 ON  2    GRTST 24HR  1.18 ON 13-14      TO 1/4 MILE OR LESS
LOWEST:     29 ON 16                               3 = THUNDER
                        SNOW, ICE PELLETS, HAIL    4 = ICE PELLETS
                        TOTAL MONTH:    T          5 = HAIL
                        GRTST 24HR    T  ON 15-15  6 = FREEZING RAIN OR DRIZZLE
                        GRTST DEPTH:   0           7 = DUSTSTORM OR SANDSTORM:
                                                       VSBY 1/2 MILE OR LESS
                                                   8 = SMOKE OR HAZE
[NO. OF DAYS WITH]      [WEATHER - DAYS WITH]      9 = BLOWING SNOW
                                                   X = TORNADO
MAX 32 OR BELOW:   0    0.01 INCH OR MORE:   8
MAX 90 OR ABOVE:   0    0.10 INCH OR MORE:   4
MIN 32 OR BELOW:   2    0.50 INCH OR MORE:   2
MIN  0 OR BELOW:   0    1.00 INCH OR MORE:   1

[HDD (BASE 65) ]
TOTAL THIS MO.   155    CLEAR  (SCALE 0-3)  10
DPTR FM NORMAL    17    PTCLDY (SCALE 4-7)   6
TOTAL FM JUL 1  4045    CLOUDY (SCALE 8-10)  1
DPTR FM NORMAL   579

[CDD (BASE 65) ]
TOTAL THIS MO.    31
DPTR FM NORMAL    11    [PRESSURE DATA]
TOTAL FM JAN 1    31    HIGHEST SLP M ON M
DPTR FM NORMAL     0    LOWEST  SLP 29.52 ON  7

[REMARKS]
