000
CXUS54 KTSA 290840
CF6MKO
PRELIMINARY LOCAL CLIMATOLOGICAL DATA (WS FORM: F-6)

                                          STATION:   MUSKOGEE OKLAHOMA
                                          MONTH:     SEPTEMBER
                                          YEAR:      2016
                                          LATITUDE:   35 40 N
                                          LONGITUDE:  95 22 W

  TEMPERATURE IN F:       :PCPN:    SNOW:  WIND      :SUNSHINE: SKY     :PK WND
================================================================================
1   2   3   4   5  6A  6B    7    8   9   10  11  12  13   14  15   16   17  18
                                     12Z  AVG MX 2MIN
DY MAX MIN AVG DEP HDD CDD  WTR  SNW DPTH SPD SPD DIR MIN PSBL S-S WX    SPD DR
================================================================================

 1  85  69  77  -1   0  12 1.30  0.0    0  6.0 21  40   M    M   5 13     24  40
 2  85  62  74  -4   0   9 0.00  0.0    0  5.9 15  10   M    M   0        17  10
 3  85  57  71  -6   0   6 0.00  0.0    0  4.6 13 120   M    M   0        14 140
 4  90  61  76  -1   0  11 0.00  0.0    0  6.3 14 150   M    M   0        19 150
 5  93  69  81   4   0  16 0.00  0.0    0  9.2 17 160   M    M   2        24 160
 6  95  73  84   8   0  19 0.00  0.0    0  9.0 18 180   M    M   1        26 190
 7  96  73  85   9   0  20 0.00  0.0    0 10.1 21 190   M    M   0        26 180
 8  97  76  87  12   0  22 0.00  0.0    0  9.3 18 200   M    M   0        24 200
 9  96  76  86  11   0  21    T  0.0    0  9.0 20 220   M    M   2        26 190
10  82  56  69  -6   0   4 0.06  0.0    0 10.9 28 340   M    M   3 1      37 340
11  86  51  69  -5   0   4 0.00  0.0    0  5.3 14 160   M    M   0        20 190
12  91  61  76   2   0  11 0.00  0.0    0  9.4 17 150   M    M   0        25 140
13  93  68  81   8   0  16 0.00  0.0    0  6.1 13 190   M    M   1        17 140
14  93  68  81   8   0  16 0.28  0.0    0  4.8 22  30   M    M   2 13     28  60
15  82  66  74   1   0   9 0.55  0.0    0  4.0 24 190   M    M   3 13     32 200
16  86  63  75   3   0  10 0.06  0.0    0  7.1 22  30   M    M   2 13     27  30
17  89  62  76   4   0  11 0.07  0.0    0  5.3 10 140   M    M   1 13     13  30
18  88  65  77   6   0  12 0.26  0.0    0  6.3 23 260   M    M   3 123    32 270
19  94  70  82  11   0  17 0.00  0.0    0  6.5 12 120   M    M   1        16 120
20  95  73  84  13   0  19 0.00  0.0    0  6.1 10 130   M    M   1        14 120
21  90  68  79   9   0  14 0.00  0.0    0  5.2 12 150   M    M   0 1      16 180
22  91  67  79   9   0  14 0.00  0.0    0  6.1 13 210   M    M   0        16 190
23  92  64  78   9   0  13 0.00  0.0    0  6.8 15 140   M    M   1 1      19 140
24  92  71  82  13   0  17 0.00  0.0    0  8.9 18 190   M    M   1        25 190
25  88  63  76   7   0  11 0.04  0.0    0  9.2 22 350   M    M   5        28 350
26  79  52  66  -2   0   1    T  0.0    0  8.4 20  30   M    M   2        23  20
27  84  46  65  -3   0   0 0.00  0.0    0  3.2 13 230   M    M   0 18     15 200
28  87  51  69   1   0   4 0.00  0.0    0  9.5 23  10   M    M   0 18     30  30
================================================================================
SM 2504 1801         0 339  2.62     0.0 198.5          M       36
================================================================================
AV 89.4 64.3                               7.1 FASTST   M    M   1    MAX(MPH)
                                 MISC ---->  # 28 340               # 37  340
================================================================================
NOTES:
# LAST OF SEVERAL OCCURRENCES

COLUMN 17 PEAK WIND IN M.P.H.

PRELIMINARY LOCAL CLIMATOLOGICAL DATA (WS FORM: F-6) , PAGE 2

                                          STATION:  MUSKOGEE OKLAHOMA
                                          MONTH:    SEPTEMBER
                                          YEAR:     2016
                                          LATITUDE:   35 40 N
                                          LONGITUDE:  95 22 W

[TEMPERATURE DATA]      [PRECIPITATION DATA]       SYMBOLS USED IN COLUMN 16

AVERAGE MONTHLY: 76.9   TOTAL FOR MONTH:   2.62    1 = FOG OR MIST
DPTR FM NORMAL:   4.1   DPTR FM NORMAL:   -1.91    2 = FOG REDUCING VISIBILITY
HIGHEST:    97 ON  8    GRTST 24HR  1.36 ON 31- 1      TO 1/4 MILE OR LESS
LOWEST:     46 ON 27                               3 = THUNDER
                        SNOW, ICE PELLETS, HAIL    4 = ICE PELLETS
                        TOTAL MONTH:   0.0 INCH    5 = HAIL
                        GRTST 24HR     0.0         6 = FREEZING RAIN OR DRIZZLE
                        GRTST DEPTH:   0           7 = DUSTSTORM OR SANDSTORM:
                                                       VSBY 1/2 MILE OR LESS
                                                   8 = SMOKE OR HAZE
[NO. OF DAYS WITH]      [WEATHER - DAYS WITH]      9 = BLOWING SNOW
                                                   X = TORNADO
MAX 32 OR BELOW:   0    0.01 INCH OR MORE:   8
MAX 90 OR ABOVE:  15    0.10 INCH OR MORE:   4
MIN 32 OR BELOW:   0    0.50 INCH OR MORE:   2
MIN  0 OR BELOW:   0    1.00 INCH OR MORE:   1

[HDD (BASE 65) ]
TOTAL THIS MO.     0    CLEAR  (SCALE 0-3)  26
DPTR FM NORMAL   -14    PTCLDY (SCALE 4-7)   2
TOTAL FM JUL 1     0    CLOUDY (SCALE 8-10)  0
DPTR FM NORMAL   -14

[CDD (BASE 65) ]
TOTAL THIS MO.   339
DPTR FM NORMAL   105    [PRESSURE DATA]
TOTAL FM JAN 1  2038    HIGHEST SLP M ON M
DPTR FM NORMAL   267    LOWEST  SLP 29.82 ON  9

[REMARKS]
