000
CXUS54 KTSA 010840
CF6MKO
PRELIMINARY LOCAL CLIMATOLOGICAL DATA (WS FORM: F-6)

                                          STATION:   MUSKOGEE OKLAHOMA
                                          MONTH:     SEPTEMBER
                                          YEAR:      2014
                                          LATITUDE:   35 40 N
                                          LONGITUDE:  95 22 W

  TEMPERATURE IN F:       :PCPN:    SNOW:  WIND      :SUNSHINE: SKY     :PK WND
================================================================================
1   2   3   4   5  6A  6B    7    8   9   10  11  12  13   14  15   16   17  18
                                     12Z  AVG MX 2MIN
DY MAX MIN AVG DEP HDD CDD  WTR  SNW DPTH SPD SPD DIR MIN PSBL S-S WX    SPD DR
================================================================================

 1  92  76  84   6   0  19 0.00  0.0    0 10.7 24 180   M    M   3        33 200
 2  79  67  73  -5   0   8 1.80  0.0    0  9.8 28  20   M    M   2 123    33  20
 3  93  69  81   4   0  16 0.00  0.0    0  9.2 17 190   M    M   1        22 200
 4  93  73  83   6   0  18 0.00  0.0    0  8.6 18 180   M    M   0        24 190
 5  93  71  82   5   0  17 0.00  0.0    0  6.6 25 350   M    M   1        30 350
 6  72  65  69  -7   0   4 0.39  0.0    0 10.2 26 360   M    M   8 1      31 360
 7  82  63  73  -3   0   8 0.00  0.0    0  3.6  8 360   M    M   6        10 350
 8  87  65  76   1   0  11 0.00  0.0    0  5.8 13 210   M    M   4 18     17 200
 9  93  71  82   7   0  17 0.00  0.0    0 10.8 22 200   M    M   1 1      27 200
10  93  71  82   7   0  17 0.52  0.0    0 11.5 22 220   M    M   4 138    32 220
11  72  66  69  -5   0   4 0.22  0.0    0 12.0 18  20   M    M  10 13     22 350
12  66  55  61 -13   4   0 0.04  0.0    0 14.9 23  10   M    M  10 1      28  20
13  63  53  58 -15   7   0 0.00  0.0    0  6.6 18  20   M    M   8        22  30
14  77  53  65  -8   0   0    T  0.0    0  4.6 14 190   M    M   3        16 190
15  80  65  73   0   0   8 0.06  0.0    0  5.6 13 210   M    M   3 1      16 190
16  81  64  73   1   0   8 0.00  0.0    0  3.6 10  30   M    M   5 128    14  20
17  89  67  78   6   0  13 0.54  0.0    0 10.4 28 110   M    M   5 13     35 110
18  84  65  75   4   0  10 0.28  0.0    0  6.8 23  30   M    M   3 13     34  40
19  81  66  74   3   0   9 0.00  0.0    0  6.4 12 150   M    M   4 18     15 130
20  87  66  77   6   0  12 0.00  0.0    0  5.8 13 200   M    M   4 12     18 190
21  83  58  71   1   0   6 0.01  0.0    0  6.1 15  10   M    M   4 1      20  10
22  79  54  67  -3   0   2 0.00  0.0    0  4.4 14  60   M    M   0 18     16  60
23  77  52  65  -4   0   0 0.00  0.0    0  6.5 14 110   M    M   0 12     18 120
24  80  50  65  -4   0   0 0.00  0.0    0  5.2 13 160   M    M   0        16 150
25  83  54  69   0   0   4 0.00  0.0    0  5.1 15 120   M    M   0        19 120
26  82  57  70   2   0   5 0.00  0.0    0  3.3 12 100   M    M   2 1      17 130
27  84  56  70   2   0   5 0.00  0.0    0  3.6 12 110   M    M   2 12     15 110
28  85  59  72   4   0   7 0.00  0.0    0  2.8 10 130   M    M   0 1      13 100
29  86  58  72   5   0   7 0.00  0.0    0  2.8  9 110   M    M   2 12     12 110
30  84  59  72   5   0   7 0.00  0.0    0  7.8 16 140   M    M   1 1      22 140
================================================================================
SM 2480 1868        11 242  3.86     0.0 211.1          M       96
================================================================================
AV 82.7 62.3                               7.0 FASTST   M    M   3    MAX(MPH)
                                 MISC ---->  # 28  20               # 35  110
================================================================================
NOTES:
# LAST OF SEVERAL OCCURRENCES

COLUMN 17 PEAK WIND IN M.P.H.

PRELIMINARY LOCAL CLIMATOLOGICAL DATA (WS FORM: F-6) , PAGE 2

                                          STATION:  MUSKOGEE OKLAHOMA
                                          MONTH:    SEPTEMBER
                                          YEAR:     2014
                                          LATITUDE:   35 40 N
                                          LONGITUDE:  95 22 W

[TEMPERATURE DATA]      [PRECIPITATION DATA]       SYMBOLS USED IN COLUMN 16

AVERAGE MONTHLY: 72.5   TOTAL FOR MONTH:   3.86    1 = FOG OR MIST
DPTR FM NORMAL:   0.1   DPTR FM NORMAL:   -1.17    2 = FOG REDUCING VISIBILITY
HIGHEST:    93 ON 10, 9 GRTST 24HR  1.80 ON  2- 2      TO 1/4 MILE OR LESS
LOWEST:     50 ON 24                               3 = THUNDER
                        SNOW, ICE PELLETS, HAIL    4 = ICE PELLETS
                        TOTAL MONTH:   0.0 INCH    5 = HAIL
                        GRTST 24HR     0.0         6 = FREEZING RAIN OR DRIZZLE
                        GRTST DEPTH:   0           7 = DUSTSTORM OR SANDSTORM:
                                                       VSBY 1/2 MILE OR LESS
                                                   8 = SMOKE OR HAZE
[NO. OF DAYS WITH]      [WEATHER - DAYS WITH]      9 = BLOWING SNOW
                                                   X = TORNADO
MAX 32 OR BELOW:   0    0.01 INCH OR MORE:   9
MAX 90 OR ABOVE:   6    0.10 INCH OR MORE:   6
MIN 32 OR BELOW:   0    0.50 INCH OR MORE:   3
MIN  0 OR BELOW:   0    1.00 INCH OR MORE:   1

[HDD (BASE 65) ]
TOTAL THIS MO.    11    CLEAR  (SCALE 0-3)  17
DPTR FM NORMAL    -8    PTCLDY (SCALE 4-7)  10
TOTAL FM JUL 1    11    CLOUDY (SCALE 8-10)  3
DPTR FM NORMAL    -8

[CDD (BASE 65) ]
TOTAL THIS MO.   242
DPTR FM NORMAL     1    [PRESSURE DATA]
TOTAL FM JAN 1  1669    HIGHEST SLP 30.37 ON 13
DPTR FM NORMAL  -109    LOWEST  SLP 29.70 ON 10

[REMARKS]
#FINAL-09-14#
