166
CXUS54 KTSA 270840
CF6MKO
PRELIMINARY LOCAL CLIMATOLOGICAL DATA (WS FORM: F-6)

                                          STATION:   MUSKOGEE OKLAHOMA
                                          MONTH:     AUGUST
                                          YEAR:      2016
                                          LATITUDE:   35 40 N
                                          LONGITUDE:  95 22 W

  TEMPERATURE IN F:       :PCPN:    SNOW:  WIND      :SUNSHINE: SKY     :PK WND
================================================================================
1   2   3   4   5  6A  6B    7    8   9   10  11  12  13   14  15   16   17  18
                                     12Z  AVG MX 2MIN
DY MAX MIN AVG DEP HDD CDD  WTR  SNW DPTH SPD SPD DIR MIN PSBL S-S WX    SPD DR
================================================================================

 1  98  75  87   5   0  22 0.00  0.0    0  7.8 16 200   M    M   0        22 210
 2  99  73  86   4   0  21 0.00  0.0    0  6.7 13 240   M    M   0        17 220
 3 100  71  86   4   0  21 0.00  0.0    0  6.3 14 190   M    M   0        19 250
 4 100  74  87   5   0  22 0.00  0.0    0  6.9 16 250   M    M   1        22 230
 5 102  74  88   6   0  23 0.00  0.0    0  4.7 14 230   M    M   1        18 240
 6  90  73  82   0   0  17 0.44  0.0    0  5.2 23 350   M    M   3 13     31 360
 7  95  74  85   3   0  20 0.00  0.0    0  5.2 21 130   M    M   1        27 130
 8  95  71  83   1   0  18 0.02  0.0    0  5.4 21 210   M    M   1 3      26 200
 9  99  72  86   4   0  21 1.48  0.0    0  6.1 21  80   M    M   2 138    37 350
10  98  73  86   4   0  21 0.00  0.0    0  7.3 17 160   M    M   1 13     24 170
11  99  76  88   6   0  23 0.00  0.0    0  7.9 14 220   M    M   0        18 220
12  94  77  86   4   0  21    T  0.0    0  5.9 17  10   M    M   2 1      22  10
13  92  74  83   1   0  18 0.00  0.0    0 12.3 22  10   M    M   2        27  10
14  87  69  78  -4   0  13 0.00  0.0    0 11.0 24  30   M    M   2        30  20
15  80  64  72 -10   0   7 0.04  0.0    0  2.8  9 300   M    M   2 1      11 300
16  91  60  76  -6   0  11 0.00  0.0    0  4.3 12 140   M    M   3 12     15 150
17  92  67  80  -2   0  15 0.00  0.0    0  5.4 17 170   M    M   4 12     23 160
18  83  71  77  -5   0  12 0.46  0.0    0  6.0 13 150   M    M   5 13     17 140
19  89  71  80  -1   0  15 0.00  0.0    0  8.7 18 220   M    M   4        25 200
20  78  67  73  -8   0   8 0.24  0.0    0  3.7 15  10   M    M   6 13     20  10
21  85  58  72  -9   0   7 0.00  0.0    0  5.2 15  60   M    M   0 1      18  30
22  86  59  73  -8   0   8 0.00  0.0    0  7.2 18 150   M    M   2        25 140
23  91  73  82   2   0  17    T  0.0    0 10.9 21 200   M    M   5 1      27 180
24  96  73  85   5   0  20 0.00  0.0    0 11.0 18 140   M    M   0        26 210
25  96  70  83   3   0  18 0.00  0.0    0  8.1 21 130   M    M   1        26 130
26  85  69  77  -3   0  12    T  0.0    0  6.5 16 120   M    M   2        19 110
================================================================================
SM 2400 1828         0 431  2.68     0.0 178.5          M       50
================================================================================
AV 92.3 70.3                               6.9 FASTST   M    M   2    MAX(MPH)
                                 MISC ---->  # 24  30               # 37  350
================================================================================
NOTES:
# LAST OF SEVERAL OCCURRENCES

COLUMN 17 PEAK WIND IN M.P.H.

PRELIMINARY LOCAL CLIMATOLOGICAL DATA (WS FORM: F-6) , PAGE 2

                                          STATION:  MUSKOGEE OKLAHOMA
                                          MONTH:    AUGUST
                                          YEAR:     2016
                                          LATITUDE:   35 40 N
                                          LONGITUDE:  95 22 W

[TEMPERATURE DATA]      [PRECIPITATION DATA]       SYMBOLS USED IN COLUMN 16

AVERAGE MONTHLY: 81.3   TOTAL FOR MONTH:   2.68    1 = FOG OR MIST
DPTR FM NORMAL:  -0.2   DPTR FM NORMAL:   -0.04    2 = FOG REDUCING VISIBILITY
HIGHEST:   102 ON  5    GRTST 24HR  1.50 ON  8- 9      TO 1/4 MILE OR LESS
LOWEST:     58 ON 21                               3 = THUNDER
                        SNOW, ICE PELLETS, HAIL    4 = ICE PELLETS
                        TOTAL MONTH:   0.0 INCH    5 = HAIL
                        GRTST 24HR     0.0         6 = FREEZING RAIN OR DRIZZLE
                        GRTST DEPTH:   0           7 = DUSTSTORM OR SANDSTORM:
                                                       VSBY 1/2 MILE OR LESS
                                                   8 = SMOKE OR HAZE
[NO. OF DAYS WITH]      [WEATHER - DAYS WITH]      9 = BLOWING SNOW
                                                   X = TORNADO
MAX 32 OR BELOW:   0    0.01 INCH OR MORE:   6
MAX 90 OR ABOVE:  18    0.10 INCH OR MORE:   4
MIN 32 OR BELOW:   0    0.50 INCH OR MORE:   1
MIN  0 OR BELOW:   0    1.00 INCH OR MORE:   1

[HDD (BASE 65) ]
TOTAL THIS MO.     0    CLEAR  (SCALE 0-3)  21
DPTR FM NORMAL     0    PTCLDY (SCALE 4-7)   5
TOTAL FM JUL 1     0    CLOUDY (SCALE 8-10)  0
DPTR FM NORMAL     0

[CDD (BASE 65) ]
TOTAL THIS MO.   431
DPTR FM NORMAL     1    [PRESSURE DATA]
TOTAL FM JAN 1  1611    HIGHEST SLP M ON M
DPTR FM NORMAL   148    LOWEST  SLP 29.78 ON 12

[REMARKS]
