000
CXUS53 KMPX 251000
CF6MKT
PRELIMINARY LOCAL CLIMATOLOGICAL DATA (WS FORM: F-6)

                                          STATION:   MANKATO MN
                                          MONTH:     MARCH
                                          YEAR:      2017
                                          LATITUDE:   44 13 N
                                          LONGITUDE:  93 55 W

  TEMPERATURE IN F:       :PCPN:    SNOW:  WIND      :SUNSHINE: SKY     :PK WND
================================================================================
1   2   3   4   5  6A  6B    7    8   9   10  11  12  13   14  15   16   17  18
                                     12Z  AVG MX 2MIN
DY MAX MIN AVG DEP HDD CDD  WTR  SNW DPTH SPD SPD DIR MIN PSBL S-S WX    SPD DR
================================================================================

 1  36  23  30   5  35   0    M    M    M 17.0 24 300   M    M   0 1      33 310
 2  29  18  24  -2  41   0    M    M    M 12.1 21 340   M    M   0        25 320
 3  29  13  21  -5  44   0    M    M    M  8.7 18 160   M    M   4 1      23 160
 4  40  25  33   7  32   0    M    M    M 20.1 28 140   M    M   1        37 140
 5  55  39  47  20  18   0    M    M    M 15.2 24 140   M    M   4        30 150
 6  70  35  53  26  12   0    M    M    M 19.5 25 310   M    M   8 13     43 190
 7  48  29  39  11  26   0    M    M    M 24.8 35 260   M    M   4 1      51 280
 8  37  28  33   5  32   0    M    M    M 21.1 37 290   M    M   2        50 300
 9  32  17  25  -4  40   0    M    M    M 11.8 18 320   M    M   8        23 320
10  19   5  12 -17  53   0    M    M    M 12.4 21 320   M    M   2        24 320
11  22  12  17 -12  48   0    M    M    M  8.4 13  20   M    M   9         M  M
12  23  13  18 -12  47   0    M    M    M 10.6 20  70   M    M   6 12     24  70
13  24  11  18 -12  47   0    M    M    M 11.7 18  20   M    M   6         M  M
14  24   1  13 -18  52   0    M    M    M  4.7  8  40   M    M   0         M  M
15  27   0  14 -17  51   0    M    M    M  6.9 13 140   M    M   2         M  M
16  36  19  28  -4  37   0    M    M    M 17.1 25 130   M    M   5        31 130
17  42  31  37   5  28   0    M    M    M 16.2 25 300   M    M   7 1      39 290
18  42  29  36   4  29   0    M    M    M 11.8 21 320   M    M   6        32 320
19  59  31  45  12  20   0    M    M    M 13.4 25 160   M    M   1        36 160
20  53  35  44  10  21   0    M    M    M  9.3 16  20   M    M   2         M  M
21  40  24  32  -2  33   0    M    M    M 12.4 20 350   M    M   0        21 340
22  38  21  30  -4  35   0    M    M    M 13.2 18 150   M    M   5        27 150
23  41  35  38   3  27   0    M    M    M 15.9 23 150   M    M  10        32 150
24  44  37  41   6  24   0    M    M    M 12.6 17 360   M    M  10 1       M  M
================================================================================
SM  910  531       832   0    M     M    326.9          M      102
================================================================================
AV 37.9 22.1                              13.6 FASTST   M    M   4    MAX(MPH)
                                 MISC ---->    37   M                 51    M
================================================================================
NOTES:
# LAST OF SEVERAL OCCURRENCES

COLUMN 17 PEAK WIND IN M.P.H.

PRELIMINARY LOCAL CLIMATOLOGICAL DATA (WS FORM: F-6) , PAGE 2

                                          STATION:  MANKATO MN
                                          MONTH:    MARCH
                                          YEAR:     2017
                                          LATITUDE:   44 13 N
                                          LONGITUDE:  93 55 W

[TEMPERATURE DATA]      [PRECIPITATION DATA]       SYMBOLS USED IN COLUMN 16

AVERAGE MONTHLY: 30.0   TOTAL FOR MONTH:      M    1 = FOG OR MIST
DPTR FM NORMAL:  -0.1   DPTR FM NORMAL:       M    2 = FOG REDUCING VISIBILITY
HIGHEST:    70 ON  6    GRTST 24HR    M  ON   M        TO 1/4 MILE OR LESS
LOWEST:      0 ON 15                               3 = THUNDER
                        SNOW, ICE PELLETS, HAIL    4 = ICE PELLETS
                        TOTAL MONTH:    M          5 = HAIL
                        GRTST 24HR    M  ON   M    6 = FREEZING RAIN OR DRIZZLE
                        GRTST DEPTH:  M  ON   M    7 = DUSTSTORM OR SANDSTORM:
                                                       VSBY 1/2 MILE OR LESS
                                                   8 = SMOKE OR HAZE
[NO. OF DAYS WITH]      [WEATHER - DAYS WITH]      9 = BLOWING SNOW
                                                   X = TORNADO
MAX 32 OR BELOW:   9    0.01 INCH OR MORE:   0
MAX 90 OR ABOVE:   0    0.10 INCH OR MORE:   0
MIN 32 OR BELOW:  19    0.50 INCH OR MORE:   0
MIN  0 OR BELOW:   1    1.00 INCH OR MORE:   0

[HDD (BASE 65) ]
TOTAL THIS MO.   832    CLEAR  (SCALE 0-3)  10
DPTR FM NORMAL    -5    PTCLDY (SCALE 4-7)  11
TOTAL FM JUL 1  5655    CLOUDY (SCALE 8-10)  3
DPTR FM NORMAL -1105

[CDD (BASE 65) ]
TOTAL THIS MO.     0
DPTR FM NORMAL     0    [PRESSURE DATA]
TOTAL FM JAN 1     0    HIGHEST SLP M ON M
DPTR FM NORMAL     0    LOWEST  SLP M ON M

[REMARKS]
