000
CXUS53 KMPX 191000
CF6MKT
PRELIMINARY LOCAL CLIMATOLOGICAL DATA (WS FORM: F-6)

                                          STATION:   MANKATO MN
                                          MONTH:     FEBRUARY
                                          YEAR:      2018
                                          LATITUDE:   44 13 N
                                          LONGITUDE:  93 55 W

  TEMPERATURE IN F:       :PCPN:    SNOW:  WIND      :SUNSHINE: SKY     :PK WND
================================================================================
1   2   3   4   5  6A  6B    7    8   9   10  11  12  13   14  15   16   17  18
                                     12Z  AVG MX 2MIN
DY MAX MIN AVG DEP HDD CDD  WTR  SNW DPTH SPD SPD DIR MIN PSBL S-S WX    SPD DR
================================================================================

 1   7  -5   1 -15  64   0 0.00    M    M 16.0 24 320   M    M   3        37 320
 2  15  -9   3 -13  62   0 0.00    M    M  7.3 14 180   M    M   3        18 180
 3  31  11  21   5  44   0 0.00    M    M 11.2 20 360   M    M  10 1      23  10
 4  11  -4   4 -12  61   0 0.02    M    M 14.2 22 350   M    M   3 1      27 350
 5  13  -6   4 -13  61   0 0.00    M    M  9.4 16 300   M    M   4 1       M  M
 6   8 -11  -1 -18  66   0 0.06    M    M  6.5 10 200   M    M   5 1       M  M
 7  12   1   7 -10  58   0 0.02    M    M  8.1 10 270   M    M   5 18      M  M
 8  16   1   9  -9  56   0 0.00    M    M  6.2 15  20   M    M   6 1       M  M
 9  11   0   6 -12  59   0 0.05    M    M  9.9 16  20   M    M   4 1       M  M
10  13  -1   6 -12  59   0 0.00    M    M  6.5 10 240   M    M   2         M  M
11  18  -5   7 -11  58   0 0.00    M    M  9.4 13 300   M    M   0         M  M
12  21  -4   9 -10  56   0 0.00    M    M  5.2 12 340   M    M   0         M  M
13  28   8  18  -1  47   0 0.00    M    M 12.1 21 190   M    M   5        27 190
14  40  14  27   8  38   0 0.00    M    M  9.6 17 220   M    M   0 1       M  M
15  35   9  22   2  43   0 0.00    M    M 13.3 21 310   M    M   6 1      31 310
16  16  -2   7 -13  58   0    M    M    M 11.1 18 300   M    M   0        24 310
17  35  13  24   4  41   0    M    M    M 10.8 18 200   M    M   5 1      22 300
18  42  12  27   6  38   0    M    M    M 14.8 27 190   M    M   1        43 190
================================================================================
SM  372   22       969   0  0.15    M    181.6          M       62
================================================================================
AV 20.7  1.2                              10.1 FASTST   M    M   3    MAX(MPH)
                                 MISC ---->  # 27 190               # 43  190
================================================================================
NOTES:
# LAST OF SEVERAL OCCURRENCES

COLUMN 17 PEAK WIND IN M.P.H.

PRELIMINARY LOCAL CLIMATOLOGICAL DATA (WS FORM: F-6) , PAGE 2

                                          STATION:  MANKATO MN
                                          MONTH:    FEBRUARY
                                          YEAR:     2018
                                          LATITUDE:   44 13 N
                                          LONGITUDE:  93 55 W

[TEMPERATURE DATA]      [PRECIPITATION DATA]       SYMBOLS USED IN COLUMN 16

AVERAGE MONTHLY: 10.9   TOTAL FOR MONTH:   0.15    1 = FOG OR MIST
DPTR FM NORMAL:  -7.1   DPTR FM NORMAL:   -0.27    2 = FOG REDUCING VISIBILITY
HIGHEST:    42 ON 18    GRTST 24HR  0.06 ON  6- 6      TO 1/4 MILE OR LESS
LOWEST:    -11 ON  6                               3 = THUNDER
                        SNOW, ICE PELLETS, HAIL    4 = ICE PELLETS
                        TOTAL MONTH:    M          5 = HAIL
                        GRTST 24HR    M  ON   M    6 = FREEZING RAIN OR DRIZZLE
                        GRTST DEPTH:  M  ON   M    7 = DUSTSTORM OR SANDSTORM:
                                                       VSBY 1/2 MILE OR LESS
                                                   8 = SMOKE OR HAZE
[NO. OF DAYS WITH]      [WEATHER - DAYS WITH]      9 = BLOWING SNOW
                                                   X = TORNADO
MAX 32 OR BELOW:  14    0.01 INCH OR MORE:   4
MAX 90 OR ABOVE:   0    0.10 INCH OR MORE:   0
MIN 32 OR BELOW:  18    0.50 INCH OR MORE:   0
MIN  0 OR BELOW:  10    1.00 INCH OR MORE:   0

[HDD (BASE 65) ]
TOTAL THIS MO.   969    CLEAR  (SCALE 0-3)   8
DPTR FM NORMAL   125    PTCLDY (SCALE 4-7)   9
TOTAL FM JUL 1  5347    CLOUDY (SCALE 8-10)  1
DPTR FM NORMAL  -156

[CDD (BASE 65) ]
TOTAL THIS MO.     0
DPTR FM NORMAL     0    [PRESSURE DATA]
TOTAL FM JAN 1     0    HIGHEST SLP M ON M
DPTR FM NORMAL     0    LOWEST  SLP M ON M

[REMARKS]
