000
CXUS53 KMPX 271000
CF6MKT
PRELIMINARY LOCAL CLIMATOLOGICAL DATA (WS FORM: F-6)

                                          STATION:   MANKATO MN
                                          MONTH:     FEBRUARY
                                          YEAR:      2015
                                          LATITUDE:   44 13 N
                                          LONGITUDE:  93 55 W

  TEMPERATURE IN F:       :PCPN:    SNOW:  WIND      :SUNSHINE: SKY     :PK WND
================================================================================
1   2   3   4   5  6A  6B    7    8   9   10  11  12  13   14  15   16   17  18
                                     12Z  AVG MX 2MIN
DY MAX MIN AVG DEP HDD CDD  WTR  SNW DPTH SPD SPD DIR MIN PSBL S-S WX    SPD DR
================================================================================

 1  25   3  14  -2  51   0    M    M    M 17.8 23  40   M    M   6        30  30
 2  12  -4   4 -12  61   0    M    M    M  7.1 12 180   M    M   2         M  M
 3  16   3  10  -6  55   0    M    M    M  3.8  8 130   M    M   7         M  M
 4  14  -6   4 -12  61   0    M    M    M 10.5 20 310   M    M   2        25 310
 5  19  -8   6 -11  59   0    M    M    M 10.6 20 190   M    M   1        27 190
 6  30  10  20   3  45   0    M    M    M  7.8 12 150   M    M   2         M  M
 7  39  21  30  13  35   0    M    M    M  7.2 12 130   M    M   0         M  M
 8  34  27  31  13  34   0    M    M    M  9.3 13  20   M    M   9         M  M
 9  32  21  27   9  38   0    M    M    M  6.2 12 110   M    M   6         M  M
10  36  25  31  13  34   0    M    M    M 15.4 27 300   M    M   8        31 140
11  27   1  14  -4  51   0    M    M    M 23.8 29 300   M    M   9        38 310
12  12  -2   5 -14  60   0    M    M    M  8.7 20 350   M    M   2        25 340
13  32  12  22   3  43   0    M    M    M 15.8 28 310   M    M   8        32 300
14  18   1  10  -9  55   0    M    M    M 17.2 28 350   M    M   2        41 350
15  10   1   6 -14  59   0    M    M    M 11.2 17 140   M    M  10        18 150
16  23  10  17  -3  48   0    M    M    M 12.7 20 310   M    M   8        24 310
17  12   0   6 -14  59   0    M    M    M 16.0 25 320   M    M   5        33 320
18   3  -8  -2 -23  67   0    M    M    M 18.3 25 330   M    M   5        31 330
19  12  -9   2 -19  63   0    M    M    M  5.2 14 150   M    M   2         M  M
20  28  10  19  -3  46   0    M    M    M 10.5 18 190   M    M  10        24 190
21  25   0  13  -9  52   0    M    M    M 15.0 22 340   M    M   7        25 340
22   1  -8  -3 -25  68   0    M    M    M 14.5 20 330   M    M   3        24 320
23  23  -9   7 -16  58   0    M    M    M 12.9 23 210   M    M   1        31 210
24  34  16  25   2  40   0    M    M    M 20.9 30 320   M    M   6        44 320
25  18   1  10 -14  55   0    M    M    M 10.3 13 330   M    M   7         M  M
26   5  -8  -1 -25  66   0    M    M    M 10.4 17 300   M    M   1        20 320
================================================================================
SM  540  100      1363   0    M     M    319.1          M      129
================================================================================
AV 20.8  3.8                              12.3 FASTST   M    M   5    MAX(MPH)
                                 MISC ---->    30   M                 44    M
================================================================================
NOTES:
# LAST OF SEVERAL OCCURRENCES

COLUMN 17 PEAK WIND IN M.P.H.

PRELIMINARY LOCAL CLIMATOLOGICAL DATA (WS FORM: F-6) , PAGE 2

                                          STATION:  MANKATO MN
                                          MONTH:    FEBRUARY
                                          YEAR:     2015
                                          LATITUDE:   44 13 N
                                          LONGITUDE:  93 55 W

[TEMPERATURE DATA]      [PRECIPITATION DATA]       SYMBOLS USED IN COLUMN 16

AVERAGE MONTHLY: 12.3   TOTAL FOR MONTH:      M    1 = FOG OR MIST
DPTR FM NORMAL:  -7.2   DPTR FM NORMAL:       M    2 = FOG REDUCING VISIBILITY
HIGHEST:    39 ON  7    GRTST 24HR    M  ON   M        TO 1/4 MILE OR LESS
LOWEST:     -9 ON 23,19                            3 = THUNDER
                        SNOW, ICE PELLETS, HAIL    4 = ICE PELLETS
                        TOTAL MONTH:    M          5 = HAIL
                        GRTST 24HR    M  ON   M    6 = FREEZING RAIN OR DRIZZLE
                        GRTST DEPTH:  M  ON   M    7 = DUSTSTORM OR SANDSTORM:
                                                       VSBY 1/2 MILE OR LESS
                                                   8 = SMOKE OR HAZE
[NO. OF DAYS WITH]      [WEATHER - DAYS WITH]      9 = BLOWING SNOW
                                                   X = TORNADO
MAX 32 OR BELOW:  22    0.01 INCH OR MORE:   0
MAX 90 OR ABOVE:   0    0.10 INCH OR MORE:   0
MIN 32 OR BELOW:  26    0.50 INCH OR MORE:   0
MIN  0 OR BELOW:  11    1.00 INCH OR MORE:   0

[HDD (BASE 65) ]
TOTAL THIS MO.  1363    CLEAR  (SCALE 0-3)  11
DPTR FM NORMAL   180    PTCLDY (SCALE 4-7)  11
TOTAL FM JUL 1  5798    CLOUDY (SCALE 8-10)  4
DPTR FM NORMAL   -44

[CDD (BASE 65) ]
TOTAL THIS MO.     0
DPTR FM NORMAL     0    [PRESSURE DATA]
TOTAL FM JAN 1     0    HIGHEST SLP M ON M
DPTR FM NORMAL     0    LOWEST  SLP M ON M

[REMARKS]
