000
CXUS54 KTSA 280840
CF6MLC
PRELIMINARY LOCAL CLIMATOLOGICAL DATA (WS FORM: F-6)

                                          STATION:   MCALESTER OKLAHOMA
                                          MONTH:     JULY
                                          YEAR:      2016
                                          LATITUDE:   34 52 N
                                          LONGITUDE:  95 47 W

  TEMPERATURE IN F:       :PCPN:    SNOW:  WIND      :SUNSHINE: SKY     :PK WND
================================================================================
1   2   3   4   5  6A  6B    7    8   9   10  11  12  13   14  15   16   17  18
                                     12Z  AVG MX 2MIN
DY MAX MIN AVG DEP HDD CDD  WTR  SNW DPTH SPD SPD DIR MIN PSBL S-S WX    SPD DR
================================================================================

 1  94  72  83   2   0  18 0.00  0.0    0  4.8 10 100   M    M   1        15  80
 2  94  75  85   4   0  20 0.00  0.0    0  7.3 20 210   M    M   1        24 210
 3  92  69  81   0   0  16 3.45  0.0    0  9.0 25 230   M    M   6 13     30  10
 4  90  70  80  -1   0  15 0.00  0.0    0  7.1 17 230   M    M   6 3      22 210
 5  93  77  85   4   0  20 0.00  0.0    0  7.3 18 210   M    M   1        22 210
 6  94  79  87   6   0  22 0.00  0.0    0 10.8 21 220   M    M   1        28 200
 7  95  79  87   6   0  22 0.00  0.0    0 10.9 18 200   M    M   0        27 190
 8  92  75  84   2   0  19 0.01  0.0    0  6.1 13 280   M    M   1        22 180
 9  86  75  81  -1   0  16 0.01  0.0    0  3.2 10  80   M    M   2 3      17 120
10  93  70  82   0   0  17 0.00  0.0    0  4.4 12 200   M    M   1 1      16 210
11  92  77  85   3   0  20 0.00  0.0    0  8.8 16 160   M    M   3        27 180
12  93  79  86   4   0  21    T  0.0    0 10.1 18 180   M    M   1 3      30 180
13  95  80  88   6   0  23 0.00  0.0    0  9.5 17 200   M    M   1        29 330
14  92  67  80  -2   0  15 1.31  0.0    0  7.5 33  10   M    M   4 13     42 360
15  86  69  78  -4   0  13 0.31  0.0    0  4.4 17 270   M    M   5 13     25 260
16  94  74  84   2   0  19 0.00  0.0    0  4.1 14 220   M    M   3 3      28 150
17  94  77  86   4   0  21 0.00  0.0    0  6.7 15 210   M    M   0        22 210
18  96  77  87   5   0  22 0.00  0.0    0  4.6 10 220   M    M   2        14 100
19  96  75  86   4   0  21 0.00  0.0    0  3.0 13 200   M    M   2 3      17 210
20  97  76  87   5   0  22 0.00  0.0    0  3.6 12 210   M    M   2        15 210
21  98  73  86   4   0  21 0.00  0.0    0  3.8 15 210   M    M   1        21 230
22  99  73  86   3   0  21 0.00  0.0    0  3.5 10 240   M    M   1        15 210
23  99  74  87   4   0  22 0.00  0.0    0  4.6 14 240   M    M   1        19 220
24 101  74  88   5   0  23 0.00  0.0    0  3.6 14  70   M    M   1        24  30
25  97  76  87   4   0  22 0.00  0.0    0  3.3 13 160   M    M   2 3      19 110
26  95  74  85   2   0  20 1.53  0.0    0  3.7 20 140   M    M   4 123    31 190
27  91  75  83   0   0  18    T  0.0    0  1.9 10 290   M    M   3 13     30 210
================================================================================
SM 2538 2011         0 529  6.62     0.0 157.6          M       56
================================================================================
AV 94.0 74.5                               5.8 FASTST   M    M   2    MAX(MPH)
                                 MISC ---->  # 33  10               # 42  360
================================================================================
NOTES:
# LAST OF SEVERAL OCCURRENCES

COLUMN 17 PEAK WIND IN M.P.H.

PRELIMINARY LOCAL CLIMATOLOGICAL DATA (WS FORM: F-6) , PAGE 2

                                          STATION:  MCALESTER OKLAHOMA
                                          MONTH:    JULY
                                          YEAR:     2016
                                          LATITUDE:   34 52 N
                                          LONGITUDE:  95 47 W

[TEMPERATURE DATA]      [PRECIPITATION DATA]       SYMBOLS USED IN COLUMN 16

AVERAGE MONTHLY: 84.2   TOTAL FOR MONTH:   6.62    1 = FOG OR MIST
DPTR FM NORMAL:   2.3   DPTR FM NORMAL:    4.31    2 = FOG REDUCING VISIBILITY
HIGHEST:   101 ON 24    GRTST 24HR  3.45 ON  3- 3      TO 1/4 MILE OR LESS
LOWEST:     67 ON 14                               3 = THUNDER
                        SNOW, ICE PELLETS, HAIL    4 = ICE PELLETS
                        TOTAL MONTH:   0.0 INCH    5 = HAIL
                        GRTST 24HR     0.0         6 = FREEZING RAIN OR DRIZZLE
                        GRTST DEPTH:   0           7 = DUSTSTORM OR SANDSTORM:
                                                       VSBY 1/2 MILE OR LESS
                                                   8 = SMOKE OR HAZE
[NO. OF DAYS WITH]      [WEATHER - DAYS WITH]      9 = BLOWING SNOW
                                                   X = TORNADO
MAX 32 OR BELOW:   0    0.01 INCH OR MORE:   6
MAX 90 OR ABOVE:  25    0.10 INCH OR MORE:   4
MIN 32 OR BELOW:   0    0.50 INCH OR MORE:   3
MIN  0 OR BELOW:   0    1.00 INCH OR MORE:   3

[HDD (BASE 65) ]
TOTAL THIS MO.     0    CLEAR  (SCALE 0-3)  21
DPTR FM NORMAL     0    PTCLDY (SCALE 4-7)   6
TOTAL FM JUL 1     0    CLOUDY (SCALE 8-10)  0
DPTR FM NORMAL     0

[CDD (BASE 65) ]
TOTAL THIS MO.   529
DPTR FM NORMAL    71    [PRESSURE DATA]
TOTAL FM JAN 1  1204    HIGHEST SLP M ON M
DPTR FM NORMAL   127    LOWEST  SLP 29.68 ON  7

[REMARKS]
