000
CXUS55 KBYZ 221055
CF6MLS
PRELIMINARY LOCAL CLIMATOLOGICAL DATA (WS FORM: F-6)

                                          STATION:   MILES CITY MT
                                          MONTH:     OCTOBER
                                          YEAR:      2017
                                          LATITUDE:   46 25 N
                                          LONGITUDE: 105 53 W

  TEMPERATURE IN F:       :PCPN:    SNOW:  WIND      :SUNSHINE: SKY     :PK WND
================================================================================
1   2   3   4   5  6A  6B    7    8   9   10  11  12  13   14  15   16   17  18
                                     12Z  AVG MX 2MIN
DY MAX MIN AVG DEP HDD CDD  WTR  SNW DPTH SPD SPD DIR MIN PSBL S-S WX    SPD DR
================================================================================

 1  57  46  52  -1  13   0 0.49    M    M 12.7 30 310   M    M  10 1      35 320
 2  54  35  45  -7  20   0 0.00    M    M 16.7 30 270   M    M   4        37 290
 3  40  28  34 -18  31   0 0.06    M    M 18.4 32 270   M    M   8 1      42 270
 4  56  25  41 -11  24   0 0.00    M    M  7.5 15  50   M    M   1        19  40
 5  59  37  48  -3  17   0 0.00    M    M  6.0 13 290   M    M   2        15 300
 6  68  37  53   2  12   0 0.00    M    M 11.1 23 250   M    M   0        29 270
 7  71  45  58   8   7   0    T    M    M 11.6 30 330   M    M   5        43 320
 8  55  30  43  -7  22   0    T    M    M  8.7 25 340   M    M   2        33 330
 9  57  25  41  -8  24   0 0.00    M    M  8.1 20 260   M    M   0        26 240
10  67  33  50   1  15   0 0.00    M    M  9.8 20 130   M    M   0        26 160
11  68  35  52   3  13   0 0.00    M    M  8.8 29 330   M    M   0        37 330
12  55  34  45  -3  20   0 0.01    M    M  9.0 25 340   M    M   3        32 360
13  59  27  43  -5  22   0 0.00    M    M  6.9 18  30   M    M   1        23  40
14  48  31  40  -7  25   0 0.00    M    M  7.9 16 320   M    M   5        19 330
15  61  29  45  -2  20   0 0.00    M    M  9.2 22 300   M    M   0        27 290
16  72  37  55   8  10   0 0.00    M    M  9.1 24 300   M    M   0        30 300
17  79  38  59  13   6   0 0.00    M    M 10.6 24 250   M    M   0        30 260
18  62  36  49   3  16   0 0.00    M    M  9.0 33 340   M    M   1        42 350
19  82  44  63  18   2   0 0.00    M    M  9.4 14 160   M    M   0        16 160
20  78  38  58  13   7   0 0.08    M    M 12.0 43 260   M    M   1        54 260
21  57  32  45   1  20   0 0.00    M    M 18.1 36 310   M    M   3        46 280
================================================================================
SM 1305  722       346   0  0.64    M    220.6          M       46
================================================================================
AV 62.1 34.4                              10.5 FASTST   M    M   2    MAX(MPH)
                                 MISC ---->  # 43 260               # 54  260
================================================================================
NOTES:
# LAST OF SEVERAL OCCURRENCES

COLUMN 17 PEAK WIND IN M.P.H.

PRELIMINARY LOCAL CLIMATOLOGICAL DATA (WS FORM: F-6) , PAGE 2

                                          STATION:  MILES CITY MT
                                          MONTH:    OCTOBER
                                          YEAR:     2017
                                          LATITUDE:   46 25 N
                                          LONGITUDE: 105 53 W

[TEMPERATURE DATA]      [PRECIPITATION DATA]       SYMBOLS USED IN COLUMN 16

AVERAGE MONTHLY: 48.3   TOTAL FOR MONTH:   0.64    1 = FOG OR MIST
DPTR FM NORMAL:  -0.4   DPTR FM NORMAL:   -0.06    2 = FOG REDUCING VISIBILITY
HIGHEST:    82 ON 19    GRTST 24HR  0.49 ON  1- 1      TO 1/4 MILE OR LESS
LOWEST:     25 ON  9, 4                            3 = THUNDER
                        SNOW, ICE PELLETS, HAIL    4 = ICE PELLETS
                        TOTAL MONTH:    M          5 = HAIL
                        GRTST 24HR    M  ON   M    6 = FREEZING RAIN OR DRIZZLE
                        GRTST DEPTH:  M  ON   M    7 = DUSTSTORM OR SANDSTORM:
                                                       VSBY 1/2 MILE OR LESS
                                                   8 = SMOKE OR HAZE
[NO. OF DAYS WITH]      [WEATHER - DAYS WITH]      9 = BLOWING SNOW
                                                   X = TORNADO
MAX 32 OR BELOW:   0    0.01 INCH OR MORE:   4
MAX 90 OR ABOVE:   0    0.10 INCH OR MORE:   1
MIN 32 OR BELOW:   8    0.50 INCH OR MORE:   0
MIN  0 OR BELOW:   0    1.00 INCH OR MORE:   0

[HDD (BASE 65) ]
TOTAL THIS MO.   346    CLEAR  (SCALE 0-3)  16
DPTR FM NORMAL     0    PTCLDY (SCALE 4-7)   4
TOTAL FM JUL 1   574    CLOUDY (SCALE 8-10)  1
DPTR FM NORMAL    -8

[CDD (BASE 65) ]
TOTAL THIS MO.     0
DPTR FM NORMAL     0    [PRESSURE DATA]
TOTAL FM JAN 1   985    HIGHEST SLP M ON M
DPTR FM NORMAL   257    LOWEST  SLP 29.21 ON 20

[REMARKS]
