000
CXUS51 KCAR 300600
CF6MLT
PRELIMINARY LOCAL CLIMATOLOGICAL DATA (WS FORM: F-6)

                                          STATION:   MILLINOCKET ME
                                          MONTH:     MARCH
                                          YEAR:      2015
                                          LATITUDE:   45 39 N
                                          LONGITUDE:  68 41 W

  TEMPERATURE IN F:       :PCPN:    SNOW:  WIND      :SUNSHINE: SKY     :PK WND
================================================================================
1   2   3   4   5  6A  6B    7    8   9   10  11  12  13   14  15   16   17  18
                                     12Z  AVG MX 2MIN
DY MAX MIN AVG DEP HDD CDD  WTR  SNW DPTH SPD SPD DIR MIN PSBL S-S WX    SPD DR
================================================================================

 1  29   3  16  -7  49   0    T    M    M  3.8 12 250   M    M   4 1      18 210
 2  28  13  21  -3  44   0 0.09    M    M 10.6 28 290   M    M   9 18     44 290
 3  27   6  17  -7  48   0 0.14    M    M 10.0 28 290   M    M   1 18     42 290
 4  39  22  31   7  34   0 0.07    M    M  7.7 22 280   M    M   6 1      34 260
 5  32   2  17  -7  48   0    T    M    M 10.8 22 310   M    M   1        30 310
 6  24  -7   9 -16  56   0 0.00    M    M  5.1 14 310   M    M   0        20 290
 7  32   1  17  -8  48   0 0.00    M    M  3.4 15 290   M    M   5        24 280
 8  30  10  20  -5  45   0    T    M    M  3.0 13 310   M    M   5 18     16 310
 9  34  11  23  -3  42   0 0.03    M    M  3.8 21 300   M    M   7 128    33 270
10  45  12  29   3  36   0 0.00    M    M  3.8 10 180   M    M   4 18     21 230
11  48  25  37  11  28   0    T    M    M  7.8 28 320   M    M   3 8      40 320
12  32  14  23  -4  42   0 0.01    M    M 17.4 29 320   M    M   3 18     41 310
13  30   6  18  -9  47   0    T    M    M  8.1 21 320   M    M   1        28 330
14  30  19  25  -2  40   0 0.08    M    M  5.3 12  60   M    M  10 18     17  60
15  26  21  24  -4  41   0 0.68    M    M 13.4 21 360   M    M  10 12     32 350
16  39  12  26  -2  39   0 0.00    M    M  8.8 20 340   M    M   0 18     26 330
17  33  13  23  -5  42   0 0.37    M    M  7.9 30 310   M    M   9 12     45 300
18  20  11  16 -12  49   0 0.01    M    M 20.2 31 310   M    M   7 9      44 300
19  26   8  17 -12  48   0 0.02    M    M 15.4 25 310   M    M   2 8      35 310
20  40   8  24  -5  41   0 0.00    M    M  4.2 12 310   M    M   1        16 190
21  36  27  32   2  33   0 0.02    M    M  3.6  9 170   M    M  10 18     14 170
22  31   7  19 -11  46   0 0.12    M    M 18.6 33 310   M    M   5 19     52 310
23  22   4  13 -17  52   0 0.00    M    M 15.1 24 310   M    M   1        35 300
24  39  14  27  -4  38   0 0.00    M    M  5.4 13 300   M    M   0 8      18 300
25  47  20  34   3  31   0    T    M    M  5.4 13 170   M    M   1        19 150
26  51  33  42  11  23   0 0.14    M    M  4.6 12 270   M    M   9 1      22 200
27  45  30  38   6  27   0 0.00    M    M  5.5 15 310   M    M   6        17 310
28  37  23  30  -2  35   0 0.00    M    M  8.7 16 350   M    M   4        22 330
29  40  16  28  -4  37   0 0.00    M    M  3.5 13 310   M    M   1        20 290
================================================================================
SM  992  384      1189   0  1.78    M    240.9          M      125
================================================================================
AV 34.2 13.2                               8.3 FASTST   M    M   4    MAX(MPH)
                                 MISC ---->  # 33 310               # 52  310
================================================================================
NOTES:
# LAST OF SEVERAL OCCURRENCES

COLUMN 17 PEAK WIND IN M.P.H.

PRELIMINARY LOCAL CLIMATOLOGICAL DATA (WS FORM: F-6) , PAGE 2

                                          STATION:  MILLINOCKET ME
                                          MONTH:    MARCH
                                          YEAR:     2015
                                          LATITUDE:   45 39 N
                                          LONGITUDE:  68 41 W

[TEMPERATURE DATA]      [PRECIPITATION DATA]       SYMBOLS USED IN COLUMN 16

AVERAGE MONTHLY: 23.7   TOTAL FOR MONTH:   1.78    1 = FOG OR MIST
DPTR FM NORMAL:  -3.9   DPTR FM NORMAL:   -1.03    2 = FOG REDUCING VISIBILITY
HIGHEST:    51 ON 26    GRTST 24HR  0.68 ON 15-15      TO 1/4 MILE OR LESS
LOWEST:     -7 ON  6                               3 = THUNDER
                        SNOW, ICE PELLETS, HAIL    4 = ICE PELLETS
                        TOTAL MONTH:    M          5 = HAIL
                        GRTST 24HR    M  ON   M    6 = FREEZING RAIN OR DRIZZLE
                        GRTST DEPTH:  M  ON   M    7 = DUSTSTORM OR SANDSTORM:
                                                       VSBY 1/2 MILE OR LESS
                                                   8 = SMOKE OR HAZE
[NO. OF DAYS WITH]      [WEATHER - DAYS WITH]      9 = BLOWING SNOW
                                                   X = TORNADO
MAX 32 OR BELOW:  15    0.01 INCH OR MORE:  13
MAX 90 OR ABOVE:   0    0.10 INCH OR MORE:   5
MIN 32 OR BELOW:  28    0.50 INCH OR MORE:   1
MIN  0 OR BELOW:   1    1.00 INCH OR MORE:   0

[HDD (BASE 65) ]
TOTAL THIS MO.  1189    CLEAR  (SCALE 0-3)  12
DPTR FM NORMAL   107    PTCLDY (SCALE 4-7)  11
TOTAL FM JUL 1  7234    CLOUDY (SCALE 8-10)  6
DPTR FM NORMAL   100

[CDD (BASE 65) ]
TOTAL THIS MO.     0
DPTR FM NORMAL     0    [PRESSURE DATA]
TOTAL FM JAN 1     0    HIGHEST SLP M ON M
DPTR FM NORMAL     0    LOWEST  SLP 29.32 ON 17

[REMARKS]
