000
CXUS51 KCAR 270600
CF6MLT
PRELIMINARY LOCAL CLIMATOLOGICAL DATA (WS FORM: F-6)

                                          STATION:   MILLINOCKET ME
                                          MONTH:     FEBRUARY
                                          YEAR:      2015
                                          LATITUDE:   45 39 N
                                          LONGITUDE:  68 41 W

  TEMPERATURE IN F:       :PCPN:    SNOW:  WIND      :SUNSHINE: SKY     :PK WND
================================================================================
1   2   3   4   5  6A  6B    7    8   9   10  11  12  13   14  15   16   17  18
                                     12Z  AVG MX 2MIN
DY MAX MIN AVG DEP HDD CDD  WTR  SNW DPTH SPD SPD DIR MIN PSBL S-S WX    SPD DR
================================================================================

 1  11  -6   3 -11  62   0 0.00    M    M 14.4 23 300   M    M   0 8      35 300
 2   1  -9  -4 -18  69   0 0.06    M    M  8.4 18 350   M    M   8        25 360
 3  11  -6   3 -12  62   0    T    M    M  7.9 21 290   M    M   2 8      32 280
 4  23 -13   5 -10  60   0 0.03    M    M  1.6  9 150   M    M   7 18     14 160
 5  24  -9   8  -7  57   0 0.01    M    M  7.6 21 310   M    M   7 18     26 300
 6  12 -10   1 -15  64   0 0.00    M    M  5.1 15 310   M    M   3 18     21 310
 7  13 -13   0 -16  65   0    T    M    M  5.7 15 290   M    M   4 18     23 290
 8   5  -7  -1 -17  66   0 0.06    M    M  6.1 12  20   M    M   7 1      17  20
 9   9  -1   4 -12  61   0 0.00    M    M  7.5 13  50   M    M  10        18  60
10  18  -7   6 -11  59   0 0.00    M    M  2.3  9  40   M    M   7 18     12  50
11  18  -7   6 -11  59   0 0.00    M    M  7.3 15  40   M    M   0 18     22  10
12  10  -5   3 -14  62   0    T    M    M  2.5  8  70   M    M   8 18     11  60
13   6  -6   0 -18  65   0 0.00    M    M 12.3 24 310   M    M   2 18     34 320
14  10 -16  -3 -21  68   0 0.01    M    M  4.7 17 290   M    M   6 1      23 280
15  10   0   5 -13  60   0 0.29    M    M 16.9 29 340   M    M   9 8      42 330
16  15  -2   7 -12  58   0 0.44    M    M 19.9 32 320   M    M   3 8      46 310
17  18  -2   8 -11  57   0 0.00    M    M  4.6 23 300   M    M   3 8      31 310
18  29  -1  14  -5  51   0 0.00    M    M  1.2  8  90   M    M   4 18     12  80
19  21  -3   9 -11  56   0 0.13    M    M  6.0 18 290   M    M   8 128    27 310
20  15   4  10 -10  55   0 0.02    M    M 13.4 23 290   M    M   5 8      40 290
21  24  -5  10 -10  55   0 0.17    M    M  4.7 14 300   M    M   5 18     20 290
22  31  10  21   0  44   0 0.09    M    M  2.2 12 310   M    M   5 128    18 320
23  21  -8   7 -14  58   0 0.07    M    M 12.9 25 300   M    M   5 18     37 310
24  13 -10   2 -20  63   0    T    M    M  6.7 22 280   M    M   2        33 310
25  27   6  17  -5  48   0 0.01    M    M  6.4 16 310   M    M   6 18     25 300
26  17   1   9 -13  56   0 0.00    M    M  9.7 21 290   M    M   0        33 290
================================================================================
SM  412 -125      1540   0  1.39    M    198.0          M      126
================================================================================
AV 15.8 -4.8                               7.6 FASTST   M    M   5    MAX(MPH)
                                 MISC ---->  # 32 320               # 46  310
================================================================================
NOTES:
# LAST OF SEVERAL OCCURRENCES

COLUMN 17 PEAK WIND IN M.P.H.

PRELIMINARY LOCAL CLIMATOLOGICAL DATA (WS FORM: F-6) , PAGE 2

                                          STATION:  MILLINOCKET ME
                                          MONTH:    FEBRUARY
                                          YEAR:     2015
                                          LATITUDE:   45 39 N
                                          LONGITUDE:  68 41 W

[TEMPERATURE DATA]      [PRECIPITATION DATA]       SYMBOLS USED IN COLUMN 16

AVERAGE MONTHLY:  5.5   TOTAL FOR MONTH:   1.39    1 = FOG OR MIST
DPTR FM NORMAL: -12.4   DPTR FM NORMAL:   -0.59    2 = FOG REDUCING VISIBILITY
HIGHEST:    31 ON 22    GRTST 24HR  0.58 ON 15-16      TO 1/4 MILE OR LESS
LOWEST:    -16 ON 14                               3 = THUNDER
                        SNOW, ICE PELLETS, HAIL    4 = ICE PELLETS
                        TOTAL MONTH:    M          5 = HAIL
                        GRTST 24HR    M  ON   M    6 = FREEZING RAIN OR DRIZZLE
                        GRTST DEPTH:  M  ON   M    7 = DUSTSTORM OR SANDSTORM:
                                                       VSBY 1/2 MILE OR LESS
                                                   8 = SMOKE OR HAZE
[NO. OF DAYS WITH]      [WEATHER - DAYS WITH]      9 = BLOWING SNOW
                                                   X = TORNADO
MAX 32 OR BELOW:  26    0.01 INCH OR MORE:  13
MAX 90 OR ABOVE:   0    0.10 INCH OR MORE:   4
MIN 32 OR BELOW:  26    0.50 INCH OR MORE:   0
MIN  0 OR BELOW:  22    1.00 INCH OR MORE:   0

[HDD (BASE 65) ]
TOTAL THIS MO.  1540    CLEAR  (SCALE 0-3)   7
DPTR FM NORMAL   318    PTCLDY (SCALE 4-7)  16
TOTAL FM JUL 1  5938    CLOUDY (SCALE 8-10)  3
DPTR FM NORMAL   -30

[CDD (BASE 65) ]
TOTAL THIS MO.     0
DPTR FM NORMAL     0    [PRESSURE DATA]
TOTAL FM JAN 1     0    HIGHEST SLP M ON M
DPTR FM NORMAL     0    LOWEST  SLP 29.24 ON 20

[REMARKS]
