000
CXUS56 KSTO 291355
CF6MOD
PRELIMINARY LOCAL CLIMATOLOGICAL DATA (WS FORM: F-6)

                                          STATION:   MODESTO CA
                                          MONTH:     MARCH
                                          YEAR:      2017
                                          LATITUDE:   37 37 N
                                          LONGITUDE: 120 57 W

  TEMPERATURE IN F:       :PCPN:    SNOW:  WIND      :SUNSHINE: SKY     :PK WND
================================================================================
1   2   3   4   5  6A  6B    7    8   9   10  11  12  13   14  15   16   17  18
                                     12Z  AVG MX 2MIN
DY MAX MIN AVG DEP HDD CDD  WTR  SNW DPTH SPD SPD DIR MIN PSBL S-S WX    SPD DR
================================================================================

 1  64  38  51  -5  14   0 0.00  0.0    0  3.7 10 330   M    M   0        17 250
 2  69  40  55  -1  10   0 0.00  0.0    0  2.2 10 290   M    M   0 1      27  90
 3  70  40  55  -1  10   0 0.00  0.0    0  0.8  8 340   M    M   0 1      12 230
 4  66  46  56   0   9   0    T    M    0  5.1 13 190   M    M   2        19 190
 5  56  40  48  -8  17   0 0.06  0.0    0  9.5 32 290   M    M   3 18     39 280
 6  59  36  48  -8  17   0    T  0.0    0  5.7 13 140   M    M   6        16 130
 7  63  40  52  -5  13   0 0.00  0.0    0  4.2 13 330   M    M   1 1      16 350
 8  69  42  56  -1   9   0 0.00  0.0    0  4.7 14 340   M    M   0 1      23 250
 9  74  45  60   3   5   0 0.00  0.0    0  3.4 12 340   M    M   0 1      17 290
10  73  52  63   6   2   0 0.00  0.0    0  3.7 14 310   M    M   0 1      22 270
11  77  50  64   7   1   0 0.00  0.0    0  5.2 13 300   M    M   2 128    16 320
12  77  52  65   8   0   0 0.00  0.0    0  7.3 14 320   M    M   0        19 320
13  81  46  64   7   1   0 0.00  0.0    0  1.5  8 310   M    M   0 18     15 260
14  85  51  68  11   0   3 0.00  0.0    0  3.1  7 240   M    M   0 18     10 170
15  81  54  68  10   0   3 0.00  0.0    0  5.4 15 320   M    M   0 18     20 300
16  75  53  64   6   1   0 0.00  0.0    0  7.0 13 300   M    M   0 1      17 330
17  79  47  63   5   2   0 0.00  0.0    0  2.4  8 120   M    M   0        10 230
18  74  53  64   6   1   0 0.00  0.0    0  4.4 16 280   M    M   0 1      22 260
19  75  54  65   7   0   0 0.00  0.0    0  3.7 12 290   M    M   0 8      23 210
20  70  56  63   5   2   0 0.26  0.0    0  4.9 14 130   M    M   4 1      18 160
21  73  53  63   5   2   0 0.18  0.0    0  7.4 21 140   M    M   7 13     31 160
22  61  49  55  -3  10   0 0.67  0.0    0  6.1 15 290   M    M   6 18     25 290
23  66  43  55  -3  10   0 0.00  0.0    0  4.5 10 250   M    M   2        13 290
24  58  50  54  -4  11   0 0.09  0.0    0  4.9 12 150   M    M   9 1      16 140
25  66  51  59   1   6   0    T  0.0    0  5.6 14 340   M    M   6 1      18 340
26  67  48  58   0   7   0 0.01  0.0    0  3.9 17 300   M    M   7        22 310
27  66  49  58  -1   7   0 0.00  0.0    0 13.8 23 340   M    M   1        33 320
28  73  49  61   2   4   0 0.00  0.0    0  9.5 20 300   M    M   0        25 310
================================================================================
SM 1967 1327       171   6  1.27     0.0 143.6          M       56
================================================================================
AV 70.3 47.4                               5.1 FASTST   M    M   2    MAX(MPH)
                                 MISC ---->  # 32 290               # 39  280
================================================================================
NOTES:
# LAST OF SEVERAL OCCURRENCES

COLUMN 17 PEAK WIND IN M.P.H.

PRELIMINARY LOCAL CLIMATOLOGICAL DATA (WS FORM: F-6) , PAGE 2

                                          STATION:  MODESTO CA
                                          MONTH:    MARCH
                                          YEAR:     2017
                                          LATITUDE:   37 37 N
                                          LONGITUDE: 120 57 W

[TEMPERATURE DATA]      [PRECIPITATION DATA]       SYMBOLS USED IN COLUMN 16

AVERAGE MONTHLY: 58.8   TOTAL FOR MONTH:   1.27    1 = FOG OR MIST
DPTR FM NORMAL:   1.5   DPTR FM NORMAL:   -0.63    2 = FOG REDUCING VISIBILITY
HIGHEST:    85 ON 14    GRTST 24HR  0.67 ON 22-22      TO 1/4 MILE OR LESS
LOWEST:     36 ON  6                               3 = THUNDER
                        SNOW, ICE PELLETS, HAIL    4 = ICE PELLETS
                        TOTAL MONTH:   0.0 INCH    5 = HAIL
                        GRTST 24HR     0.0         6 = FREEZING RAIN OR DRIZZLE
                        GRTST DEPTH:   0           7 = DUSTSTORM OR SANDSTORM:
                                                       VSBY 1/2 MILE OR LESS
                                                   8 = SMOKE OR HAZE
[NO. OF DAYS WITH]      [WEATHER - DAYS WITH]      9 = BLOWING SNOW
                                                   X = TORNADO
MAX 32 OR BELOW:   0    0.01 INCH OR MORE:   6
MAX 90 OR ABOVE:   0    0.10 INCH OR MORE:   3
MIN 32 OR BELOW:   0    0.50 INCH OR MORE:   1
MIN  0 OR BELOW:   0    1.00 INCH OR MORE:   0

[HDD (BASE 65) ]
TOTAL THIS MO.   171    CLEAR  (SCALE 0-3)  21
DPTR FM NORMAL   -48    PTCLDY (SCALE 4-7)   6
TOTAL FM JUL 1  1687    CLOUDY (SCALE 8-10)  1
DPTR FM NORMAL  -300

[CDD (BASE 65) ]
TOTAL THIS MO.     6
DPTR FM NORMAL     6    [PRESSURE DATA]
TOTAL FM JAN 1     6    HIGHEST SLP M ON M
DPTR FM NORMAL     6    LOWEST  SLP 29.79 ON  5

[REMARKS]
