000
CXUS53 KBIS 210838
CF6MOT
PRELIMINARY LOCAL CLIMATOLOGICAL DATA (WS FORM: F-6)

                                          STATION:   MINOT ND
                                          MONTH:     JANUARY
                                          YEAR:      2018
                                          LATITUDE:   48 15 N
                                          LONGITUDE: 101 16 W

  TEMPERATURE IN F:       :PCPN:    SNOW:  WIND      :SUNSHINE: SKY     :PK WND
================================================================================
1   2   3   4   5  6A  6B    7    8   9   10  11  12  13   14  15   16   17  18
                                     12Z  AVG MX 2MIN
DY MAX MIN AVG DEP HDD CDD  WTR  SNW DPTH SPD SPD DIR MIN PSBL S-S WX    SPD DR
================================================================================

 1  -1 -19 -10 -22  75   0 0.00    M    M  9.6 28 220   M    M   0 8      33 220
 2  22  -6   8  -4  57   0    T    M    M 18.8 33 290   M    M   4 89     42 230
 3  12  -5   4  -8  61   0 0.00    M    M  6.2 10 120   M    M   5        12 110
 4  13   6  10  -2  55   0    T    M    M  8.5 15 110   M    M  10 8      17 110
 5  16   3  10  -2  55   0 0.00    M    M 12.8 20 160   M    M  10        25 160
 6  38  13  26  14  39   0    T    M    M 15.5 24 180   M    M   6 18     30 180
 7  38  29  34  22  31   0 0.00    M    M 17.6 30 290   M    M   4        36 290
 8  32  16  24  12  41   0 0.00    M    M  6.1 15 260   M    M   3 1      19 260
 9  43  19  31  19  34   0 0.00    M    M  4.6 13 190   M    M   3 1      17 190
10  37   0  19   7  46   0 0.07    M    M 21.5 33 300   M    M   9 289    39 300
11   1 -17  -8 -20  73   0    T    M    M 14.0 26 320   M    M   4        32 320
12  -3 -22 -12 -24  77   0 0.00    M    M  8.8 15 280   M    M   0        16 280
13   8 -25  -8 -20  73   0 0.00    M    M  7.0 14 230   M    M   3 8      17 150
14  22  -8   7  -5  58   0    T    M    M 18.9 32 300   M    M   5 8      40 300
15  -5 -15 -10 -22  75   0 0.00    M    M 13.2 25 310   M    M   0        29 310
16  15 -15   0 -12  65   0 0.00    M    M 13.1 22 200   M    M   0        28 210
17  39  12  26  14  39   0 0.00    M    M 20.0 29 230   M    M   0        35 220
18  44  25  35  23  30   0 0.00    M    M 14.4 24 230   M    M   0        30 220
19  42  33  38  26  27   0    T    M    M 14.1 26 260   M    M   2        31 260
20  38  24  31  19  34   0 0.00    M    M 11.6 21 250   M    M   0        25 240
================================================================================
SM  451   48      1045   0  0.07    M    256.3          M       68
================================================================================
AV 22.6  2.4                              12.8 FASTST   M    M   3    MAX(MPH)
                                 MISC ---->  # 33 290               # 42  230
================================================================================
NOTES:
# LAST OF SEVERAL OCCURRENCES

COLUMN 17 PEAK WIND IN M.P.H.

PRELIMINARY LOCAL CLIMATOLOGICAL DATA (WS FORM: F-6) , PAGE 2

                                          STATION:  MINOT ND
                                          MONTH:    JANUARY
                                          YEAR:     2018
                                          LATITUDE:   48 15 N
                                          LONGITUDE: 101 16 W

[TEMPERATURE DATA]      [PRECIPITATION DATA]       SYMBOLS USED IN COLUMN 16

AVERAGE MONTHLY: 12.5   TOTAL FOR MONTH:   0.07    1 = FOG OR MIST
DPTR FM NORMAL:   0.5   DPTR FM NORMAL:   -0.28    2 = FOG REDUCING VISIBILITY
HIGHEST:    44 ON 18    GRTST 24HR  0.07 ON 10-10      TO 1/4 MILE OR LESS
LOWEST:    -25 ON 13                               3 = THUNDER
                        SNOW, ICE PELLETS, HAIL    4 = ICE PELLETS
                        TOTAL MONTH:    M          5 = HAIL
                        GRTST 24HR    M  ON   M    6 = FREEZING RAIN OR DRIZZLE
                        GRTST DEPTH:  M  ON   M    7 = DUSTSTORM OR SANDSTORM:
                                                       VSBY 1/2 MILE OR LESS
                                                   8 = SMOKE OR HAZE
[NO. OF DAYS WITH]      [WEATHER - DAYS WITH]      9 = BLOWING SNOW
                                                   X = TORNADO
MAX 32 OR BELOW:  12    0.01 INCH OR MORE:   1
MAX 90 OR ABOVE:   0    0.10 INCH OR MORE:   0
MIN 32 OR BELOW:  19    0.50 INCH OR MORE:   0
MIN  0 OR BELOW:  10    1.00 INCH OR MORE:   0

[HDD (BASE 65) ]
TOTAL THIS MO.  1045    CLEAR  (SCALE 0-3)  10
DPTR FM NORMAL   -15    PTCLDY (SCALE 4-7)   7
TOTAL FM JUL 1  4392    CLOUDY (SCALE 8-10)  3
DPTR FM NORMAL  -263

[CDD (BASE 65) ]
TOTAL THIS MO.     0
DPTR FM NORMAL     0    [PRESSURE DATA]
TOTAL FM JAN 1     0    HIGHEST SLP M ON M
DPTR FM NORMAL     0    LOWEST  SLP 29.43 ON 10

[REMARKS]
