000
CXUS51 KPHI 270800
CF6MPO
PRELIMINARY LOCAL CLIMATOLOGICAL DATA (WS FORM: F-6)

                                          STATION:   MOUNT POCONO PA
                                          MONTH:     FEBRUARY
                                          YEAR:      2015
                                          LATITUDE:   41  8 N
                                          LONGITUDE:  75 24 W

  TEMPERATURE IN F:       :PCPN:    SNOW:  WIND      :SUNSHINE: SKY     :PK WND
================================================================================
1   2   3   4   5  6A  6B    7    8   9   10  11  12  13   14  15   16   17  18
                                     12Z  AVG MX 2MIN
DY MAX MIN AVG DEP HDD CDD  WTR  SNW DPTH SPD SPD DIR MIN PSBL S-S WX    SPD DR
================================================================================

 1  27  10  19  -5  46   0 0.04    M    M  8.1 18 150   M    M  10 1      23 140
 2  27   6  17  -7  48   0 0.80    M    M 15.7 33 310   M    M  10 126    47 310
 3  19   6  13 -11  52   0    T    M    M 12.6 25 320   M    M   3        36 310
 4  34   9  22  -2  43   0    T    M    M  7.3 15 210   M    M   8        22 220
 5  33   3  18  -6  47   0 0.02    M    M 16.1 29 330   M    M   6 1      39 330
 6  19   0  10 -14  55   0    T    M    M 13.1 26 280   M    M   3        35 270
 7  33  15  24  -1  41   0 0.01    M    M  9.2 16 290   M    M   8        22 280
 8  37  30  34   9  31   0 0.05    M    M  6.2 13 110   M    M   8 126    14 110
 9  32  21  27   2  38   0 0.21    M    M 11.0 17  80   M    M  10 1268   24  70
10  28  20  24  -1  41   0    T    M    M  9.7 20 350   M    M   9 1      28 340
11  32  11  22  -3  43   0 0.00    M    M  5.2 15 330   M    M   2        21 340
12  29   2  16  -9  49   0 0.01    M    M 11.6 25 330   M    M  10 1289   37 320
13  11  -7   2 -24  63   0 0.01    M    M 13.7 31 320   M    M   5 9      45 310
14  17   1   9 -17  56   0 0.18    M    M  8.3 30 330   M    M   9 128    44 340
15   9  -8   1 -25  64   0 0.02    M    M 25.6 38 320   M    M   9 1289   54 330
16   9  -8   1 -25  64   0 0.00    M    M 13.2 30 320   M    M   4 8      45 310
17  21  -2  10 -16  55   0 0.03    M    M  4.5 12 240   M    M   6 18     15 220
18  22  -9   7 -19  58   0    T    M    M  6.6 24 280   M    M   5 1      33 340
19  11  -5   3 -24  62   0    T    M    M 17.3 28 300   M    M   8 89     39 290
20  10 -10   0 -27  65   0 0.00    M    M 13.8 29 300   M    M   2        41 300
21  22 -10   6 -21  59   0 0.20    M    M  9.8 21 180   M    M   8 1      28 160
22  38  22  30   3  35   0 0.05    M    M  9.4 21 290   M    M   7 1      25 290
23  27  -5  11 -17  54   0    T    M    M 15.3 29 320   M    M   4        41 310
24  14 -16  -1 -29  66   0 0.00    M    M  8.4 18 180   M    M   1        24 210
25  29   9  19  -9  46   0 0.00    M    M 10.4 24 290   M    M   3        32 280
26  23  10  17 -11  48   0    T    M    M  6.4 14 350   M    M   7        18 350
================================================================================
SM  613   95      1329   0  1.63    M    288.5          M      165
================================================================================
AV 23.6  3.7                              11.1 FASTST   M    M   6    MAX(MPH)
                                 MISC ---->  # 38 320               # 54  330
================================================================================
NOTES:
# LAST OF SEVERAL OCCURRENCES

COLUMN 17 PEAK WIND IN M.P.H.

PRELIMINARY LOCAL CLIMATOLOGICAL DATA (WS FORM: F-6) , PAGE 2

                                          STATION:  MOUNT POCONO PA
                                          MONTH:    FEBRUARY
                                          YEAR:     2015
                                          LATITUDE:   41  8 N
                                          LONGITUDE:  75 24 W

[TEMPERATURE DATA]      [PRECIPITATION DATA]       SYMBOLS USED IN COLUMN 16

AVERAGE MONTHLY: 13.6   TOTAL FOR MONTH:   1.63    1 = FOG OR MIST
DPTR FM NORMAL: -12.2   DPTR FM NORMAL:   -0.57    2 = FOG REDUCING VISIBILITY
HIGHEST:    38 ON 22    GRTST 24HR  0.80 ON  2- 2      TO 1/4 MILE OR LESS
LOWEST:    -16 ON 24                               3 = THUNDER
                        SNOW, ICE PELLETS, HAIL    4 = ICE PELLETS
                        TOTAL MONTH:    M          5 = HAIL
                        GRTST 24HR    M  ON   M    6 = FREEZING RAIN OR DRIZZLE
                        GRTST DEPTH:  M  ON   M    7 = DUSTSTORM OR SANDSTORM:
                                                       VSBY 1/2 MILE OR LESS
                                                   8 = SMOKE OR HAZE
[NO. OF DAYS WITH]      [WEATHER - DAYS WITH]      9 = BLOWING SNOW
                                                   X = TORNADO
MAX 32 OR BELOW:  21    0.01 INCH OR MORE:  13
MAX 90 OR ABOVE:   0    0.10 INCH OR MORE:   4
MIN 32 OR BELOW:  26    0.50 INCH OR MORE:   1
MIN  0 OR BELOW:  11    1.00 INCH OR MORE:   0

[HDD (BASE 65) ]
TOTAL THIS MO.  1329    CLEAR  (SCALE 0-3)   4
DPTR FM NORMAL   310    PTCLDY (SCALE 4-7)  14
TOTAL FM JUL 1  5330    CLOUDY (SCALE 8-10)  8
DPTR FM NORMAL   280

[CDD (BASE 65) ]
TOTAL THIS MO.     0
DPTR FM NORMAL     0    [PRESSURE DATA]
TOTAL FM JAN 1     0    HIGHEST SLP M ON M
DPTR FM NORMAL     0    LOWEST  SLP 29.36 ON  2

[REMARKS]
