000
CXUS51 KBTV 010700
CF6MPV
PRELIMINARY LOCAL CLIMATOLOGICAL DATA (WS FORM: F-6)

                                          STATION:   MONTPELIER VT
                                          MONTH:     SEPTEMBER
                                          YEAR:      2014
                                          LATITUDE:   44 12 N
                                          LONGITUDE:  72 34 W

  TEMPERATURE IN F:       :PCPN:    SNOW:  WIND      :SUNSHINE: SKY     :PK WND
================================================================================
1   2   3   4   5  6A  6B    7    8   9   10  11  12  13   14  15   16   17  18
                                     12Z  AVG MX 2MIN
DY MAX MIN AVG DEP HDD CDD  WTR  SNW DPTH SPD SPD DIR MIN PSBL S-S WX    SPD DR
================================================================================

 1  82  59  71   9   0   6 0.00  0.0    0  3.5 10 300   M    M   3 12     15 270
 2  84  58  71   9   0   6 0.75  0.0    0  5.5 16 170   M    M   4 123    22 310
 3  74  52  63   1   2   0 0.01  0.0    0  4.7 15 290   M    M   4        18 290
 4  79  48  64   2   1   0 0.00  0.0    0  3.6 14 230   M    M   2 12     18 280
 5  84  55  70   9   0   5 0.00  0.0    0  5.5 16 210   M    M   2 12     23 240
 6  79  57  68   7   0   3 0.39  0.0    0  7.3 18 300   M    M   7 1      26 230
 7  68  47  58  -3   7   0 0.00  0.0    0  3.6 15 290   M    M   2 1      20 360
 8  73  45  59  -1   6   0 0.00  0.0    0  4.3 14 170   M    M   4 12     17 170
 9  69  44  57  -3   8   0 0.00  0.0    0  5.5 17 170   M    M   0        22 150
10  72  44  58  -2   7   0 0.00  0.0    0  6.4 15 170   M    M   3 1      20 150
11  72  52  62   3   3   0 0.03  0.0    0 11.4 25 300   M    M   7 1      31 300
12  52  36  44 -15  21   0    T    M    0  6.9 18 310   M    M   9 1      27 290
13  52  34  43 -16  22   0 0.21    M    0  5.0 17 160   M    M   9 12     21 150
14  52  36  44 -14  21   0 0.00  0.0    0  6.6 18 300   M    M   7 12     25 310
15  60  34  47 -11  18   0    T    M    0  1.8 10 160   M    M   7 12     12 110
16  60  42  51  -6  14   0 0.08    M    0  1.5 10 150   M    M   8 1      13 150
17  64  35  50  -7  15   0 0.00  0.0    0  3.0  8 230   M    M   3 12     12 290
18  55  34  45 -12  20   0    T    M    0  3.8 15 360   M    M   7 1      20 310
19  55  30  43 -13  22   0 0.00  0.0    0  3.7 12 180   M    M   3 12     15 180
20  60  41  51  -5  14   0 0.00  0.0    0  8.5 18 180   M    M   8        24 180
21  77  53  65  10   0   0 0.06  0.0    0 10.2 21 170   M    M   3 1      28 160
22  61  43  52  -3  13   0 0.02    M    0 11.5 21 300   M    M   7 1      31 340
23  61  41  51  -3  14   0 0.00  0.0    0  4.6 16 310   M    M   7 1      23 310
24  68  42  55   1  10   0 0.00  0.0    0  3.1 13 150   M    M   4 12     16 210
25  68  39  54   0  11   0 0.00  0.0    0  0.6  8  10   M    M   5 12     10 360
26  73  45  59   6   6   0 0.00  0.0    0  1.8 10 300   M    M   4 12     13 290
27  76  44  60   7   5   0 0.00  0.0    0  2.6 10 300   M    M   3 12     14 290
28  79  50  65  13   0   0 0.00  0.0    0  1.9  9 310   M    M   4 12     12 300
29  73  52  63  11   2   0 0.00  0.0    0  4.4 15 170   M    M   5 12     20 170
30  62  50  56   4   9   0 0.00  0.0    0  4.6 15 190   M    M   8 1      21 180
================================================================================
SM 2044 1342       271  20  1.55     0.0 147.4          M      149
================================================================================
AV 68.1 44.7                               4.9 FASTST   M    M   5    MAX(MPH)
                                 MISC ---->  # 25 300               # 31  300
================================================================================
NOTES:
# LAST OF SEVERAL OCCURRENCES

COLUMN 17 PEAK WIND IN M.P.H.

PRELIMINARY LOCAL CLIMATOLOGICAL DATA (WS FORM: F-6) , PAGE 2

                                          STATION:  MONTPELIER VT
                                          MONTH:    SEPTEMBER
                                          YEAR:     2014
                                          LATITUDE:   44 12 N
                                          LONGITUDE:  72 34 W

[TEMPERATURE DATA]      [PRECIPITATION DATA]       SYMBOLS USED IN COLUMN 16

AVERAGE MONTHLY: 56.4   TOTAL FOR MONTH:   1.55    1 = FOG OR MIST
DPTR FM NORMAL:  -1.0   DPTR FM NORMAL:   -1.57    2 = FOG REDUCING VISIBILITY
HIGHEST:    84 ON  5, 2 GRTST 24HR  0.76 ON  2- 3      TO 1/4 MILE OR LESS
LOWEST:     30 ON 19                               3 = THUNDER
                        SNOW, ICE PELLETS, HAIL    4 = ICE PELLETS
                        TOTAL MONTH:   0.0 INCH    5 = HAIL
                        GRTST 24HR     0.0         6 = FREEZING RAIN OR DRIZZLE
                        GRTST DEPTH:   0           7 = DUSTSTORM OR SANDSTORM:
                                                       VSBY 1/2 MILE OR LESS
                                                   8 = SMOKE OR HAZE
[NO. OF DAYS WITH]      [WEATHER - DAYS WITH]      9 = BLOWING SNOW
                                                   X = TORNADO
MAX 32 OR BELOW:   0    0.01 INCH OR MORE:   8
MAX 90 OR ABOVE:   0    0.10 INCH OR MORE:   3
MIN 32 OR BELOW:   1    0.50 INCH OR MORE:   1
MIN  0 OR BELOW:   0    1.00 INCH OR MORE:   0

[HDD (BASE 65) ]
TOTAL THIS MO.   271    CLEAR  (SCALE 0-3)   8
DPTR FM NORMAL    24    PTCLDY (SCALE 4-7)  18
TOTAL FM JUL 1   384    CLOUDY (SCALE 8-10)  4
DPTR FM NORMAL    29

[CDD (BASE 65) ]
TOTAL THIS MO.    20
DPTR FM NORMAL     1    [PRESSURE DATA]
TOTAL FM JAN 1   186    HIGHEST SLP M ON M
DPTR FM NORMAL   -77    LOWEST  SLP 29.54 ON 22

[REMARKS]
#FINAL-09-14#
