000
CXUS53 KMQT 241000
CF6MQT
PRELIMINARY LOCAL CLIMATOLOGICAL DATA (WS FORM: F-6)

                                          STATION:   MARQUETTE MI
                                          MONTH:     JANUARY
                                          YEAR:      2018
                                          LATITUDE:   46 31 N
                                          LONGITUDE:  87 33 W

  TEMPERATURE IN F:       :PCPN:    SNOW:  WIND      :SUNSHINE: SKY     :PK WND
================================================================================
1   2   3   4   5  6A  6B    7    8   9   10  11  12  13   14  15   16   17  18
                                     12Z  AVG MX 2MIN
DY MAX MIN AVG DEP HDD CDD  WTR  SNW DPTH SPD SPD DIR MIN PSBL S-S WX    SPD DR
================================================================================

 1   8  -5   2 -13  63   0    T    T    9   M   M   M   M    M   M        30 270
 2  14   2   8  -7  57   0 0.02  0.3    9   M   M   M   M    M   M        26 270
 3   9   0   5 -10  60   0 0.14  2.7    8   M   M   M   M    M   M        25 315
 4   4  -1   2 -12  63   0 0.09  1.8   10   M   M   M   M    M   M        20 315
 5   2  -2   0 -14  65   0 0.14  2.0   11   M   M   M   M    M   M        23 315
 6   8  -5   2 -12  63   0 0.05  0.9   12   M   M   M   M    M   M        26 180
 7  23   4  14   0  51   0 0.01  0.3   11   M   M   M   M    M   M 6      34 180
 8  27  10  19   5  46   0 0.01  0.1   10   M   M   M   M    M   M 9      34 270
 9  28  -3  13  -1  52   0 0.00  0.0   10   M   M   M   M    M   M        24 180
10  33  24  29  15  36   0    T  0.0   10   M   M   M   M    M   M 1      33 180
11  35   8  22   8  43   0 0.42  2.2    9   M   M   M   M    M   M        27 320
12  10  -5   3 -11  62   0 0.08  1.8   11   M   M   M   M    M   M 9      32 315
13   7  -7   0 -14  65   0    T  0.1   11   M   M   M   M    M   M        18 270
14  10 -16  -3 -16  68   0 0.01  0.1   11   M   M   M   M    M   M        26 180
15  17   6  12  -1  53   0 0.17  3.7   12   M   M   M   M    M   M        14 225
16  19   6  13   0  52   0 0.18  6.9   16   M   M   M   M    M   M        16 315
17  29   7  18   5  47   0    T    T   17   M   M   M   M    M   M        34 270
18  30   8  19   6  46   0 0.00  0.0   15   M   M   M   M    M   M        19 270
19  40  22  31  18  34   0 0.00  0.0   13   M   M   M   M    M   M        23 225
20  39  24  32  19  33   0 0.00  0.0   13   M   M   M   M    M   M        25 270
21  39  23  31  18  34   0 0.00  0.0   13   M   M   M   M    M   M 12     15 360
22  28  21  25  12  40   0 1.15  8.5   12   M   M   M   M    M   M 126    27  45
23  21  13  17   4  48   0 0.14  1.7   21   M   M   M   M    M   M 9      33  45
================================================================================
SM  480  134      1181   0  2.61    33.1     M          M        M
================================================================================
AV 20.9  5.8                                 M FASTST   M    M -nan   MAX(MPH)
                                 MISC ---->     M   M               # 34  180
================================================================================
NOTES:
# LAST OF SEVERAL OCCURRENCES

COLUMN 17 PEAK WIND IN M.P.H.

PRELIMINARY LOCAL CLIMATOLOGICAL DATA (WS FORM: F-6) , PAGE 2

                                          STATION:  MARQUETTE MI
                                          MONTH:    JANUARY
                                          YEAR:     2018
                                          LATITUDE:   46 31 N
                                          LONGITUDE:  87 33 W

[TEMPERATURE DATA]      [PRECIPITATION DATA]       SYMBOLS USED IN COLUMN 16

AVERAGE MONTHLY: 13.4   TOTAL FOR MONTH:   2.61    1 = FOG OR MIST
DPTR FM NORMAL:  -0.3   DPTR FM NORMAL:    0.81    2 = FOG REDUCING VISIBILITY
HIGHEST:    40 ON 19    GRTST 24HR  1.15 ON 22-22      TO 1/4 MILE OR LESS
LOWEST:    -16 ON 14                               3 = THUNDER
                        SNOW, ICE PELLETS, HAIL    4 = ICE PELLETS
                        TOTAL MONTH:  33.1 INCHES  5 = HAIL
                        GRTST 24HR   8.5 ON 22-22  6 = FREEZING RAIN OR DRIZZLE
                        GRTST DEPTH:  21 ON 23     7 = DUSTSTORM OR SANDSTORM:
                                                       VSBY 1/2 MILE OR LESS
                                                   8 = SMOKE OR HAZE
[NO. OF DAYS WITH]      [WEATHER - DAYS WITH]      9 = BLOWING SNOW
                                                   X = TORNADO
MAX 32 OR BELOW:  18    0.01 INCH OR MORE:  14
MAX 90 OR ABOVE:   0    0.10 INCH OR MORE:   7
MIN 32 OR BELOW:  23    0.50 INCH OR MORE:   1
MIN  0 OR BELOW:   9    1.00 INCH OR MORE:   1

[HDD (BASE 65) ]
TOTAL THIS MO.  1181    CLEAR  (SCALE 0-3)   0
DPTR FM NORMAL     2    PTCLDY (SCALE 4-7)   0
TOTAL FM JUL 1  4887    CLOUDY (SCALE 8-10)  0
DPTR FM NORMAL    66

[CDD (BASE 65) ]
TOTAL THIS MO.     0
DPTR FM NORMAL     0    [PRESSURE DATA]
TOTAL FM JAN 1     0    HIGHEST SLP M ON M
DPTR FM NORMAL     0    LOWEST  SLP M ON M

[REMARKS]
