000
CXUS51 KLWX 270620
CF6MRB
PRELIMINARY LOCAL CLIMATOLOGICAL DATA (WS FORM: F-6)

                                          STATION:   MARTINSBURG WV
                                          MONTH:     FEBRUARY
                                          YEAR:      2015
                                          LATITUDE:   39 24 N
                                          LONGITUDE:  77 59 W

  TEMPERATURE IN F:       :PCPN:    SNOW:  WIND      :SUNSHINE: SKY     :PK WND
================================================================================
1   2   3   4   5  6A  6B    7    8   9   10  11  12  13   14  15   16   17  18
                                     12Z  AVG MX 2MIN
DY MAX MIN AVG DEP HDD CDD  WTR  SNW DPTH SPD SPD DIR MIN PSBL S-S WX    SPD DR
================================================================================

 1  41  20  31  -1  34   0 0.08    M    M  4.3 18 170   M    M   9 6      26 160
 2  47  23  35   3  30   0 0.08    M    M 12.5 36 290   M    M   7 18     48 300
 3  36  19  28  -4  37   0 0.00    M    M  6.7 22 290   M    M   M        30 300
 4  53  19  36   4  29   0 0.00    M    M  2.8 13 200   M    M   2 8      18 180
 5  45  16  31  -1  34   0 0.00    M    M 14.6 29 340   M    M   3 8      38 330
 6  42   9  26  -6  39   0 0.00    M    M  8.0 26 260   M    M   3        33 270
 7  52  26  39   7  26   0 0.00    M    M  3.5 14 190   M    M   3        18 180
 8  46  29  38   6  27   0 0.00    M    M  1.8  8 350   M    M   1        10 350
 9  41  32  37   4  28   0 0.05    M    M  5.3 12  20   M    M  10 168    15  20
10  41  30  36   3  29   0 0.00    M    M  9.4 20 340   M    M   7 18     24 330
11  43  26  35   2  30   0 0.00    M    M  3.5  8 190   M    M   5 8      12  10
12  41  15  28  -5  37   0 0.02    M    M 15.0 30 310   M    M   8 18     39 310
13  28  11  20 -13  45   0 0.00    M    M  9.1 29 300   M    M   0        37 310
14  39  12  26  -8  39   0    T    M    M 11.7 37 300   M    M   8 1289   50 320
15  17   6  12 -22  53   0 0.00    M    M 21.5 37 300   M    M   3        49 310
16  15   5  10 -24  55   0    T    M    M  3.5 20 300   M    M   5 8      24 310
17  33  11  22 -12  43   0    T    M    M  4.1 15 280   M    M   4 8      19 310
18  32   5  19 -15  46   0    T    M    M  9.3 30 290   M    M   3 18     40 270
19  16   6  11 -23  54   0    T    M    M 16.8 28 310   M    M   6        40 320
20  20   3  12 -23  53   0 0.00    M    M  8.7 23 310   M    M   1        30 280
21  29   6  18 -17  47   0    M    M    M  4.5 15 170   M    M   8 168    19 160
22  49  28  39   4  26   0 0.00    M    M  4.8 13 290   M    M   5 18     16 300
23  37  13  25 -10  40   0 0.00    M    M 13.3 26 310   M    M   5        35 320
24  28   0  14 -22  51   0 0.00    M    M  5.7 15 140   M    M   0        23 160
25  42  14  28  -8  37   0 0.00    M    M  6.8 18 290   M    M   2        24 280
26  36  26  31  -5  34   0    T    M    M  4.0 14  10   M    M   8 18     18 360
================================================================================
SM  949  410      1003   0  0.23    M    211.2          M      116
================================================================================
AV 36.5 15.8                               8.1 FASTST   M    M   5    MAX(MPH)
                                 MISC ---->  # 37 300               # 50  320
================================================================================
NOTES:
# LAST OF SEVERAL OCCURRENCES

COLUMN 17 PEAK WIND IN M.P.H.

PRELIMINARY LOCAL CLIMATOLOGICAL DATA (WS FORM: F-6) , PAGE 2

                                          STATION:  MARTINSBURG WV
                                          MONTH:    FEBRUARY
                                          YEAR:     2015
                                          LATITUDE:   39 24 N
                                          LONGITUDE:  77 59 W

[TEMPERATURE DATA]      [PRECIPITATION DATA]       SYMBOLS USED IN COLUMN 16

AVERAGE MONTHLY: 26.1   TOTAL FOR MONTH:   0.23    1 = FOG OR MIST
DPTR FM NORMAL:  -7.4   DPTR FM NORMAL:   -1.93    2 = FOG REDUCING VISIBILITY
HIGHEST:    53 ON  4    GRTST 24HR  0.16 ON  1- 2      TO 1/4 MILE OR LESS
LOWEST:      0 ON 24                               3 = THUNDER
                        SNOW, ICE PELLETS, HAIL    4 = ICE PELLETS
                        TOTAL MONTH:    M          5 = HAIL
                        GRTST 24HR    M  ON   M    6 = FREEZING RAIN OR DRIZZLE
                        GRTST DEPTH:  M  ON   M    7 = DUSTSTORM OR SANDSTORM:
                                                       VSBY 1/2 MILE OR LESS
                                                   8 = SMOKE OR HAZE
[NO. OF DAYS WITH]      [WEATHER - DAYS WITH]      9 = BLOWING SNOW
                                                   X = TORNADO
MAX 32 OR BELOW:   8    0.01 INCH OR MORE:   4
MAX 90 OR ABOVE:   0    0.10 INCH OR MORE:   0
MIN 32 OR BELOW:  26    0.50 INCH OR MORE:   0
MIN  0 OR BELOW:   1    1.00 INCH OR MORE:   0

[HDD (BASE 65) ]
TOTAL THIS MO.  1003    CLEAR  (SCALE 0-3)   8
DPTR FM NORMAL   186    PTCLDY (SCALE 4-7)  15
TOTAL FM JUL 1  3841    CLOUDY (SCALE 8-10)  2
DPTR FM NORMAL   -59

[CDD (BASE 65) ]
TOTAL THIS MO.     0
DPTR FM NORMAL     0    [PRESSURE DATA]
TOTAL FM JAN 1     0    HIGHEST SLP M ON M
DPTR FM NORMAL     0    LOWEST  SLP 29.42 ON  2

[REMARKS]
