000
CXUS52 KMHX 290700
CF6MRH
PRELIMINARY LOCAL CLIMATOLOGICAL DATA (WS FORM: F-6)

                                          STATION:   BEAUFORT/SMITH FIELD NC
                                          MONTH:     AUGUST
                                          YEAR:      2015
                                          LATITUDE:   34 43 N
                                          LONGITUDE:  76 39 W

  TEMPERATURE IN F:       :PCPN:    SNOW:  WIND      :SUNSHINE: SKY     :PK WND
================================================================================
1   2   3   4   5  6A  6B    7    8   9   10  11  12  13   14  15   16   17  18
                                     12Z  AVG MX 2MIN
DY MAX MIN AVG DEP HDD CDD  WTR  SNW DPTH SPD SPD DIR MIN PSBL S-S WX    SPD DR
================================================================================

 1  84  76  80   0   0  15 0.01  0.0    0  8.6 18 220   M    M   4        23 230
 2  86  76  81   1   0  16 0.00  0.0    0 10.8 22 210   M    M   2        34 250
 3  80  71  76  -4   0  11    M  0.0    0 13.1 29 230   M    M   8 12     38 210
 4  85  79  82   2   0  17 0.01  0.0    0 13.1 23 200   M    M   6        29 190
 5  87  78  83   3   0  18 0.00  0.0    0 11.0 20 220   M    M   0 18     35 230
 6  86  75  81   1   0  16 0.09  0.0    0 12.7 25 220   M    M   6 1      37 250
 7  81  74  78  -2   0  13 0.18  0.0    0  7.5 17 290   M    M   4 1      20 200
 8  80  71  76  -3   0  11 1.84  0.0    0  9.2 24  10   M    M   5 1      31  20
 9  82  67  75  -4   0  10 0.00  0.0    0  8.1 16  10   M    M   1        21  10
10  83  66  75  -4   0  10 0.00  0.0    0  4.7 12 130   M    M   0        15 130
11  82  74  78  -1   0  13 1.48  0.0    0 12.4 22 220   M    M   5 1      29 330
12  83  72  78  -1   0  13 0.36  0.0    0  6.3 22 290   M    M   1 1      27 290
13  83  69  76  -3   0  11 0.00  0.0    0  5.3 12  90   M    M   0        16 100
14  84  68  76  -3   0  11 0.00  0.0    0  7.1 16  20   M    M   0        22  60
15  84  67  76  -3   0  11 0.00  0.0    0  6.5 16  20   M    M   0        23  20
16  85  65  75  -4   0  10 0.00  0.0    0  3.6 12 120   M    M   0        15 100
17  85  70  78  -1   0  13 0.00  0.0    0  5.0 14 160   M    M   0        17 170
18  84  73  79   0   0  14 0.00  0.0    0  5.3 10 220   M    M   1        13 200
19  83  73  78  -1   0  13 0.19  0.0    0  6.9 14 230   M    M   4 1      17 210
20  85  74  80   2   0  15 0.92  0.0    0  9.0 17 210   M    M   3 1      20 210
21  87  75  81   3   0  16 1.01  0.0    0  4.6 14  20   M    M   3 1      20  40
22  86  71  79   1   0  14 0.00  0.0    0  8.1 16 360   M    M   1        20 340
23  85  70  78   0   0  13 0.00  0.0    0  7.3 16 360   M    M   3        19 360
24  84  68  76  -2   0  11 0.00  0.0    0  2.6  9 140   M    M   0        14 140
25  84  70  77  -1   0  12 0.00  0.0    0  4.3 15 190   M    M   2        18 200
26  85  70  78   0   0  13 0.21  0.0    0  4.8 22 340   M    M   4 1      27 340
27  81  71  76  -2   0  11 1.71  0.0    0  6.9 24  20   M    M   7 1      28  10
28  82  71  77  -1   0  12 0.00  0.0    0 10.0 20  20   M    M   1        26  20
================================================================================
SM 2346 2004         0 363  8.01     0.0 214.8          M       71
================================================================================
AV 83.8 71.6                               7.7 FASTST   M    M   3    MAX(MPH)
                                 MISC ---->  # 29 230               # 38  210
================================================================================
NOTES:
# LAST OF SEVERAL OCCURRENCES

COLUMN 17 PEAK WIND IN M.P.H.

PRELIMINARY LOCAL CLIMATOLOGICAL DATA (WS FORM: F-6) , PAGE 2

                                          STATION:  BEAUFORT/SMITH FIELD NC
                                          MONTH:    AUGUST
                                          YEAR:     2015
                                          LATITUDE:   34 43 N
                                          LONGITUDE:  76 39 W

[TEMPERATURE DATA]      [PRECIPITATION DATA]       SYMBOLS USED IN COLUMN 16

AVERAGE MONTHLY: 77.7   TOTAL FOR MONTH:   8.01    1 = FOG OR MIST
DPTR FM NORMAL:  -1.2   DPTR FM NORMAL:    0.97    2 = FOG REDUCING VISIBILITY
HIGHEST:    87 ON 21, 5 GRTST 24HR  1.84 ON  8- 8      TO 1/4 MILE OR LESS
LOWEST:     65 ON 16                               3 = THUNDER
                        SNOW, ICE PELLETS, HAIL    4 = ICE PELLETS
                        TOTAL MONTH:   0.0 INCH    5 = HAIL
                        GRTST 24HR     0.0         6 = FREEZING RAIN OR DRIZZLE
                        GRTST DEPTH:   0           7 = DUSTSTORM OR SANDSTORM:
                                                       VSBY 1/2 MILE OR LESS
                                                   8 = SMOKE OR HAZE
[NO. OF DAYS WITH]      [WEATHER - DAYS WITH]      9 = BLOWING SNOW
                                                   X = TORNADO
MAX 32 OR BELOW:   0    0.01 INCH OR MORE:  12
MAX 90 OR ABOVE:   0    0.10 INCH OR MORE:   9
MIN 32 OR BELOW:   0    0.50 INCH OR MORE:   5
MIN  0 OR BELOW:   0    1.00 INCH OR MORE:   4

[HDD (BASE 65) ]
TOTAL THIS MO.     0    CLEAR  (SCALE 0-3)  18
DPTR FM NORMAL     0    PTCLDY (SCALE 4-7)  10
TOTAL FM JUL 1     0    CLOUDY (SCALE 8-10)  0
DPTR FM NORMAL     0

[CDD (BASE 65) ]
TOTAL THIS MO.   363
DPTR FM NORMAL   -28    [PRESSURE DATA]
TOTAL FM JAN 1  1508    HIGHEST SLP M ON M
DPTR FM NORMAL   147    LOWEST  SLP 29.72 ON  8

[REMARKS]
