000
CXUS53 KMKX 290900
CF6MSN
PRELIMINARY LOCAL CLIMATOLOGICAL DATA (WS FORM: F-6)

                                          STATION:   MADISON WI
                                          MONTH:     JANUARY
                                          YEAR:      2015
                                          LATITUDE:   43  7 N
                                          LONGITUDE:  89 20 W

  TEMPERATURE IN F:       :PCPN:    SNOW:  WIND      :SUNSHINE: SKY     :PK WND
================================================================================
1   2   3   4   5  6A  6B    7    8   9   10  11  12  13   14  15   16   17  18
                                     12Z  AVG MX 2MIN
DY MAX MIN AVG DEP HDD CDD  WTR  SNW DPTH SPD SPD DIR MIN PSBL S-S WX    SPD DR
================================================================================

 1  31  14  23   4  42   0 0.00  0.0    0  7.4 15 240   M    M   5        24 240
 2  31  17  24   5  41   0 0.00  0.0    0  3.8 12 170   M    M   6        14 180
 3  33  27  30  11  35   0 0.05  0.7    1  4.9 12 360   M    M  10 168    14 350
 4  30  -4  13  -6  52   0 0.10  1.8    2 11.1 22 340   M    M   7 19     29 330
 5   3  -8  -2 -21  67   0 0.13  1.3    1  5.0 13 180   M    M   5 18     17 180
 6  13  -7   3 -16  62   0    T    T    3  7.2 21 330   M    M   6 18     32 340
 7   3  -8  -2 -21  67   0 0.00  0.0    2 10.0 21 320   M    M   1        30 330
 8  13  -8   3 -16  62   0 0.11  2.5    2 13.0 23 310   M    M   7 189    35 310
 9   9  -1   4 -15  61   0 0.01  0.2    3  8.9 20 300   M    M   4 8      30 310
10  23  -3  10  -9  55   0 0.00  0.0    3  8.1 18 200   M    M   7        23 190
11  27   7  17  -1  48   0 0.00  0.0    3  2.5 10 350   M    M   7        16 330
12  19  -6   7 -11  58   0 0.00  0.0    3  9.5 18  10   M    M   2        23 350
13  19  -5   7 -11  58   0    T    T    3  2.1  9 140   M    M   5        11 160
14  22  -6   8 -10  57   0 0.00  0.0    3  4.3  8 200   M    M   8        13 190
15  36  20  28  10  37   0 0.00  0.0    3  5.6 12 230   M    M   5 8      17 210
16  32  23  28  10  37   0 0.00  0.0    2  8.8 20 120   M    M   9        23 120
17  41  24  33  15  32   0    T  0.0    2  9.4 16 200   M    M   8 18     23 270
18  42  30  36  18  29   0    T    T    1  6.3 14 290   M    M   6        22 290
19  35  21  28  10  37   0 0.01  0.1    T  4.5 13 140   M    M   8 1      17 140
20  33  28  31  13  34   0 0.01  0.2    T  8.0 15  60   M    M  10 1      21  30
21  30  27  29  11  36   0 0.03  0.6    1  4.6 12  50   M    M  10 1      14  50
22  32  26  29  11  36   0 0.00  0.0    1  5.1 13 230   M    M   8 1      20 220
23  35  26  31  12  34   0    T    T    1  7.1 14 200   M    M   8 8      23 220
24  35  28  32  13  33   0 0.00  0.0    0  3.2 12 280   M    M  10 1      18 290
25  33  14  24   5  41   0    T    T    0 13.8 24  50   M    M   8 18     32  50
26  26  10  18  -1  47   0 0.07  1.4    T  5.7 17 180   M    M   8 16     23 180
27  29  24  27   8  38   0    T    T    1  4.6  9  90   M    M  10 18     13 360
28  33  21  27   8  38   0    T  0.0    1 12.7 25 160   M    M   9 8      36 170
================================================================================
SM  748  331      1274   0  0.52     8.8 197.2          M      197
================================================================================
AV 26.7 11.8                               7.0 FASTST   M    M   7    MAX(MPH)
                                 MISC ---->  # 25 160               # 36  170
================================================================================
NOTES:
# LAST OF SEVERAL OCCURRENCES

COLUMN 17 PEAK WIND IN M.P.H.

PRELIMINARY LOCAL CLIMATOLOGICAL DATA (WS FORM: F-6) , PAGE 2

                                          STATION:  MADISON WI
                                          MONTH:    JANUARY
                                          YEAR:     2015
                                          LATITUDE:   43  7 N
                                          LONGITUDE:  89 20 W

[TEMPERATURE DATA]      [PRECIPITATION DATA]       SYMBOLS USED IN COLUMN 16

AVERAGE MONTHLY: 19.3   TOTAL FOR MONTH:   0.52    1 = FOG OR MIST
DPTR FM NORMAL:   0.7   DPTR FM NORMAL:   -0.59    2 = FOG REDUCING VISIBILITY
HIGHEST:    42 ON 18    GRTST 24HR  0.13 ON  5- 5      TO 1/4 MILE OR LESS
LOWEST:     -8 ON  8, 7                            3 = THUNDER
                        SNOW, ICE PELLETS, HAIL    4 = ICE PELLETS
                        TOTAL MONTH:   8.8 INCHES  5 = HAIL
                        GRTST 24HR   2.5 ON  8- 8  6 = FREEZING RAIN OR DRIZZLE
                        GRTST DEPTH:   3 ON 15,14  7 = DUSTSTORM OR SANDSTORM:
                                                       VSBY 1/2 MILE OR LESS
                                                   8 = SMOKE OR HAZE
[NO. OF DAYS WITH]      [WEATHER - DAYS WITH]      9 = BLOWING SNOW
                                                   X = TORNADO
MAX 32 OR BELOW:  18    0.01 INCH OR MORE:   9
MAX 90 OR ABOVE:   0    0.10 INCH OR MORE:   3
MIN 32 OR BELOW:  28    0.50 INCH OR MORE:   0
MIN  0 OR BELOW:  10    1.00 INCH OR MORE:   0

[HDD (BASE 65) ]
TOTAL THIS MO.  1274    CLEAR  (SCALE 0-3)   2
DPTR FM NORMAL   -23    PTCLDY (SCALE 4-7)  18
TOTAL FM JUL 1  4086    CLOUDY (SCALE 8-10)  8
DPTR FM NORMAL   -90

[CDD (BASE 65) ]
TOTAL THIS MO.     0
DPTR FM NORMAL     0    [PRESSURE DATA]
TOTAL FM JAN 1     0    HIGHEST SLP M ON M
DPTR FM NORMAL     0    LOWEST  SLP 29.52 ON 17

[REMARKS]
