000
CXUS53 KMPX 231000
CF6MSP
PRELIMINARY LOCAL CLIMATOLOGICAL DATA (WS FORM: F-6)

                                          STATION:   TWIN CITIES MN
                                          MONTH:     AUGUST
                                          YEAR:      2014
                                          LATITUDE:   44 52 N
                                          LONGITUDE:  93 13 W

  TEMPERATURE IN F:       :PCPN:    SNOW:  WIND      :SUNSHINE: SKY     :PK WND
================================================================================
1   2   3   4   5  6A  6B    7    8   9   10  11  12  13   14  15   16   17  18
                                     12Z  AVG MX 2MIN
DY MAX MIN AVG DEP HDD CDD  WTR  SNW DPTH SPD SPD DIR MIN PSBL S-S WX    SPD DR
================================================================================

 1  87  65  76   3   0  11 0.00  0.0    0  4.8 13  90   M    M   2 38     17 340
 2  87  67  77   4   0  12    T  0.0    0  4.6 20 300   M    M   4 138    26 310
 3  88  68  78   5   0  13 0.67  0.0    0  4.5 38  10   M    M   5 138    48  20
 4  81  68  75   2   0  10 0.00  0.0    0  6.7 14  10   M    M   6        23  20
 5  81  62  72  -1   0   7 0.00  0.0    0  5.6 15  90   M    M   6        20  60
 6  82  62  72  -1   0   7 0.00  0.0    0  4.5 12 120   M    M   7 1      21  40
 7  83  65  74   2   0   9 0.00  0.0    0  6.5 16 140   M    M   6        22 130
 8  83  67  75   3   0  10 0.00  0.0    0  6.3 13 150   M    M   6        18 120
 9  79  67  73   1   0   8    T  0.0    0  7.7 15 110   M    M   8        18 120
10  84  68  76   4   0  11 0.15  0.0    0  6.8 17 220   M    M   9 18     22 220
11  78  62  70  -2   0   5 0.04  0.0    0 10.5 22 340   M    M   8 1      31 350
12  80  57  69  -3   0   4 0.00  0.0    0  9.4 22 310   M    M   1 1      27 310
13  83  63  73   1   0   8 0.00  0.0    0  6.6 14  40   M    M   4 8      24  20
14  80  59  70  -2   0   5 0.00  0.0    0  8.9 14 110   M    M   5 8      21 150
15  85  64  75   3   0  10 0.00  0.0    0  7.4 14 220   M    M   6        20 180
16  86  67  77   6   0  12 0.08  0.0    0  5.8 13 100   M    M   7 8      18  80
17  81  68  75   4   0  10 0.27  0.0    0  8.5 17 110   M    M   9 138    23 100
18  87  67  77   6   0  12 0.01  0.0    0  6.6 24 220   M    M   6 13     33 230
19  81  65  73   2   0   8 0.00  0.0    0  6.9 16 310   M    M   5        23 290
20  83  65  74   3   0   9 0.00  0.0    0  7.5 15 110   M    M   6 1      20 100
21  85  70  78   7   0  13 0.07  0.0    0  8.3 26  90   M    M   6 13     30  80
22  79  70  75   5   0  10 0.00  0.0    0  6.0 13 310   M    M   8 1      21  20
================================================================================
SM 1823 1436         0 204  1.29     0.0 150.4          M      130
================================================================================
AV 82.9 65.3                               6.8 FASTST   M    M   6    MAX(MPH)
                                 MISC ---->  # 38  10               # 48   20
================================================================================
NOTES:
# LAST OF SEVERAL OCCURRENCES

COLUMN 17 PEAK WIND IN M.P.H.

PRELIMINARY LOCAL CLIMATOLOGICAL DATA (WS FORM: F-6) , PAGE 2

                                          STATION:  TWIN CITIES MN
                                          MONTH:    AUGUST
                                          YEAR:     2014
                                          LATITUDE:   44 52 N
                                          LONGITUDE:  93 13 W

[TEMPERATURE DATA]      [PRECIPITATION DATA]       SYMBOLS USED IN COLUMN 16

AVERAGE MONTHLY: 74.1   TOTAL FOR MONTH:   1.29    1 = FOG OR MIST
DPTR FM NORMAL:   2.2   DPTR FM NORMAL:   -1.89    2 = FOG REDUCING VISIBILITY
HIGHEST:    88 ON  3    GRTST 24HR  0.67 ON  3- 3      TO 1/4 MILE OR LESS
LOWEST:     57 ON 12                               3 = THUNDER
                        SNOW, ICE PELLETS, HAIL    4 = ICE PELLETS
                        TOTAL MONTH:   0.0 INCH    5 = HAIL
                        GRTST 24HR     0.0         6 = FREEZING RAIN OR DRIZZLE
                        GRTST DEPTH:   0           7 = DUSTSTORM OR SANDSTORM:
                                                       VSBY 1/2 MILE OR LESS
                                                   8 = SMOKE OR HAZE
[NO. OF DAYS WITH]      [WEATHER - DAYS WITH]      9 = BLOWING SNOW
                                                   X = TORNADO
MAX 32 OR BELOW:   0    0.01 INCH OR MORE:   7
MAX 90 OR ABOVE:   0    0.10 INCH OR MORE:   3
MIN 32 OR BELOW:   0    0.50 INCH OR MORE:   1
MIN  0 OR BELOW:   0    1.00 INCH OR MORE:   0

[HDD (BASE 65) ]
TOTAL THIS MO.     0    CLEAR  (SCALE 0-3)   2
DPTR FM NORMAL    -1    PTCLDY (SCALE 4-7)  18
TOTAL FM JUL 1     7    CLOUDY (SCALE 8-10)  2
DPTR FM NORMAL     1

[CDD (BASE 65) ]
TOTAL THIS MO.   204
DPTR FM NORMAL    46    [PRESSURE DATA]
TOTAL FM JAN 1   635    HIGHEST SLP M ON M
DPTR FM NORMAL     1    LOWEST  SLP 29.65 ON 18

[REMARKS]
