000
CXUS55 KLIX 301000
CF6MSY
PRELIMINARY LOCAL CLIMATOLOGICAL DATA (WS FORM: F-6)

                                          STATION:   NEW ORLEANS
                                          MONTH:     JUNE
                                          YEAR:      2015
                                          LATITUDE:   29 58 N
                                          LONGITUDE:  90 15 W

  TEMPERATURE IN F:       :PCPN:    SNOW:  WIND      :SUNSHINE: SKY     :PK WND
================================================================================
1   2   3   4   5  6A  6B    7    8   9   10  11  12  13   14  15   16   17  18
                                     12Z  AVG MX 2MIN
DY MAX MIN AVG DEP HDD CDD  WTR  SNW DPTH SPD SPD DIR MIN PSBL S-S WX    SPD DR
================================================================================

 1  88  70  79  -1   0  14 0.35  0.0    0  4.6 17 170   M    M   6 38     21 190
 2  89  72  81   1   0  16 0.00  0.0    0  4.7 13  20   M    M   3 18     17  20
 3  89  75  82   2   0  17 0.05  0.0    0  6.0 14  40   M    M   3        17  20
 4  90  75  83   3   0  18 0.00  0.0    0  5.1 15 170   M    M   5        18 170
 5  91  74  83   3   0  18 0.00  0.0    0  3.5 12  30   M    M   3        14  30
 6  91  73  82   2   0  17 0.00  0.0    0  6.2 12  50   M    M   3        19  10
 7  90  76  83   2   0  18    T  0.0    0  5.0 17 170   M    M   4        20 180
 8  90  77  84   3   0  19 0.00  0.0    0  5.1 16 220   M    M   6        20 220
 9  83  71  77  -4   0  12 0.23  0.0    0  5.4 23  30   M    M   8 13     34  30
10  91  69  80  -1   0  15 0.00  0.0    0  3.5 10 220   M    M   7 3      15 180
11  90  76  83   2   0  18 0.07  0.0    0  5.2 20  20   M    M   6 38     30 150
12  85  72  79  -2   0  14 1.15  0.0    0  7.3 28 180   M    M   7 13     34 220
13  90  75  83   2   0  18 0.00  0.0    0 10.4 20 160   M    M   7        25 160
14  88  76  82   0   0  17 0.64  0.0    0  9.4 28 170   M    M   6 18     33 180
15  90  78  84   2   0  19 0.08  0.0    0 10.1 24 140   M    M   6        34 140
16  91  79  85   3   0  20 0.00  0.0    0 11.0 16 140   M    M   5        21 140
17  91  79  85   3   0  20 0.00  0.0    0  9.4 18 180   M    M   4        23 180
18  89  78  84   2   0  19 0.00  0.0    0  8.9 17 170   M    M   7        22 180
19  90  77  84   2   0  19 0.02  0.0    0  8.2 20 260   M    M   5 3      25 260
20  92  77  85   3   0  20 0.00  0.0    0  7.1 13 230   M    M   5        16 230
21  92  78  85   3   0  20 0.00  0.0    0  5.1 10 220   M    M   5        14 220
22  93  77  85   3   0  20    T  0.0    0  5.0 30 170   M    M   6 3      36 170
23  93  76  85   3   0  20 0.00  0.0    0  5.5 24 170   M    M   6 3      30 170
24  91  76  84   2   0  19 0.00  0.0    0  4.4 18  30   M    M   7 3      33 100
25  89  74  82   0   0  17    T  0.0    0  4.9 20 250   M    M   8 3      24 250
26  90  74  82   0   0  17 0.00  0.0    0  7.5 17 250   M    M   6 3      21 260
27  93  74  84   1   0  19 0.41  0.0    0 10.1 32 260   M    M   5 13     47 240
28  81  74  78  -5   0  13 0.75  0.0    0  5.6 23 240   M    M   7 13     29 250
29  92  74  83   0   0  18 0.00  0.0    0  8.0 18 260   M    M   6 3      24 250
================================================================================
SM 2602 2176         0 511  3.75     0.0 192.2          M      162
================================================================================
AV 89.7 75.0                               6.6 FASTST   M    M   6    MAX(MPH)
                                 MISC ---->  # 32 260               # 47  240
================================================================================
NOTES:
# LAST OF SEVERAL OCCURRENCES

COLUMN 17 PEAK WIND IN M.P.H.

PRELIMINARY LOCAL CLIMATOLOGICAL DATA (WS FORM: F-6) , PAGE 2

                                          STATION:  NEW ORLEANS
                                          MONTH:    JUNE
                                          YEAR:     2015
                                          LATITUDE:   29 58 N
                                          LONGITUDE:  90 15 W

[TEMPERATURE DATA]      [PRECIPITATION DATA]       SYMBOLS USED IN COLUMN 16

AVERAGE MONTHLY: 82.4   TOTAL FOR MONTH:   3.75    1 = FOG OR MIST
DPTR FM NORMAL:   0.9   DPTR FM NORMAL:   -4.05    2 = FOG REDUCING VISIBILITY
HIGHEST:    93 ON 27,23 GRTST 24HR  1.15 ON 12-12      TO 1/4 MILE OR LESS
LOWEST:     69 ON 10                               3 = THUNDER
                        SNOW, ICE PELLETS, HAIL    4 = ICE PELLETS
                        TOTAL MONTH:   0.0 INCH    5 = HAIL
                        GRTST 24HR     0.0         6 = FREEZING RAIN OR DRIZZLE
                        GRTST DEPTH:   0           7 = DUSTSTORM OR SANDSTORM:
                                                       VSBY 1/2 MILE OR LESS
                                                   8 = SMOKE OR HAZE
[NO. OF DAYS WITH]      [WEATHER - DAYS WITH]      9 = BLOWING SNOW
                                                   X = TORNADO
MAX 32 OR BELOW:   0    0.01 INCH OR MORE:  10
MAX 90 OR ABOVE:  20    0.10 INCH OR MORE:   6
MIN 32 OR BELOW:   0    0.50 INCH OR MORE:   3
MIN  0 OR BELOW:   0    1.00 INCH OR MORE:   1

[HDD (BASE 65) ]
TOTAL THIS MO.     0    CLEAR  (SCALE 0-3)   2
DPTR FM NORMAL     0    PTCLDY (SCALE 4-7)  26
TOTAL FM JUL 1  1274    CLOUDY (SCALE 8-10)  1
DPTR FM NORMAL    -6

[CDD (BASE 65) ]
TOTAL THIS MO.   511
DPTR FM NORMAL    34    [PRESSURE DATA]
TOTAL FM JAN 1  1340    HIGHEST SLP M ON M
DPTR FM NORMAL   244    LOWEST  SLP 29.82 ON 10

[REMARKS]
