000
CXUS55 KLIX 301000
CF6MSY
PRELIMINARY LOCAL CLIMATOLOGICAL DATA (WS FORM: F-6)

                                          STATION:   NEW ORLEANS
                                          MONTH:     AUGUST
                                          YEAR:      2015
                                          LATITUDE:   29 58 N
                                          LONGITUDE:  90 15 W

  TEMPERATURE IN F:       :PCPN:    SNOW:  WIND      :SUNSHINE: SKY     :PK WND
================================================================================
1   2   3   4   5  6A  6B    7    8   9   10  11  12  13   14  15   16   17  18
                                     12Z  AVG MX 2MIN
DY MAX MIN AVG DEP HDD CDD  WTR  SNW DPTH SPD SPD DIR MIN PSBL S-S WX    SPD DR
================================================================================

 1  93  80  87   4   0  22 0.00  0.0    0  8.8 17  40   M    M   3        21  30
 2  96  74  85   2   0  20 0.00  0.0    0  6.1 13 200   M    M   2        19 360
 3  95  78  87   4   0  22 0.00  0.0    0  7.5 26 180   M    M   5        31 180
 4  92  79  86   3   0  21    T  0.0    0  8.0 18 180   M    M   5        22 170
 5  93  79  86   3   0  21 0.08  0.0    0  7.3 16 210   M    M   6 3      63  30
 6  95  80  88   5   0  23 0.00  0.0    0 10.0 20 260   M    M   4        24 270
 7  97  80  89   6   0  24 0.00  0.0    0  9.3 16 290   M    M   4        20 290
 8  96  78  87   4   0  22 0.00  0.0    0  8.9 26  80   M    M   4 3      36  90
 9  96  79  88   5   0  23 0.00  0.0    0  8.1 15 300   M    M   8        19 300
10  98  81  90   7   0  25 0.00  0.0    0  6.7 15 160   M    M   5 1      20 210
11  95  80  88   5   0  23 0.00  0.0    0  5.8 16 320   M    M   7        20 330
12  96  78  87   4   0  22    T  0.0    0  6.4 22  20   M    M   7        32  10
13  96  80  88   5   0  23 0.00  0.0    0  7.0 14  40   M    M   3        19  40
14  96  78  87   4   0  22 0.00  0.0    0  7.0 16 150   M    M   5        22 150
15  93  78  86   3   0  21 0.00  0.0    0  9.8 20  80   M    M   5        26 110
16  89  76  83   0   0  18 0.21  0.0    0  6.9 21  70   M    M   6 13     31  70
17  89  75  82  -1   0  17 0.39  0.0    0  8.9 18 160   M    M   8 1      29 310
18  91  77  84   1   0  19 0.29  0.0    0  6.4 21 240   M    M   7 3      28 230
19  85  74  80  -3   0  15 0.89  0.0    0  5.7 21 290   M    M   8 13     26 320
20  91  77  84   1   0  19 0.81  0.0    0  4.2 20 230   M    M   7 3      24 230
21  93  78  86   3   0  21 0.02  0.0    0  4.8 18 250   M    M   7 13     23 250
22  91  76  84   1   0  19 0.59  0.0    0  3.2 17 240   M    M   6 13     23 270
23  94  77  86   3   0  21 0.00  0.0    0  6.2 15 330   M    M   4 1      23 120
24  96  79  88   5   0  23 0.00  0.0    0  8.6 15  20   M    M   3        19 320
25  89  79  84   1   0  19 0.00  0.0    0 11.3 17  40   M    M   4        21  40
26  87  75  81  -2   0  16 0.00  0.0    0  9.9 16  30   M    M   2        20  30
27  87  72  80  -3   0  15 0.00  0.0    0  7.0 15  30   M    M   1        19 360
28  91  69  80  -3   0  15 0.00  0.0    0  6.3 14  40   M    M   2        17 260
29  90  76  83   0   0  18 0.00  0.0    0  6.5 13 170   M    M   4        17 170
================================================================================
SM 2690 2242         0 589  3.28     0.0 212.6          M      142
================================================================================
AV 92.8 77.3                               7.3 FASTST   M    M   5    MAX(MPH)
                                 MISC ---->  # 26 180               # 63   30
================================================================================
NOTES:
# LAST OF SEVERAL OCCURRENCES

COLUMN 17 PEAK WIND IN M.P.H.

PRELIMINARY LOCAL CLIMATOLOGICAL DATA (WS FORM: F-6) , PAGE 2

                                          STATION:  NEW ORLEANS
                                          MONTH:    AUGUST
                                          YEAR:     2015
                                          LATITUDE:   29 58 N
                                          LONGITUDE:  90 15 W

[TEMPERATURE DATA]      [PRECIPITATION DATA]       SYMBOLS USED IN COLUMN 16

AVERAGE MONTHLY: 85.0   TOTAL FOR MONTH:   3.28    1 = FOG OR MIST
DPTR FM NORMAL:   2.0   DPTR FM NORMAL:   -2.30    2 = FOG REDUCING VISIBILITY
HIGHEST:    98 ON 10    GRTST 24HR  1.34 ON 19-20      TO 1/4 MILE OR LESS
LOWEST:     69 ON 28                               3 = THUNDER
                        SNOW, ICE PELLETS, HAIL    4 = ICE PELLETS
                        TOTAL MONTH:   0.0 INCH    5 = HAIL
                        GRTST 24HR     0.0         6 = FREEZING RAIN OR DRIZZLE
                        GRTST DEPTH:   0           7 = DUSTSTORM OR SANDSTORM:
                                                       VSBY 1/2 MILE OR LESS
                                                   8 = SMOKE OR HAZE
[NO. OF DAYS WITH]      [WEATHER - DAYS WITH]      9 = BLOWING SNOW
                                                   X = TORNADO
MAX 32 OR BELOW:   0    0.01 INCH OR MORE:   8
MAX 90 OR ABOVE:  23    0.10 INCH OR MORE:   6
MIN 32 OR BELOW:   0    0.50 INCH OR MORE:   3
MIN  0 OR BELOW:   0    1.00 INCH OR MORE:   0

[HDD (BASE 65) ]
TOTAL THIS MO.     0    CLEAR  (SCALE 0-3)   7
DPTR FM NORMAL     0    PTCLDY (SCALE 4-7)  22
TOTAL FM JUL 1     0    CLOUDY (SCALE 8-10)  0
DPTR FM NORMAL     0

[CDD (BASE 65) ]
TOTAL THIS MO.   589
DPTR FM NORMAL    67    [PRESSURE DATA]
TOTAL FM JAN 1  2593    HIGHEST SLP M ON M
DPTR FM NORMAL   391    LOWEST  SLP 29.84 ON  2

[REMARKS]
