000
CXUS52 KEYW 280800
CF6MTH
PRELIMINARY LOCAL CLIMATOLOGICAL DATA (WS FORM: F-6)

                                          STATION:   MARATHON
                                          MONTH:     JULY
                                          YEAR:      2014
                                          LATITUDE:   24 43 N
                                          LONGITUDE:  81  5 W

  TEMPERATURE IN F:       :PCPN:    SNOW:  WIND      :SUNSHINE: SKY     :PK WND
================================================================================
1   2   3   4   5  6A  6B    7    8   9   10  11  12  13   14  15   16   17  18
                                     12Z  AVG MX 2MIN
DY MAX MIN AVG DEP HDD CDD  WTR  SNW DPTH SPD SPD DIR MIN PSBL S-S WX    SPD DR
================================================================================

 1  89  77  83  -2   0  18 0.76  0.0    0  4.3  9 270   M    M   2 13     15 280
 2  91  77  84  -1   0  19 0.14  0.0    0  6.9 17 270   M    M   2 13     25 260
 3  93  83  88   3   0  23 0.00  0.0    0  5.0 10 170   M    M   2        15 160
 4  92  82  87   2   0  22 0.00  0.0    0  4.6 13 150   M    M   0 3      19 150
 5  88  81  85   0   0  20    T  0.0    0  5.4  9  90   M    M   1 3      16 130
 6  92  82  87   2   0  22 0.00  0.0    0  5.5 12 100   M    M   1        17 100
 7  93  76  85   0   0  20 0.55  0.0    0  6.1 21  40   M    M   3 3      26  30
 8  91  80  86   1   0  21 0.00  0.0    0  3.9  9 180   M    M   1        13 190
 9  92  79  86   1   0  21 0.33  0.0    0  5.9 26  40   M    M   1 3      35  60
10  92  82  87   2   0  22 0.00  0.0    0  6.7 13  30   M    M   1 3      16  30
11  91  83  87   2   0  22 0.00  0.0    0  7.8 14  80   M    M   1 3      17 120
12  91  79  85   0   0  20    T  0.0    0  7.3 15  50   M    M   1 3      25 110
13  91  80  86   1   0  21    T  0.0    0  6.7 18 130   M    M   1        29 120
14  92  83  88   3   0  23 0.01  0.0    0  4.8  9 160   M    M   2        14 150
15  91  81  86   1   0  21    T  0.0    0  3.3  8 190   M    M   2        13 130
16  94  81  88   3   0  23 0.00  0.0    0  5.1 10 200   M    M   1        15 220
17  94  81  88   3   0  23 0.00  0.0    M  4.7 12 310   M    M   1        16 270
18  95  81  88   3   0  23    T  0.0    0  5.3 12  90   M    M   1 3      17 110
19  93  81  87   2   0  22 0.00  0.0    0  4.3 13  80   M    M   4 3      20  80
20  93  77  85   0   0  20 0.10  0.0    0  4.7 24  30   M    M   4 13     34  10
21  92  77  85   0   0  20 0.01  0.0    0  3.5 18 320   M    M   1 13     24 330
22  89  80  85   0   0  20    T  0.0    0  4.7 13 340   M    M   2 3      17 320
23  91  79  85   0   0  20 0.09  0.0    0  5.1 13 250   M    M   3 13     22 230
24  92  83  88   3   0  23    T  0.0    0  5.4 10 150   M    M   1        18 150
25  94  84  89   4   0  24 0.00  0.0    0  5.8 10 130   M    M   1        16 120
26  94  85  90   5   0  25 0.00  0.0    0  6.0 12 130   M    M   1        17 150
27  93  82  88   3   0  23 0.00  0.0    0  4.0  9 130   M    M   1        15 140
================================================================================
SM 2483 2176         0 581  1.99     0.0 142.8          M       42
================================================================================
AV 92.0 80.6                               5.3 FASTST   M    M   2    MAX(MPH)
                                 MISC ---->  # 26  40               # 35   60
================================================================================
NOTES:
# LAST OF SEVERAL OCCURRENCES

COLUMN 17 PEAK WIND IN M.P.H.

PRELIMINARY LOCAL CLIMATOLOGICAL DATA (WS FORM: F-6) , PAGE 2

                                          STATION:  MARATHON
                                          MONTH:    JULY
                                          YEAR:     2014
                                          LATITUDE:   24 43 N
                                          LONGITUDE:  81  5 W

[TEMPERATURE DATA]      [PRECIPITATION DATA]       SYMBOLS USED IN COLUMN 16

AVERAGE MONTHLY: 86.3   TOTAL FOR MONTH:   1.99    1 = FOG OR MIST
DPTR FM NORMAL:   1.3   DPTR FM NORMAL:   -1.66    2 = FOG REDUCING VISIBILITY
HIGHEST:    95 ON 18    GRTST 24HR  0.89 ON  1- 2      TO 1/4 MILE OR LESS
LOWEST:     76 ON  7                               3 = THUNDER
                        SNOW, ICE PELLETS, HAIL    4 = ICE PELLETS
                        TOTAL MONTH:   0.0 INCH    5 = HAIL
                        GRTST 24HR     0.0         6 = FREEZING RAIN OR DRIZZLE
                        GRTST DEPTH:   0           7 = DUSTSTORM OR SANDSTORM:
                                                       VSBY 1/2 MILE OR LESS
                                                   8 = SMOKE OR HAZE
[NO. OF DAYS WITH]      [WEATHER - DAYS WITH]      9 = BLOWING SNOW
                                                   X = TORNADO
MAX 32 OR BELOW:   0    0.01 INCH OR MORE:   8
MAX 90 OR ABOVE:  24    0.10 INCH OR MORE:   5
MIN 32 OR BELOW:   0    0.50 INCH OR MORE:   2
MIN  0 OR BELOW:   0    1.00 INCH OR MORE:   0

[HDD (BASE 65) ]
TOTAL THIS MO.     0    CLEAR  (SCALE 0-3)  25
DPTR FM NORMAL     0    PTCLDY (SCALE 4-7)   2
TOTAL FM JUL 1     0    CLOUDY (SCALE 8-10)  0
DPTR FM NORMAL     0

[CDD (BASE 65) ]
TOTAL THIS MO.   581
DPTR FM NORMAL    41    [PRESSURE DATA]
TOTAL FM JAN 1  2929    HIGHEST SLP M ON M
DPTR FM NORMAL   252    LOWEST  SLP 29.90 ON  2

[REMARKS]
