000
CXUS52 KKEY 280537
CF6MTH
PRELIMINARY LOCAL CLIMATOLOGICAL DATA (WS FORM: F-6)

                                          STATION:   MARATHON
                                          MONTH:     FEBRUARY
                                          YEAR:      2015
                                          LATITUDE:   24 43 N
                                          LONGITUDE:  81  5 W

  TEMPERATURE IN F:       :PCPN:    SNOW:  WIND      :SUNSHINE: SKY     :PK WND
================================================================================
1   2   3   4   5  6A  6B    7    8   9   10  11  12  13   14  15   16   17  18
                                     12Z  AVG MX 2MIN
DY MAX MIN AVG DEP HDD CDD  WTR  SNW DPTH SPD SPD DIR MIN PSBL S-S WX    SPD DR
================================================================================

 1  78  68  73   2   0   8 0.00  0.0    0  9.4 15  80   M    M   4        22  80
 2  82  69  76   5   0  11 0.41  0.0    0  6.7 14 250   M    M   3 1      20 250
 3  73  61  67  -4   0   2 0.00  0.0    0  9.7 17  50   M    M   2        22  50
 4  80  71  76   5   0  11 0.00  0.0    0  8.1 13 100   M    M   5        19 120
 5  77  66  72   1   0   7 0.20  0.0    0  8.5 17 320   M    M   6 1      25 290
 6  75  60  68  -3   0   3 0.00  0.0    0 14.1 18  50   M    M   4        27 350
 7  74  64  69  -2   0   4 0.00  0.0    0 14.1 21  60   M    M   2        27  60
 8  79  67  73   2   0   8 0.00  0.0    0  5.8 12  90   M    M   1        17  90
 9  79  67  73   2   0   8 0.14  0.0    0  6.7 15 270   M    M   4 3      23 270
10  74  63  69  -2   0   4 0.00  0.0    0 14.4 22 310   M    M   3        32 300
11  67  58  63  -8   2   0 0.00  0.0    0  8.7 14 360   M    M   1        20 320
12  72  60  66  -6   0   1 0.00  0.0    0  8.7 13 320   M    M   1        19 310
13  69  60  65  -7   0   0 0.00  0.0    0 10.4 20 330   M    M   1        27 330
14  62  53  58 -14   7   0 0.00  0.0    0  9.7 17 340   M    M   0        24 330
15  70  59  65  -7   0   0 0.00  0.0    0  7.9 14 330   M    M   0        19 350
16  77  62  70  -2   0   5 0.00  0.0    0  8.3 14 120   M    M   2        21 100
17  83  70  77   5   0  12 0.00  0.0    0  5.8 10 200   M    M   2        17 180
18  74  58  66  -6   0   1 1.15  0.0    0 12.7 21 330   M    M   7 13     33 330
19  61  54  58 -14   7   0 0.00  0.0    0 17.0 25 340   M    M   0        36 340
20  65  45  55 -17  10   0 0.00  0.0    0 13.5 22  50   M    M   3        27  40
21  75  59  67  -5   0   2    T  0.0    0 10.4 17  60   M    M  10        27 110
22  79  69  74   2   0   9 0.13  0.0    0  6.4 12  80   M    M   5 1      17 120
23  81  66  74   2   0   9 0.00  0.0    0  3.0  9  30   M    M   3        12 130
24  77  64  71  -1   0   6 0.00  0.0    0  3.5  8 350   M    M   3 12     11 340
25  82  62  72   0   0   7 0.00  0.0    0  4.5 14 170   M    M   4 12     21 160
26  84  74  79   7   0  14 0.00  0.0    0  6.7 13 190   M    M   1        20 210
27  80  69  75   3   0  10 0.00  0.0    0  9.0 18  30   M    M   7        25  40
================================================================================
SM 2029 1698        26 142  2.03     0.0 243.7          M       84
================================================================================
AV 75.1 62.9                               9.0 FASTST   M    M   3    MAX(MPH)
                                 MISC ---->  # 25 340               # 36  340
================================================================================
NOTES:
# LAST OF SEVERAL OCCURRENCES

COLUMN 17 PEAK WIND IN M.P.H.

PRELIMINARY LOCAL CLIMATOLOGICAL DATA (WS FORM: F-6) , PAGE 2

                                          STATION:  MARATHON
                                          MONTH:    FEBRUARY
                                          YEAR:     2015
                                          LATITUDE:   24 43 N
                                          LONGITUDE:  81  5 W

[TEMPERATURE DATA]      [PRECIPITATION DATA]       SYMBOLS USED IN COLUMN 16

AVERAGE MONTHLY: 69.0   TOTAL FOR MONTH:   2.03    1 = FOG OR MIST
DPTR FM NORMAL:  -2.6   DPTR FM NORMAL:   -0.11    2 = FOG REDUCING VISIBILITY
HIGHEST:    84 ON 26    GRTST 24HR  1.15 ON 18-18      TO 1/4 MILE OR LESS
LOWEST:     45 ON 20                               3 = THUNDER
                        SNOW, ICE PELLETS, HAIL    4 = ICE PELLETS
                        TOTAL MONTH:   0.0 INCH    5 = HAIL
                        GRTST 24HR     0.0         6 = FREEZING RAIN OR DRIZZLE
                        GRTST DEPTH:   0           7 = DUSTSTORM OR SANDSTORM:
                                                       VSBY 1/2 MILE OR LESS
                                                   8 = SMOKE OR HAZE
[NO. OF DAYS WITH]      [WEATHER - DAYS WITH]      9 = BLOWING SNOW
                                                   X = TORNADO
MAX 32 OR BELOW:   0    0.01 INCH OR MORE:   5
MAX 90 OR ABOVE:   0    0.10 INCH OR MORE:   5
MIN 32 OR BELOW:   0    0.50 INCH OR MORE:   1
MIN  0 OR BELOW:   0    1.00 INCH OR MORE:   1

[HDD (BASE 65) ]
TOTAL THIS MO.    26    CLEAR  (SCALE 0-3)  16
DPTR FM NORMAL     3    PTCLDY (SCALE 4-7)  10
TOTAL FM JUL 1    50    CLOUDY (SCALE 8-10)  1
DPTR FM NORMAL   -32

[CDD (BASE 65) ]
TOTAL THIS MO.   142
DPTR FM NORMAL   -51    [PRESSURE DATA]
TOTAL FM JAN 1   374    HIGHEST SLP M ON M
DPTR FM NORMAL     0    LOWEST  SLP 29.76 ON M

[REMARKS]
