000
CXUS53 KILX 300900
CF6MTO
PRELIMINARY LOCAL CLIMATOLOGICAL DATA (WS FORM: F-6)

                                          STATION:   MATTOON IL AIRPORT
                                          MONTH:     JUNE
                                          YEAR:      2015
                                          LATITUDE:   39 28 N
                                          LONGITUDE:  88 17 W

  TEMPERATURE IN F:       :PCPN:    SNOW:  WIND      :SUNSHINE: SKY     :PK WND
================================================================================
1   2   3   4   5  6A  6B    7    8   9   10  11  12  13   14  15   16   17  18
                                     12Z  AVG MX 2MIN
DY MAX MIN AVG DEP HDD CDD  WTR  SNW DPTH SPD SPD DIR MIN PSBL S-S WX    SPD DR
================================================================================

 1  66  54  60  -8   5   0 0.00    M    M  8.5 17  20   M    M   8 1      19  30
 2  73  50  62  -6   3   0 0.00    M    M  5.4 14  70   M    M   2 18     16  60
 3  74  55  65  -3   0   0 0.00    M    M  4.8 10 130   M    M   4        13 140
 4  79  57  68  -1   0   3 0.00    M    M  6.2 13 240   M    M   2 18     17 180
 5  87  60  74   5   0   9    T    M    M  6.9 21  30   M    M   3 12     27  30
 6  81  55  68  -1   0   3 0.00    M    M  6.5 15  30   M    M   1 1      18  30
 7  87  63  75   5   0  10 0.87    M    M 11.0 39 310   M    M   2 1      50 310
 8  81  65  73   3   0   8 0.61    M    M 10.2 20 170   M    M   6 1      28 160
 9  86  64  75   5   0  10 0.00    M    M  4.9 12 300   M    M   0        17 270
10  88  70  79   9   0  14 0.00  0.0    0  8.7 15 200   M    M   0        23 200
11  87  67  77   6   0  12 0.00    M    M  7.4 14 210   M    M   1        21 200
12  87  71  79   8   0  14 0.07    M    M  7.7 21 220   M    M   2 1      29 200
13  84  71  78   7   0  13 0.07    M    M 10.3 17 200   M    M   2 1      27 200
14  82  71  77   5   0  12 0.32    M    M  8.7 17 190   M    M   5 1      27 200
15  85  71  78   6   0  13 0.93    M    M  7.4 16 220   M    M   5 18     26 180
16  80  70  75   3   0  10 0.07    M    M  6.5  9  40   M    M   6 1      22  20
17  77  71  74   2   0   9 0.27    M    M  6.2 12 260   M    M   8 1      16 220
18  81  69  75   2   0  10 1.01    M    M  6.5 24 190   M    M   5 1      37 200
19  73  69  71  -2   0   6 2.20    M    M  7.9 16  60   M    M   9 1      24  40
20  80  68  74   1   0   9 0.01  0.0    0  9.8 30 320   M    M   7 1      38 330
21  81  68  75   1   0  10 0.39    M    M 12.4 20 200   M    M   4 13     37 340
22  86  70  78   4   0  13    T    M    M   M   M   M   M    M   M         M  M
23  83  64  74   0   0   9 0.00    M    M   M   M   M   M    M   M         M  M
24  79  63  71  -3   0   6    T  0.0    M  4.1 16 170   M    M   1        20 180
25  81  67  74   0   0   9 0.50    M    M  6.7 33 290   M    M   7 1      45 290
26  73  65  69  -6   0   4 0.24    M    M  7.6 16 360   M    M   8 1      23  20
27  77  57  67  -8   0   2 0.00    M    M 10.6 22 340   M    M   4 1      26 320
28  78  59  69  -6   0   4 1.17    M    M  6.9 24 160   M    M   3 1      30 160
29  79  65  72  -3   0   7    T    M    M  8.4 16 290   M    M   6 1      21 280
================================================================================
SM 2335 1869         8 229  8.73     0.0 208.2          M      111
================================================================================
AV 80.5 64.4                               7.7 FASTST   M    M   4    MAX(MPH)
                                 MISC ---->  # 39 310               # 50  310
================================================================================
NOTES:
# LAST OF SEVERAL OCCURRENCES

COLUMN 17 PEAK WIND IN M.P.H.

PRELIMINARY LOCAL CLIMATOLOGICAL DATA (WS FORM: F-6) , PAGE 2

                                          STATION:  MATTOON IL AIRPORT
                                          MONTH:    JUNE
                                          YEAR:     2015
                                          LATITUDE:   39 28 N
                                          LONGITUDE:  88 17 W

[TEMPERATURE DATA]      [PRECIPITATION DATA]       SYMBOLS USED IN COLUMN 16

AVERAGE MONTHLY: 72.5   TOTAL FOR MONTH:   8.73    1 = FOG OR MIST
DPTR FM NORMAL:   0.7   DPTR FM NORMAL:    4.62    2 = FOG REDUCING VISIBILITY
HIGHEST:    88 ON 10    GRTST 24HR  2.90 ON 18-19      TO 1/4 MILE OR LESS
LOWEST:     50 ON  2                               3 = THUNDER
                        SNOW, ICE PELLETS, HAIL    4 = ICE PELLETS
                        TOTAL MONTH:   0.0 INCH    5 = HAIL
                        GRTST 24HR     0.0         6 = FREEZING RAIN OR DRIZZLE
                        GRTST DEPTH:   0           7 = DUSTSTORM OR SANDSTORM:
                                                       VSBY 1/2 MILE OR LESS
                                                   8 = SMOKE OR HAZE
[NO. OF DAYS WITH]      [WEATHER - DAYS WITH]      9 = BLOWING SNOW
                                                   X = TORNADO
MAX 32 OR BELOW:   0    0.01 INCH OR MORE:  15
MAX 90 OR ABOVE:   0    0.10 INCH OR MORE:  11
MIN 32 OR BELOW:   0    0.50 INCH OR MORE:   7
MIN  0 OR BELOW:   0    1.00 INCH OR MORE:   3

[HDD (BASE 65) ]
TOTAL THIS MO.     8    CLEAR  (SCALE 0-3)  11
DPTR FM NORMAL    -6    PTCLDY (SCALE 4-7)  15
TOTAL FM JUL 1  5912    CLOUDY (SCALE 8-10)  1
DPTR FM NORMAL   508

[CDD (BASE 65) ]
TOTAL THIS MO.   229
DPTR FM NORMAL    17    [PRESSURE DATA]
TOTAL FM JAN 1   356    HIGHEST SLP M ON M
DPTR FM NORMAL    56    LOWEST  SLP 29.73 ON 20

[REMARKS]
