000
CXUS53 KILX 262300
CF6MTO
PRELIMINARY LOCAL CLIMATOLOGICAL DATA (WS FORM: F-6)

                                          STATION:   MATTOON IL AIRPORT
                                          MONTH:     JULY
                                          YEAR:      2017
                                          LATITUDE:   39 28 N
                                          LONGITUDE:  88 17 W

  TEMPERATURE IN F:       :PCPN:    SNOW:  WIND      :SUNSHINE: SKY     :PK WND
================================================================================
1   2   3   4   5  6A  6B    7    8   9   10  11  12  13   14  15   16   17  18
                                     12Z  AVG MX 2MIN
DY MAX MIN AVG DEP HDD CDD  WTR  SNW DPTH SPD SPD DIR MIN PSBL S-S WX    SPD DR
================================================================================

 1  84  68  76   1   0  11 0.00    M    M  8.4 16 280   M    M   0        22 300
 2  86  64  75   0   0  10 0.00    M    M  5.4 13 280   M    M   1        16 290
 3  87  63  75  -1   0  10 0.00    M    M  3.4 10 170   M    M   1        13 150
 4  88  66  77   1   0  12 0.00    M    M  3.0  9  70   M    M   2 12     12  70
 5  85  71  78   2   0  13 0.08    M    M  4.4 15 150   M    M   2 13     20 150
 6  87  70  79   3   0  14 0.32    M    M  3.7 12  10   M    M   3 13     15 350
 7  89  69  79   3   0  14    T    M    M  9.2 24 320   M    M   2 3      29 330
 8  85  64  75  -1   0  10 0.00    M    M  7.2 16 310   M    M   1        22 310
 9  87  60  74  -2   0   9    T    M    M  5.6 13 220   M    M   1        16 200
10  89  74  82   6   0  17 0.03    M    M 10.8 24 190   M    M   2        30 180
11  87  71  79   3   0  14 0.02    M    M  8.5 32 320   M    M   3        40 330
12  93  72  83   7   0  18 0.00    M    M  9.5 16 190   M    M   0        23 170
13  91  76  84   8   0  19 0.00    M    M  7.8 17 330   M    M   3 3      22 330
14  85  62  74  -2   0   9 0.00    M    M  8.0 17 330   M    M   1        24 350
15  80  59  70  -6   0   5 0.00    M    M  3.1 10 340   M    M   2 1      17 360
16  89  62  76   0   0  11 0.02    M    M  5.0 20 270   M    M   0 3      27 280
17  85  66  76   0   0  11 0.00    M    M  4.6 13 360   M    M   4 1      16  10
18  88  62  75  -1   0  10 0.00    M    M  2.8 10 360   M    M   0 1      14 360
19  93  68  81   5   0  16 0.14    M    M  3.5 16  20   M    M   2 13     21  30
20  94  76  85   9   0  20 0.00    M    M  7.2 16 220   M    M   1 1      22 210
21  97  77  87  11   0  22 0.06    M    M  6.6 20 190   M    M   1 13     25 190
22  95  73  84   8   0  19 0.44    M    M  8.5 29 350   M    M   4 13     35 350
23  91  70  81   5   0  16 0.93    M    M  7.3 29  50   M    M   2 13     49 310
24  83  66  75  -1   0  10 0.00    M    M  6.9 14  10   M    M   1        17  10
25  84  63  74  -1   0   9 0.00    M    M  6.3 14 130   M    M   1        18 120
================================================================================
SM 2202 1692         0 329  2.04    M    156.7          M       40
================================================================================
AV 88.1 67.7                               6.3 FASTST   M    M   2    MAX(MPH)
                                 MISC ---->  # 32 320               # 49  310
================================================================================
NOTES:
# LAST OF SEVERAL OCCURRENCES

COLUMN 17 PEAK WIND IN M.P.H.

PRELIMINARY LOCAL CLIMATOLOGICAL DATA (WS FORM: F-6) , PAGE 2

                                          STATION:  MATTOON IL AIRPORT
                                          MONTH:    JULY
                                          YEAR:     2017
                                          LATITUDE:   39 28 N
                                          LONGITUDE:  88 17 W

[TEMPERATURE DATA]      [PRECIPITATION DATA]       SYMBOLS USED IN COLUMN 16

AVERAGE MONTHLY: 77.9   TOTAL FOR MONTH:   2.04    1 = FOG OR MIST
DPTR FM NORMAL:   2.0   DPTR FM NORMAL:   -1.58    2 = FOG REDUCING VISIBILITY
HIGHEST:    97 ON 21    GRTST 24HR  1.07 ON 30- 1      TO 1/4 MILE OR LESS
LOWEST:     59 ON 15                               3 = THUNDER
                        SNOW, ICE PELLETS, HAIL    4 = ICE PELLETS
                        TOTAL MONTH:    M          5 = HAIL
                        GRTST 24HR    M  ON   M    6 = FREEZING RAIN OR DRIZZLE
                        GRTST DEPTH:  M  ON   M    7 = DUSTSTORM OR SANDSTORM:
                                                       VSBY 1/2 MILE OR LESS
                                                   8 = SMOKE OR HAZE
[NO. OF DAYS WITH]      [WEATHER - DAYS WITH]      9 = BLOWING SNOW
                                                   X = TORNADO
MAX 32 OR BELOW:   0    0.01 INCH OR MORE:   9
MAX 90 OR ABOVE:   7    0.10 INCH OR MORE:   4
MIN 32 OR BELOW:   0    0.50 INCH OR MORE:   1
MIN  0 OR BELOW:   0    1.00 INCH OR MORE:   0

[HDD (BASE 65) ]
TOTAL THIS MO.     0    CLEAR  (SCALE 0-3)  21
DPTR FM NORMAL     0    PTCLDY (SCALE 4-7)   4
TOTAL FM JUL 1     0    CLOUDY (SCALE 8-10)  0
DPTR FM NORMAL     0

[CDD (BASE 65) ]
TOTAL THIS MO.   329
DPTR FM NORMAL    57    [PRESSURE DATA]
TOTAL FM JAN 1   695    HIGHEST SLP M ON M
DPTR FM NORMAL   112    LOWEST  SLP 29.76 ON 23

[REMARKS]
