000
CXUS55 KBOI 281002
CF6MUO
PRELIMINARY LOCAL CLIMATOLOGICAL DATA (WS FORM: F-6)

                                          STATION:   MOUNTAIN HOME AFB
                                          MONTH:     APRIL
                                          YEAR:      2017
                                          LATITUDE:   43  2 N
                                          LONGITUDE: 115 52 W

  TEMPERATURE IN F:       :PCPN:    SNOW:  WIND      :SUNSHINE: SKY     :PK WND
================================================================================
1   2   3   4   5  6A  6B    7    8   9   10  11  12  13   14  15   16   17  18
                                     12Z  AVG MX 2MIN
DY MAX MIN AVG DEP HDD CDD  WTR  SNW DPTH SPD SPD DIR MIN PSBL S-S WX    SPD DR
================================================================================

 1  62  34  48   2  17   0 0.00    M    M  9.9 17 300   M    M   0        16  99
 2  59  38  49   2  16   0    T    M    M 18.5 30 320   M    M   1        38 320
 3  50  30  40  -7  25   0 0.00    M    M 16.5 23 320   M    M   0        32 320
 4  55  23  39  -8  26   0 0.00    M    M  8.6 14 100   M    M   2         M  M
 5  70  42  56   9   9   0 0.00    M    M 16.3 23 100   M    M   7        36  90
 6  64  46  55   8  10   0    T    M    M 14.8 24 100   M    M   8        35  90
 7  64  45  55   8  10   0    T    M    M 14.4 30 120   M    M   5        45 180
 8  50  32  41  -7  24   0 0.02    M    M 11.5 20 320   M    M   1        35 320
 9  52  24  38 -10  27   0 0.00    M    M  9.7 16 290   M    M   0         M  M
10  57  36  47  -1  18   0    T    M    M 10.9 23 110   M    M   4         M  M
11  57  29  43  -5  22   0    T    M    M  7.4 15 130   M    M   3 1      17 200
12  72  37  55   6  10   0 0.00    M    M 13.4 22 100   M    M   0        32 100
13  54  38  46  -3  19   0 0.03    M    M 10.1 21 340   M    M   6 1       M  M
14  49  29  39 -10  26   0 0.04    M    M 11.9 29 310   M    M   4 14     36 310
15  56  24  40  -9  25   0    T    M    M  2.4  7  50   M    M   0         M  M
16  69  29  49   0  16   0 0.00    M    M 10.9 21 100   M    M   1        35 270
17  64  45  55   5  10   0 0.03    M    M  7.2 16 260   M    M   5 1      20 320
18  57  38  48  -2  17   0 0.17    M    M  8.9 16 360   M    M   5 3      22 360
19  64  33  49  -1  16   0    T    M    M  6.8 18 120   M    M   3 3       M  M
20  58  36  47  -3  18   0    T    M    M 12.0 37 310   M    M   5        44 310
21  60  31  46  -5  19   0 0.00    M    M 10.2 17 310   M    M   0        24 310
22  69  35  52   1  13   0 0.00    M    M 17.1 29 100   M    M   2        44 230
23  66  44  55   4  10   0    T    M    M  7.8 23 300   M    M   1        32 160
24  56  43  50  -2  15   0 0.10    M    M  9.0 21 310   M    M   6 1      36 290
25  59  37  48  -4  17   0 0.00    M    M 13.5 21 320   M    M   4        29 320
26  55  40  48  -4  17   0 0.35    M    M  7.3 16 280   M    M   6 1       M  M
27  53  35  44  -8  21   0    T    M    M 19.0 29 300   M    M   4        38 330
================================================================================
SM 1601  953       473   0  0.74    M    306.0          M       83
================================================================================
AV 59.3 35.3                              11.3 FASTST   M    M   3    MAX(MPH)
                                 MISC ---->    37   M                 45    M
================================================================================
NOTES:
# LAST OF SEVERAL OCCURRENCES

COLUMN 17 PEAK WIND IN M.P.H.

PRELIMINARY LOCAL CLIMATOLOGICAL DATA (WS FORM: F-6) , PAGE 2

                                          STATION:  MOUNTAIN HOME AFB
                                          MONTH:    APRIL
                                          YEAR:     2017
                                          LATITUDE:   43  2 N
                                          LONGITUDE: 115 52 W

[TEMPERATURE DATA]      [PRECIPITATION DATA]       SYMBOLS USED IN COLUMN 16

AVERAGE MONTHLY: 47.3   TOTAL FOR MONTH:   0.74    1 = FOG OR MIST
DPTR FM NORMAL:  -1.8   DPTR FM NORMAL:   -0.19    2 = FOG REDUCING VISIBILITY
HIGHEST:    72 ON 12    GRTST 24HR  0.35 ON 26-26      TO 1/4 MILE OR LESS
LOWEST:     23 ON  4                               3 = THUNDER
                        SNOW, ICE PELLETS, HAIL    4 = ICE PELLETS
                        TOTAL MONTH:    M          5 = HAIL
                        GRTST 24HR    M  ON   M    6 = FREEZING RAIN OR DRIZZLE
                        GRTST DEPTH:  M  ON   M    7 = DUSTSTORM OR SANDSTORM:
                                                       VSBY 1/2 MILE OR LESS
                                                   8 = SMOKE OR HAZE
[NO. OF DAYS WITH]      [WEATHER - DAYS WITH]      9 = BLOWING SNOW
                                                   X = TORNADO
MAX 32 OR BELOW:   0    0.01 INCH OR MORE:   7
MAX 90 OR ABOVE:   0    0.10 INCH OR MORE:   3
MIN 32 OR BELOW:   9    0.50 INCH OR MORE:   0
MIN  0 OR BELOW:   0    1.00 INCH OR MORE:   0

[HDD (BASE 65) ]
TOTAL THIS MO.   473    CLEAR  (SCALE 0-3)  14
DPTR FM NORMAL    34    PTCLDY (SCALE 4-7)  13
TOTAL FM JUL 1  5386    CLOUDY (SCALE 8-10)  0
DPTR FM NORMAL   -86

[CDD (BASE 65) ]
TOTAL THIS MO.     0
DPTR FM NORMAL     0    [PRESSURE DATA]
TOTAL FM JAN 1     0    HIGHEST SLP M ON M
DPTR FM NORMAL     0    LOWEST  SLP M ON M

[REMARKS]
