000
CXUS56 KOTX 301500
CF6MWH
PRELIMINARY LOCAL CLIMATOLOGICAL DATA (WS FORM: F-6)

                                          STATION:   MOSES LAKE WA AIRPORT
                                          MONTH:     APRIL
                                          YEAR:      2016
                                          LATITUDE:   47 12 N
                                          LONGITUDE: 119 19 W

  TEMPERATURE IN F:       :PCPN:    SNOW:  WIND      :SUNSHINE: SKY     :PK WND
================================================================================
1   2   3   4   5  6A  6B    7    8   9   10  11  12  13   14  15   16   17  18
                                     12Z  AVG MX 2MIN
DY MAX MIN AVG DEP HDD CDD  WTR  SNW DPTH SPD SPD DIR MIN PSBL S-S WX    SPD DR
================================================================================

 1  74  37  56   9   9   0 0.00    M    M  5.3 13 160   M    M   0        18 180
 2  76  39  58  11   7   0 0.00    M    M  6.2 18 230   M    M   0        25 230
 3  71  40  56   8   9   0 0.00    M    M  4.0 10 220   M    M   0 8      15 220
 4  61  44  53   5  12   0 0.15    M    M 15.5 33 250   M    M   4        43 260
 5  61  40  51   3  14   0 0.00    M    M  8.3 20 250   M    M   1        23 250
 6  68  36  52   4  13   0 0.00    M    M  4.2  9 360   M    M   0        12 180
 7  79  39  59  11   6   0 0.00    M    M  8.4 16  30   M    M   0        20  30
 8  81  42  62  14   3   0 0.00    M    M  5.6 12  20   M    M   0        14  40
 9  77  44  61  12   4   0 0.00    M    M  5.4 16  10   M    M   0        19 360
10  74  41  58   9   7   0 0.00    M    M  4.2 10  10   M    M   1        16  30
11  74  40  57   8   8   0 0.00    M    M  7.9 18 170   M    M   0        24 170
12  68  51  60  11   5   0 0.00    M    M 10.6 23 250   M    M   2        26 250
13  62  45  54   5  11   0    T    M    M  7.8 21 170   M    M   4        27 170
14  59  43  51   1  14   0 0.08    M    M  7.6 16 250   M    M   7 1      21 200
15  64  34  49  -1  16   0 0.00    M    M  4.8 13 160   M    M   1        14 170
16  67  34  51   1  14   0 0.00    M    M  4.1 12 240   M    M   0        16 220
17  77  40  59   9   6   0 0.00    M    M  7.6 13  40   M    M   0        18  60
18  84  44  64  13   1   0 0.00    M    M  6.8 15  20   M    M   0        17  20
19  83  43  63  12   2   0 0.00    M    M  4.7 10 360   M    M   0        13 220
20  87  44  66  15   0   1 0.00    M    M  5.5 12  20   M    M   0        15  20
21  81  47  64  13   1   0 0.00    M    M  4.9 13 180   M    M   0        17 160
22  77  50  64  12   1   0 0.00    M    M  7.0 18 170   M    M   0        24 220
23  73  48  61   9   4   0 0.00    M    M  8.7 17 250   M    M   2        22 220
24  68  45  57   5   8   0 0.00    M    M 10.0 21 280   M    M   3        25 220
25  69  41  55   3  10   0 0.00    M    M 10.1 20 270   M    M   2        24 250
26  68  44  56   3   9   0 0.00    M    M  7.3 14 220   M    M   2        20 220
27  62  45  54   1  11   0 0.01    M    M  7.0 17 230   M    M   6        20 210
28  73  36  55   2  10   0 0.01    M    M  4.3 15 320   M    M   3        17  40
29  63  49  56   2   9   0 0.08    M    M  6.7 25 300   M    M   8        31 290
================================================================================
SM 2081 1225       224   1  0.33    M    200.5          M       46
================================================================================
AV 71.8 42.2                               6.9 FASTST   M    M   2    MAX(MPH)
                                 MISC ---->  # 33 250               # 43  260
================================================================================
NOTES:
# LAST OF SEVERAL OCCURRENCES

COLUMN 17 PEAK WIND IN M.P.H.

PRELIMINARY LOCAL CLIMATOLOGICAL DATA (WS FORM: F-6) , PAGE 2

                                          STATION:  MOSES LAKE WA AIRPORT
                                          MONTH:    APRIL
                                          YEAR:     2016
                                          LATITUDE:   47 12 N
                                          LONGITUDE: 119 19 W

[TEMPERATURE DATA]      [PRECIPITATION DATA]       SYMBOLS USED IN COLUMN 16

AVERAGE MONTHLY: 57.0   TOTAL FOR MONTH:   0.33    1 = FOG OR MIST
DPTR FM NORMAL:   6.9   DPTR FM NORMAL:   -0.35    2 = FOG REDUCING VISIBILITY
HIGHEST:    87 ON 20    GRTST 24HR  0.15 ON  4- 4      TO 1/4 MILE OR LESS
LOWEST:     34 ON 16,15                            3 = THUNDER
                        SNOW, ICE PELLETS, HAIL    4 = ICE PELLETS
                        TOTAL MONTH:    M          5 = HAIL
                        GRTST 24HR    M  ON   M    6 = FREEZING RAIN OR DRIZZLE
                        GRTST DEPTH:  M  ON   M    7 = DUSTSTORM OR SANDSTORM:
                                                       VSBY 1/2 MILE OR LESS
                                                   8 = SMOKE OR HAZE
[NO. OF DAYS WITH]      [WEATHER - DAYS WITH]      9 = BLOWING SNOW
                                                   X = TORNADO
MAX 32 OR BELOW:   0    0.01 INCH OR MORE:   5
MAX 90 OR ABOVE:   0    0.10 INCH OR MORE:   1
MIN 32 OR BELOW:   0    0.50 INCH OR MORE:   0
MIN  0 OR BELOW:   0    1.00 INCH OR MORE:   0

[HDD (BASE 65) ]
TOTAL THIS MO.   224    CLEAR  (SCALE 0-3)  24
DPTR FM NORMAL  -209    PTCLDY (SCALE 4-7)   5
TOTAL FM JUL 1  4845    CLOUDY (SCALE 8-10)  0
DPTR FM NORMAL  -760

[CDD (BASE 65) ]
TOTAL THIS MO.     1
DPTR FM NORMAL     1    [PRESSURE DATA]
TOTAL FM JAN 1     1    HIGHEST SLP M ON M
DPTR FM NORMAL     1    LOWEST  SLP  0.00 ON M

[REMARKS]
