000
CXUS56 KSTO 291455
CF6MYV
PRELIMINARY LOCAL CLIMATOLOGICAL DATA (WS FORM: F-6)

                                          STATION:   MARYSVILLE AIRPORT CA
                                          MONTH:     OCTOBER
                                          YEAR:      2014
                                          LATITUDE:   39  5 N
                                          LONGITUDE: 121 34 W

  TEMPERATURE IN F:       :PCPN:    SNOW:  WIND      :SUNSHINE: SKY     :PK WND
================================================================================
1   2   3   4   5  6A  6B    7    8   9   10  11  12  13   14  15   16   17  18
                                     12Z  AVG MX 2MIN
DY MAX MIN AVG DEP HDD CDD  WTR  SNW DPTH SPD SPD DIR MIN PSBL S-S WX    SPD DR
================================================================================

 1  86  60  73   5   0   8 0.00  0.0    0 15.6 24 330   M    M   0        31 330
 2  90  48  69   1   0   4 0.00  0.0    0  1.9  8 300   M    M   0        10 320
 3  93  50  72   5   0   7 0.00  0.0    0  1.8  7 290   M    M   0        11 180
 4  94  54  74   7   0   9 0.00  0.0    0  2.1  7 210   M    M   0        10 250
 5  96  53  75   8   0  10 0.00  0.0    0  2.4  8 110   M    M   0        10 110
 6  95  56  76   9   0  11 0.00  0.0    0  2.7  7  80   M    M   0        12  90
 7  93  54  74   8   0   9 0.00  0.0    0  2.8  8 240   M    M   0        12 280
 8  96  51  74   8   0   9 0.00  0.0    0  2.7 13 330   M    M   0        16 320
 9  88  52  70   4   0   5 0.00  0.0    0  2.3  7 140   M    M   0 8      11 260
10  88  51  70   4   0   5 0.00  0.0    0  2.9  9 160   M    M   0 18     41  30
11  88  52  70   5   0   5 0.00  0.0    0  1.7  7 260   M    M   0         9 230
12  89  59  74   9   0   9 0.00  0.0    0 15.1 26 340   M    M   0        33 330
13  90  50  70   5   0   5 0.00  0.0    0  5.6 14 150   M    M   0 8      18 140
14  77  58  68   4   0   3 0.00  0.0    0 11.4 21 200   M    M   2 8      26 210
15  72  58  65   1   0   0 0.10  0.0    0  7.0 17 170   M    M   7 18     20 170
16  75  51  63  -1   2   0 0.00  0.0    0  3.6  9 140   M    M   0        12 240
17  75  53  64   0   1   0 0.00  0.0    0  5.7 13 210   M    M   1 8      21 110
18  81  51  66   3   0   1 0.00  0.0    0  4.1 13 340   M    M   0        17 330
19  82  49  66   3   0   1 0.00  0.0    0  4.1 10 230   M    M   0        15 220
20  70  52  61  -1   4   0 0.07  0.0    0 10.2 18 170   M    M   3 1      22 150
21  73  45  59  -3   6   0 0.00  0.0    0  4.7 15 330   M    M   0 8      21  50
22  76  47  62   0   3   0 0.00  0.0    0  3.2 10 140   M    M   0        14 150
23  71  52  62   1   3   0 0.00  0.0    0  5.2 17 340   M    M   0        21 340
24  77  47  62   1   3   0 0.00  0.0    0  4.1 13 200   M    M   3 128    18 130
25  70  55  63   2   2   0 0.10  0.0    0 13.3 24 140   M    M   7 1      30 150
26  71  45  58  -2   7   0 0.00  0.0    0  9.8 20 340   M    M   1 12     25 320
27  70  41  56  -4   9   0 0.00  0.0    0  2.4  7 270   M    M   0        14 280
28  77  42  60   0   5   0 0.00  0.0    0  1.2  7  10   M    M   0        10 320
================================================================================
SM 2303 1436        45 101  0.27     0.0 149.6          M       24
================================================================================
AV 82.2 51.3                               5.3 FASTST   M    M   1    MAX(MPH)
                                 MISC ---->  # 26 340               # 41   30
================================================================================
NOTES:
# LAST OF SEVERAL OCCURRENCES

COLUMN 17 PEAK WIND IN M.P.H.

PRELIMINARY LOCAL CLIMATOLOGICAL DATA (WS FORM: F-6) , PAGE 2

                                          STATION:  MARYSVILLE AIRPORT CA
                                          MONTH:    OCTOBER
                                          YEAR:     2014
                                          LATITUDE:   39  5 N
                                          LONGITUDE: 121 34 W

[TEMPERATURE DATA]      [PRECIPITATION DATA]       SYMBOLS USED IN COLUMN 16

AVERAGE MONTHLY: 66.8   TOTAL FOR MONTH:   0.27    1 = FOG OR MIST
DPTR FM NORMAL:   2.7   DPTR FM NORMAL:   -0.95    2 = FOG REDUCING VISIBILITY
HIGHEST:    96 ON  8, 5 GRTST 24HR  0.10 ON 25-25      TO 1/4 MILE OR LESS
LOWEST:     41 ON 27                               3 = THUNDER
                        SNOW, ICE PELLETS, HAIL    4 = ICE PELLETS
                        TOTAL MONTH:   0.0 INCH    5 = HAIL
                        GRTST 24HR     0.0         6 = FREEZING RAIN OR DRIZZLE
                        GRTST DEPTH:   0           7 = DUSTSTORM OR SANDSTORM:
                                                       VSBY 1/2 MILE OR LESS
                                                   8 = SMOKE OR HAZE
[NO. OF DAYS WITH]      [WEATHER - DAYS WITH]      9 = BLOWING SNOW
                                                   X = TORNADO
MAX 32 OR BELOW:   0    0.01 INCH OR MORE:   3
MAX 90 OR ABOVE:   8    0.10 INCH OR MORE:   2
MIN 32 OR BELOW:   0    0.50 INCH OR MORE:   0
MIN  0 OR BELOW:   0    1.00 INCH OR MORE:   0

[HDD (BASE 65) ]
TOTAL THIS MO.    45    CLEAR  (SCALE 0-3)  25
DPTR FM NORMAL   -31    PTCLDY (SCALE 4-7)   3
TOTAL FM JUL 1    45    CLOUDY (SCALE 8-10)  0
DPTR FM NORMAL   -40

[CDD (BASE 65) ]
TOTAL THIS MO.   101
DPTR FM NORMAL    52    [PRESSURE DATA]
TOTAL FM JAN 1  1777    HIGHEST SLP M ON M
DPTR FM NORMAL   423    LOWEST  SLP 29.77 ON  7

[REMARKS]
