079
CXUS51 KOKX 210702
CF6NYC
PRELIMINARY LOCAL CLIMATOLOGICAL DATA (WS FORM: F-6)

                                          STATION:   CENTRAL PARK NY
                                          MONTH:     JULY
                                          YEAR:      2017
                                          LATITUDE:   40 46 N
                                          LONGITUDE:  73 58 W

  TEMPERATURE IN F:       :PCPN:    SNOW:  WIND      :SUNSHINE: SKY     :PK WND
================================================================================
1   2   3   4   5  6A  6B    7    8   9   10  11  12  13   14  15   16   17  18
                                     12Z  AVG MX 2MIN
DY MAX MIN AVG DEP HDD CDD  WTR  SNW DPTH SPD SPD DIR MIN PSBL S-S WX    SPD DR
================================================================================

 1  85  71  78   3   0  13 0.23  0.0    0  4.1 14 260   M    M   4 18     24 200
 2  87  72  80   4   0  15 0.00  0.0    0  4.8 12 270   M    M   3 1      19 260
 3  88  71  80   4   0  15 0.45  0.0    0  1.8 16 340   M    M   2 18     27  20
 4  85  70  78   2   0  13 0.00  0.0    0  2.6  8 260   M    M   4 8      11  80
 5  85  70  78   2   0  13 0.00  0.0    0  4.8 12 160   M    M   2        19 180
 6  77  71  74  -2   0   9    T  0.0    0  3.6 10 160   M    M   5        14 150
 7  80  68  74  -2   0   9 1.78  0.0    0  5.4 14  70   M    M   7 12     22 310
 8  84  69  77   1   0  12 0.00  0.0    0  3.4 16 280   M    M   2 1      23 260
 9  81  67  74  -2   0   9 0.00  0.0    0  3.6 12 270   M    M   2        17 290
10  84  68  76   0   0  11 0.00  0.0    0  3.3 10 150   M    M   3 8      20 170
11  85  75  80   4   0  15 0.00  0.0    0  3.1 13 260   M    M   5        22 260
12  88  77  83   6   0  18 0.00  0.0    0  5.1 16 270   M    M   3        25 260
13  90  73  82   5   0  17    T  0.0    0  4.9 14 260   M    M   3        22 270
14  73  65  69  -8   0   4 0.35  0.0    0  4.6 13  70   M    M  10 1      17  70
15  84  68  76  -1   0  11 0.00  0.0    0  3.4 12 280   M    M   6 1      17 290
16  87  68  78   1   0  13 0.00  0.0    0  2.6  9 160   M    M   1        16 150
17  85  73  79   2   0  14 0.00  0.0    0  2.6 12 160   M    M   2        21 170
18  88  73  81   4   0  16 0.00  0.0    0  2.8 10 230   M    M   1        18 240
19  92  77  85   8   0  20 0.00  0.0    0  3.1 12 280   M    M   1        16 280
20  94  77  86   9   0  21 0.01  0.0    0  2.8 12 280   M    M   2        17 250
================================================================================
SM 1702 1423         0 268  2.82     0.0  72.4          M       68
================================================================================
AV 85.1 71.2                               3.6 FASTST   M    M   3    MAX(MPH)
                                 MISC ---->  # 16 340               # 27   20
================================================================================
NOTES:
# LAST OF SEVERAL OCCURRENCES

COLUMN 17 PEAK WIND IN M.P.H.

PRELIMINARY LOCAL CLIMATOLOGICAL DATA (WS FORM: F-6) , PAGE 2

                                          STATION:  CENTRAL PARK NY
                                          MONTH:    JULY
                                          YEAR:     2017
                                          LATITUDE:   40 46 N
                                          LONGITUDE:  73 58 W

[TEMPERATURE DATA]      [PRECIPITATION DATA]       SYMBOLS USED IN COLUMN 16

AVERAGE MONTHLY: 78.1   TOTAL FOR MONTH:   2.82    1 = FOG OR MIST
DPTR FM NORMAL:   1.7   DPTR FM NORMAL:   -0.04    2 = FOG REDUCING VISIBILITY
HIGHEST:    94 ON 20    GRTST 24HR  1.78 ON  7- 7      TO 1/4 MILE OR LESS
LOWEST:     65 ON 14                               3 = THUNDER
                        SNOW, ICE PELLETS, HAIL    4 = ICE PELLETS
                        TOTAL MONTH:   0.0 INCH    5 = HAIL
                        GRTST 24HR     0.0         6 = FREEZING RAIN OR DRIZZLE
                        GRTST DEPTH:   0           7 = DUSTSTORM OR SANDSTORM:
                                                       VSBY 1/2 MILE OR LESS
                                                   8 = SMOKE OR HAZE
[NO. OF DAYS WITH]      [WEATHER - DAYS WITH]      9 = BLOWING SNOW
                                                   X = TORNADO
MAX 32 OR BELOW:   0    0.01 INCH OR MORE:   5
MAX 90 OR ABOVE:   3    0.10 INCH OR MORE:   4
MIN 32 OR BELOW:   0    0.50 INCH OR MORE:   1
MIN  0 OR BELOW:   0    1.00 INCH OR MORE:   1

[HDD (BASE 65) ]
TOTAL THIS MO.     0    CLEAR  (SCALE 0-3)  12
DPTR FM NORMAL     0    PTCLDY (SCALE 4-7)   7
TOTAL FM JUL 1     0    CLOUDY (SCALE 8-10)  1
DPTR FM NORMAL     0

[CDD (BASE 65) ]
TOTAL THIS MO.   268
DPTR FM NORMAL    40    [PRESSURE DATA]
TOTAL FM JAN 1   599    HIGHEST SLP M ON M
DPTR FM NORMAL    90    LOWEST  SLP 29.71 ON  7

[REMARKS]
