000
CXUS55 KPSR 261005
CF6NYL
PRELIMINARY LOCAL CLIMATOLOGICAL DATA (WS FORM: F-6)

                                          STATION:   YUMA AZ
                                          MONTH:     JUNE
                                          YEAR:      2017
                                          LATITUDE:   32 39 N
                                          LONGITUDE: 114 37 W

  TEMPERATURE IN F:       :PCPN:    SNOW:  WIND      :SUNSHINE: SKY     :PK WND
================================================================================
1   2   3   4   5  6A  6B    7    8   9   10  11  12  13   14  15   16   17  18
                                     12Z  AVG MX 2MIN
DY MAX MIN AVG DEP HDD CDD  WTR  SNW DPTH SPD SPD DIR MIN PSBL S-S WX    SPD DR
================================================================================

 1  93  71  82  -3   0  17 0.00  0.0    0 10.6 18 160   M    M   0        23 160
 2  98  66  82  -4   0  17 0.00  0.0    0  5.1 12 270   M    M   0        14 210
 3 105  72  89   3   0  24 0.00  0.0    0  6.9 13 150   M    M   0         M  M
 4 105  77  91   5   0  26 0.00  0.0    0  9.5 15 150   M    M   0        17 180
 5 105  75  90   4   0  25 0.00  0.0    0  9.1 18 180   M    M   1        23 180
 6 102  77  90   3   0  25 0.00  0.0    0  9.6 18 180   M    M   2        25 140
 7 102  74  88   1   0  23 0.00  0.0    0  9.0 17 170   M    M   3        26 160
 8 105  74  90   3   0  25 0.00  0.0    0  6.7 15 220   M    M   3        19 230
 9 103  74  89   2   0  24 0.00  0.0    0  7.7 16 270   M    M   0        21 220
10 100  73  87  -1   0  22 0.00  0.0    0  6.5 18 270   M    M   0        24 270
11  95  71  83  -5   0  18 0.00  0.0    0  8.4 20 310   M    M   0        26 300
12  91  63  77 -11   0  12 0.00  0.0    0  9.3 20 310   M    M   0        27 320
13  98  67  83  -5   0  18 0.00  0.0    0  3.7 12  40   M    M   0        16  30
14 104  68  86  -3   0  21 0.00  0.0    0  2.9  8 270   M    M   0         M  M
15   M  73   M   M   M   M 0.00  0.0    0  1.7  5 140   M    M   0         M  M
16 109  75  92   3   0  27 0.00  0.0    0  6.4 15 190   M    M   0        19 210
17 110  74  92   2   0  27 0.00  0.0    0  6.4 15 180   M    M   0        17 180
18 112  76  94   4   0  29 0.00  0.0    0  5.5 13 200   M    M   0        14 200
19 115  79  97   7   0  32 0.00  0.0    0  4.8 10 270   M    M   0        15 270
20 120  82 101  11   0  36 0.00  0.0    0  5.9 18 230   M    M   0        22 230
21 115  83  99   9   0  34 0.00  0.0    0  9.8 17 180   M    M   0        23 110
22 106  82  94   3   0  29 0.00  0.0    0 12.3 21 160   M    M   0        26 170
23 110  80  95   4   0  30 0.00  0.0    0  9.2 17 210   M    M   1        23 180
24 117  80  99   8   0  34 0.00  0.0    0  6.8 20 200   M    M   0        24 220
25 113  84  99   7   0  34 0.00  0.0    0 11.6 23 160   M    M   0 3      26 150
================================================================================
SM 2533 1870         0 609  0.00     0.0 185.4          M       10
================================================================================
AV105.5 74.8                               7.4 FASTST   M    M   0    MAX(MPH)
                                 MISC ---->  # 23 160               # 27  320
================================================================================
NOTES:
# LAST OF SEVERAL OCCURRENCES

COLUMN 17 PEAK WIND IN M.P.H.

PRELIMINARY LOCAL CLIMATOLOGICAL DATA (WS FORM: F-6) , PAGE 2

                                          STATION:  YUMA AZ
                                          MONTH:    JUNE
                                          YEAR:     2017
                                          LATITUDE:   32 39 N
                                          LONGITUDE: 114 37 W

[TEMPERATURE DATA]      [PRECIPITATION DATA]       SYMBOLS USED IN COLUMN 16

AVERAGE MONTHLY: 90.2   TOTAL FOR MONTH:   0.00    1 = FOG OR MIST
DPTR FM NORMAL:   1.7   DPTR FM NORMAL:   -0.01    2 = FOG REDUCING VISIBILITY
HIGHEST:   120 ON 20    GRTST 24HR  0.00 ON 25-25      TO 1/4 MILE OR LESS
LOWEST:     63 ON 12                               3 = THUNDER
                        SNOW, ICE PELLETS, HAIL    4 = ICE PELLETS
                        TOTAL MONTH:   0.0 INCH    5 = HAIL
                        GRTST 24HR     0.0         6 = FREEZING RAIN OR DRIZZLE
                        GRTST DEPTH:   0           7 = DUSTSTORM OR SANDSTORM:
                                                       VSBY 1/2 MILE OR LESS
                                                   8 = SMOKE OR HAZE
[NO. OF DAYS WITH]      [WEATHER - DAYS WITH]      9 = BLOWING SNOW
                                                   X = TORNADO
MAX 32 OR BELOW:   0    0.01 INCH OR MORE:   0
MAX 90 OR ABOVE:  24    0.10 INCH OR MORE:   0
MIN 32 OR BELOW:   0    0.50 INCH OR MORE:   0
MIN  0 OR BELOW:   0    1.00 INCH OR MORE:   0

[HDD (BASE 65) ]
TOTAL THIS MO.     0    CLEAR  (SCALE 0-3)  25
DPTR FM NORMAL     0    PTCLDY (SCALE 4-7)   0
TOTAL FM JUL 1   526    CLOUDY (SCALE 8-10)  0
DPTR FM NORMAL  -160

[CDD (BASE 65) ]
TOTAL THIS MO.   609
DPTR FM NORMAL    23    [PRESSURE DATA]
TOTAL FM JAN 1  1677    HIGHEST SLP M ON M
DPTR FM NORMAL   179    LOWEST  SLP 29.47 ON 21

[REMARKS]
