000
CXUS55 KPSR 211005
CF6NYL
PRELIMINARY LOCAL CLIMATOLOGICAL DATA (WS FORM: F-6)

                                          STATION:   YUMA AZ
                                          MONTH:     APRIL
                                          YEAR:      2014
                                          LATITUDE:   32 39 N
                                          LONGITUDE: 114 37 W

  TEMPERATURE IN F:       :PCPN:    SNOW:  WIND      :SUNSHINE: SKY     :PK WND
================================================================================
1   2   3   4   5  6A  6B    7    8   9   10  11  12  13   14  15   16   17  18
                                     12Z  AVG MX 2MIN
DY MAX MIN AVG DEP HDD CDD  WTR  SNW DPTH SPD SPD DIR MIN PSBL S-S WX    SPD DR
================================================================================

 1  77  54  66  -4   0   1 0.00  0.0    0 12.4 22 290   M    M   2        30 280
 2  72  53  63  -7   2   0 0.00  0.0    0 12.3 24 280   M    M   3 78     33 290
 3  77  47  62  -8   3   0 0.00  0.0    0  4.2 13 290   M    M   1        16 310
 4  81  53  67  -3   0   2 0.00  0.0    0  6.2 20 300   M    M   5        27 300
 5  78  54  66  -4   0   1 0.00  0.0    0  8.9 21 310   M    M   0        26 290
 6  88  52  70  -1   0   5 0.00  0.0    0  8.1 22 360   M    M   0        27  10
 7  94  55  75   4   0  10 0.00  0.0    0  4.7 15 330   M    M   0        19 320
 8  98  62  80   9   0  15 0.00  0.0    0  3.5 10 260   M    M   2        14 290
 9  99  65  82  11   0  17 0.00  0.0    0  4.1 12 280   M    M   5        14 270
10  98  64  81   9   0  16 0.00  0.0    0  4.1 10 300   M    M   5        14 210
11  98  69  84  12   0  19 0.00  0.0    0  4.7 16 170   M    M   5        19 170
12  91  63  77   5   0  12 0.00  0.0    0 10.6 21 280   M    M   0        25 280
13  88  59  74   2   0   9 0.00  0.0    0  7.2 14 250   M    M   0        24 110
14  90  63  77   5   0  12 0.00  0.0    0  8.9 28  30   M    M   0 8      36  30
15  94  60  77   4   0  12 0.00  0.0    0  3.5 10  40   M    M   2        13  30
16  94  61  78   5   0  13 0.00  0.0    0  5.9 16 160   M    M   1        20 160
17  91  67  79   6   0  14 0.00  0.0    0  9.7 18 160   M    M   4        24 170
18  86  68  77   3   0  12 0.00  0.0    0 12.0 28 150   M    M   7        33 150
19  91  66  79   5   0  14 0.00  0.0    0  6.6 13  60   M    M   0        16 230
20  94  66  80   6   0  15 0.00  0.0    0  5.1 13 280   M    M   0        16 300
================================================================================
SM 1779 1201         5 199  0.00     0.0 142.7          M       42
================================================================================
AV 88.9 60.0                               7.1 FASTST   M    M   2    MAX(MPH)
                                 MISC ---->  # 28  30               # 36   30
================================================================================
NOTES:
# LAST OF SEVERAL OCCURRENCES

COLUMN 17 PEAK WIND IN M.P.H.

PRELIMINARY LOCAL CLIMATOLOGICAL DATA (WS FORM: F-6) , PAGE 2

                                          STATION:  YUMA AZ
                                          MONTH:    APRIL
                                          YEAR:     2014
                                          LATITUDE:   32 39 N
                                          LONGITUDE: 114 37 W

[TEMPERATURE DATA]      [PRECIPITATION DATA]       SYMBOLS USED IN COLUMN 16

AVERAGE MONTHLY: 74.5   TOTAL FOR MONTH:   0.00    1 = FOG OR MIST
DPTR FM NORMAL:   2.8   DPTR FM NORMAL:   -0.12    2 = FOG REDUCING VISIBILITY
HIGHEST:    99 ON  9    GRTST 24HR  0.00 ON 20-20      TO 1/4 MILE OR LESS
LOWEST:     47 ON  3                               3 = THUNDER
                        SNOW, ICE PELLETS, HAIL    4 = ICE PELLETS
                        TOTAL MONTH:   0.0 INCH    5 = HAIL
                        GRTST 24HR     0.0         6 = FREEZING RAIN OR DRIZZLE
                        GRTST DEPTH:   0           7 = DUSTSTORM OR SANDSTORM:
                                                       VSBY 1/2 MILE OR LESS
                                                   8 = SMOKE OR HAZE
[NO. OF DAYS WITH]      [WEATHER - DAYS WITH]      9 = BLOWING SNOW
                                                   X = TORNADO
MAX 32 OR BELOW:   0    0.01 INCH OR MORE:   0
MAX 90 OR ABOVE:  12    0.10 INCH OR MORE:   0
MIN 32 OR BELOW:   0    0.50 INCH OR MORE:   0
MIN  0 OR BELOW:   0    1.00 INCH OR MORE:   0

[HDD (BASE 65) ]
TOTAL THIS MO.     5    CLEAR  (SCALE 0-3)  14
DPTR FM NORMAL    -7    PTCLDY (SCALE 4-7)   6
TOTAL FM JUL 1   370    CLOUDY (SCALE 8-10)  0
DPTR FM NORMAL  -315

[CDD (BASE 65) ]
TOTAL THIS MO.   199
DPTR FM NORMAL    55    [PRESSURE DATA]
TOTAL FM JAN 1   498    HIGHEST SLP M ON M
DPTR FM NORMAL   201    LOWEST  SLP 29.61 ON M

[REMARKS]
