000
CXUS55 KPSR 311005
CF6NYL
PRELIMINARY LOCAL CLIMATOLOGICAL DATA (WS FORM: F-6)

                                          STATION:   YUMA AZ
                                          MONTH:     AUGUST
                                          YEAR:      2015
                                          LATITUDE:   32 39 N
                                          LONGITUDE: 114 37 W

  TEMPERATURE IN F:       :PCPN:    SNOW:  WIND      :SUNSHINE: SKY     :PK WND
================================================================================
1   2   3   4   5  6A  6B    7    8   9   10  11  12  13   14  15   16   17  18
                                     12Z  AVG MX 2MIN
DY MAX MIN AVG DEP HDD CDD  WTR  SNW DPTH SPD SPD DIR MIN PSBL S-S WX    SPD DR
================================================================================

 1 112  90 101   6   0  36 0.00  0.0    0  5.9 15  90   M    M   0        17  50
 2 112  87 100   5   0  35 0.00  0.0    0  6.3 20 210   M    M   0        22 200
 3 112  82  97   2   0  32 0.00  0.0    0  8.7 20 150   M    M   1        23 170
 4 112  83  98   3   0  33 0.00  0.0    0  6.1 17 200   M    M   1 8      20 200
 5 113  84  99   4   0  34 0.00  0.0    0  9.0 16 150   M    M   2 7      24 220
 6 111  89 100   5   0  35 0.00  0.0    0 10.7 26 160   M    M   5 8      33 160
 7 109  88  99   4   0  34 0.00  0.0    0  7.6 17 160   M    M   2        21 160
 8 106  84  95   0   0  30 0.00  0.0    0  6.4 16 160   M    M   0        19 190
 9 108  82  95   0   0  30 0.00  0.0    0 10.2 18 160   M    M   0        23 180
10 107  83  95   0   0  30 0.00  0.0    0 10.5 23 150   M    M   4        27 140
11 109  80  95   1   0  30 0.00  0.0    0  7.3 20 200   M    M   5        23 200
12 109  88  99   5   0  34 0.00  0.0    0  6.5 16  70   M    M   3 8      18  70
13 114  91 103   9   0  38 0.00  0.0    0  3.8 13 220   M    M   5 8      15 250
14 115  89 102   8   0  37 0.00  0.0    0  5.8 17 240   M    M   3        22 230
15 117  89 103   9   0  38 0.00  0.0    0  5.6 15 280   M    M   1        19 290
16 110  90 100   6   0  35 0.00  0.0    0 12.5 28 160   M    M   1 8      34 150
17 110  88  99   5   0  34 0.00  0.0    0 16.8 37 150   M    M   4 78     43 160
18 110  85  98   4   0  33 0.00  0.0    0 12.3 21 170   M    M   3        26 230
19 108  84  96   2   0  31 0.00  0.0    0 12.3 21 150   M    M   1 8      25 150
20 105  84  95   1   0  30 0.00  0.0    0 14.6 22 180   M    M   0        28 170
21 104  86  95   1   0  30 0.00  0.0    0 15.0 28 160   M    M   1 78     34 180
22 106  86  96   2   0  31 0.00  0.0    0 11.6 21 160   M    M   0        25 190
23 108  82  95   1   0  30 0.00  0.0    0  7.8 12 150   M    M   0        17 200
24 108  86  97   3   0  32 0.00  0.0    0  6.1 15 130   M    M   5 3      19 210
25 100  85  93  -1   0  28    T  0.0    0  8.1 23 160   M    M   5 3      27 140
26 108  87  98   4   0  33 0.00  0.0    0  4.3 12 250   M    M   3        15 240
27 110  88  99   5   0  34 0.00  0.0    0  5.7 15 220   M    M   4 3      18 210
28 111  89 100   6   0  35 0.00  0.0    0  4.4 13 160   M    M   2        17 190
29 113  88 101   8   0  36 0.00  0.0    0  8.1 16 210   M    M   0        21 190
30 110  88  99   6   0  34 0.00  0.0    0  6.3 17 300   M    M   0        23 300
================================================================================
SM 3287 2585         0 992    T      0.0 256.3          M       61
================================================================================
AV109.6 86.2                               8.5 FASTST   M    M   2    MAX(MPH)
                                 MISC ---->  # 37 150               # 43  160
================================================================================
NOTES:
# LAST OF SEVERAL OCCURRENCES

COLUMN 17 PEAK WIND IN M.P.H.

PRELIMINARY LOCAL CLIMATOLOGICAL DATA (WS FORM: F-6) , PAGE 2

                                          STATION:  YUMA AZ
                                          MONTH:    AUGUST
                                          YEAR:     2015
                                          LATITUDE:   32 39 N
                                          LONGITUDE: 114 37 W

[TEMPERATURE DATA]      [PRECIPITATION DATA]       SYMBOLS USED IN COLUMN 16

AVERAGE MONTHLY: 97.9   TOTAL FOR MONTH:      T    1 = FOG OR MIST
DPTR FM NORMAL:   3.6   DPTR FM NORMAL:   -0.46    2 = FOG REDUCING VISIBILITY
HIGHEST:   117 ON 15    GRTST 24HR    T  ON 25-25      TO 1/4 MILE OR LESS
LOWEST:     80 ON 11                               3 = THUNDER
                        SNOW, ICE PELLETS, HAIL    4 = ICE PELLETS
                        TOTAL MONTH:   0.0 INCH    5 = HAIL
                        GRTST 24HR     0.0         6 = FREEZING RAIN OR DRIZZLE
                        GRTST DEPTH:   0           7 = DUSTSTORM OR SANDSTORM:
                                                       VSBY 1/2 MILE OR LESS
                                                   8 = SMOKE OR HAZE
[NO. OF DAYS WITH]      [WEATHER - DAYS WITH]      9 = BLOWING SNOW
                                                   X = TORNADO
MAX 32 OR BELOW:   0    0.01 INCH OR MORE:   0
MAX 90 OR ABOVE:  30    0.10 INCH OR MORE:   0
MIN 32 OR BELOW:   0    0.50 INCH OR MORE:   0
MIN  0 OR BELOW:   0    1.00 INCH OR MORE:   0

[HDD (BASE 65) ]
TOTAL THIS MO.     0    CLEAR  (SCALE 0-3)  22
DPTR FM NORMAL     0    PTCLDY (SCALE 4-7)   8
TOTAL FM JUL 1     0    CLOUDY (SCALE 8-10)  0
DPTR FM NORMAL     0

[CDD (BASE 65) ]
TOTAL THIS MO.   992
DPTR FM NORMAL   112    [PRESSURE DATA]
TOTAL FM JAN 1  3756    HIGHEST SLP M ON M
DPTR FM NORMAL   330    LOWEST  SLP 29.61 ON 18

[REMARKS]
