000
CXUS56 KMTR 301000
CF6OAK
PRELIMINARY LOCAL CLIMATOLOGICAL DATA (WS FORM: F-6)

                                          STATION:   OAKLAND AIRPORT
                                          MONTH:     JULY
                                          YEAR:      2015
                                          LATITUDE:   37 43 N
                                          LONGITUDE: 122 13 W

  TEMPERATURE IN F:       :PCPN:    SNOW:  WIND      :SUNSHINE: SKY     :PK WND
================================================================================
1   2   3   4   5  6A  6B    7    8   9   10  11  12  13   14  15   16   17  18
                                     12Z  AVG MX 2MIN
DY MAX MIN AVG DEP HDD CDD  WTR  SNW DPTH SPD SPD DIR MIN PSBL S-S WX    SPD DR
================================================================================

 1  76  58  67   4   0   2 0.00  0.0    0  8.8 24 330   M    M   6        30 330
 2  74  60  67   4   0   2 0.00  0.0    0 10.6 21 300   M    M   8        23 300
 3  73  60  67   4   0   2 0.00  0.0    0 10.8 21 290   M    M   7        23 280
 4  71  60  66   3   0   1 0.00  0.0    0 10.9 21 300   M    M   7        25 310
 5  75  61  68   5   0   3 0.00  0.0    0 11.1 22 290   M    M   8        26 290
 6  73  61  67   4   0   2    T  0.0    0 12.6 18 280   M    M   6        21 270
 7  73  61  67   4   0   2 0.00  0.0    0 13.0 21 280   M    M   7        26 270
 8  69  60  65   2   0   0 0.00  0.0    0 13.1 21 270   M    M   9        28 250
 9  67  59  63   0   2   0 0.01  0.0    0 10.4 17 280   M    M  10 1      20 260
10  73  61  67   4   0   2    T  0.0    0  9.8 16 280   M    M   8        23 290
11  74  61  68   5   0   3 0.00  0.0    0 12.4 21 260   M    M   5        26 240
12  75  63  69   6   0   4 0.00  0.0    0 11.4 21 260   M    M   7        24 270
13  74  62  68   5   0   3 0.00  0.0    0 12.1 24 280   M    M   8        28 280
14  70  60  65   2   0   0    T  0.0    0 11.6 22 260   M    M   9 1      28 240
15  77  58  68   5   0   3 0.00  0.0    0  9.8 18 320   M    M   5        24 320
16  76  60  68   5   0   3 0.00  0.0    0  9.0 20 310   M    M   5        26 300
17  74  61  68   5   0   3 0.00  0.0    0 10.3 21 300   M    M   6        24 300
18  75  60  68   5   0   3 0.00  0.0    0  9.4 20 290   M    M   4        24 300
19  87  61  74  11   0   9 0.00  0.0    0  5.6 16 290   M    M   7        20 290
20  79  62  71   8   0   6 0.00  0.0    0  9.2 18 270   M    M   4        21 270
21  70  60  65   2   0   0 0.00  0.0    0 10.7 20 270   M    M   8        23 270
22  69  60  65   2   0   0 0.00  0.0    0 14.0 22 270   M    M   7        26 260
23  69  60  65   2   0   0 0.00  0.0    0 12.9 21 270   M    M   7        25 270
24  74  59  67   4   0   2 0.00  0.0    0 10.5 21 280   M    M   4        23 280
25  70  60  65   2   0   0 0.00  0.0    0 10.4 21 270   M    M   8        29 250
26  71  58  65   2   0   0 0.00  0.0    0  8.7 18 270   M    M   5        24 240
27  81  56  69   6   0   4 0.00  0.0    0  8.6 21 290   M    M   0        25 300
28  87  56  72   9   0   7 0.00  0.0    0  5.9 18 290   M    M   1        21 290
29  79  60  70   7   0   5 0.00  0.0    0  9.7 18 310   M    M   1        23 310
================================================================================
SM 2155 1738         2  71  0.01     0.0 303.3          M      177
================================================================================
AV 74.3 59.9                              10.5 FASTST   M    M   6    MAX(MPH)
                                 MISC ---->  # 24 330               # 30  330
================================================================================
NOTES:
# LAST OF SEVERAL OCCURRENCES

COLUMN 17 PEAK WIND IN M.P.H.

PRELIMINARY LOCAL CLIMATOLOGICAL DATA (WS FORM: F-6) , PAGE 2

                                          STATION:  OAKLAND AIRPORT
                                          MONTH:    JULY
                                          YEAR:     2015
                                          LATITUDE:   37 43 N
                                          LONGITUDE: 122 13 W

[TEMPERATURE DATA]      [PRECIPITATION DATA]       SYMBOLS USED IN COLUMN 16

AVERAGE MONTHLY: 67.1   TOTAL FOR MONTH:   0.01    1 = FOG OR MIST
DPTR FM NORMAL:   4.1   DPTR FM NORMAL:    0.00    2 = FOG REDUCING VISIBILITY
HIGHEST:    87 ON 28,19 GRTST 24HR  0.01 ON  9- 9      TO 1/4 MILE OR LESS
LOWEST:     56 ON 28,27                            3 = THUNDER
                        SNOW, ICE PELLETS, HAIL    4 = ICE PELLETS
                        TOTAL MONTH:   0.0 INCH    5 = HAIL
                        GRTST 24HR     0.0         6 = FREEZING RAIN OR DRIZZLE
                        GRTST DEPTH:   0           7 = DUSTSTORM OR SANDSTORM:
                                                       VSBY 1/2 MILE OR LESS
                                                   8 = SMOKE OR HAZE
[NO. OF DAYS WITH]      [WEATHER - DAYS WITH]      9 = BLOWING SNOW
                                                   X = TORNADO
MAX 32 OR BELOW:   0    0.01 INCH OR MORE:   1
MAX 90 OR ABOVE:   0    0.10 INCH OR MORE:   0
MIN 32 OR BELOW:   0    0.50 INCH OR MORE:   0
MIN  0 OR BELOW:   0    1.00 INCH OR MORE:   0

[HDD (BASE 65) ]
TOTAL THIS MO.     2    CLEAR  (SCALE 0-3)   3
DPTR FM NORMAL   -85    PTCLDY (SCALE 4-7)  23
TOTAL FM JUL 1     2    CLOUDY (SCALE 8-10)  3
DPTR FM NORMAL   -85

[CDD (BASE 65) ]
TOTAL THIS MO.    71
DPTR FM NORMAL    50    [PRESSURE DATA]
TOTAL FM JAN 1    94    HIGHEST SLP M ON M
DPTR FM NORMAL    39    LOWEST  SLP 29.77 ON 17

[REMARKS]
