000
CXUS56 KMTR 291000
CF6OAK
PRELIMINARY LOCAL CLIMATOLOGICAL DATA (WS FORM: F-6)

                                          STATION:   OAKLAND AIRPORT
                                          MONTH:     SEPTEMBER
                                          YEAR:      2016
                                          LATITUDE:   37 43 N
                                          LONGITUDE: 122 13 W

  TEMPERATURE IN F:       :PCPN:    SNOW:  WIND      :SUNSHINE: SKY     :PK WND
================================================================================
1   2   3   4   5  6A  6B    7    8   9   10  11  12  13   14  15   16   17  18
                                     12Z  AVG MX 2MIN
DY MAX MIN AVG DEP HDD CDD  WTR  SNW DPTH SPD SPD DIR MIN PSBL S-S WX    SPD DR
================================================================================

 1  67  59  63  -2   2   0 0.00  0.0    0  8.4 18 280   M    M   8        21 280
 2  72  58  65   0   0   0 0.00  0.0    0  8.7 21 270   M    M   3        23 250
 3  66  58  62  -3   3   0 0.00  0.0    0 11.0 23 240   M    M   8        27 220
 4  69  57  63  -2   2   0 0.00  0.0    0  9.6 16 260   M    M   4        20 230
 5  74  52  63  -2   2   0 0.00  0.0    0  7.8 18 290   M    M   1        22 300
 6  82  51  67   2   0   2 0.00  0.0    0  6.0 18 290   M    M   0        21 290
 7  87  52  70   5   0   5 0.00  0.0    0  6.6 15 300   M    M   0        19 300
 8  71  56  64  -1   1   0 0.00  0.0    0  9.3 22 300   M    M   3        27 290
 9  69  57  63  -2   2   0 0.00  0.0    0  9.0 18 300   M    M   6 1      23 290
10  69  58  64  -1   1   0 0.00  0.0    0  9.4 20 290   M    M   6        23 290
11  69  59  64  -1   1   0 0.00  0.0    0 11.5 22 290   M    M   8        25 290
12  67  58  63  -2   2   0 0.00  0.0    0 12.1 23 260   M    M   8        28 270
13  73  56  65   0   0   0 0.00  0.0    0  9.7 17 160   M    M   3        21 240
14  75  53  64  -1   1   0 0.00  0.0    0  7.2 20 290   M    M   1        21 290
15  69  56  63  -2   2   0 0.00  0.0    0  8.0 20 280   M    M   5        22 290
16  72  56  64  -1   1   0 0.00  0.0    0  7.4 17 290   M    M   5        19 300
17  78  56  67   2   0   2 0.00  0.0    0  6.4 16 290   M    M   5 18     18 290
18  89  53  71   7   0   6 0.00  0.0    0  4.4 14 300   M    M   0 1      17 300
19  90  59  75  11   0  10 0.00  0.0    0  6.9 18 310   M    M   4        23 310
20  72  58  65   1   0   0 0.00  0.0    0 10.2 16 280   M    M   4        20 280
21  69  55  62  -2   3   0 0.00  0.0    0 13.9 24 280   M    M   4        29 280
22  71  56  64   0   1   0 0.00  0.0    0 13.0 29 280   M    M   2        34 270
23  75  51  63  -1   2   0 0.00  0.0    0  7.0 20 270   M    M   2 8      23 260
24  82  55  69   5   0   4 0.00  0.0    0  4.8 14 300   M    M   0        19 290
25  94  55  75  11   0  10 0.00  0.0    0  4.7 20   M   M    M   0         M  M
26  95  56  76  12   0  11 0.00  0.0    0  5.6 14 310   M    M   1        16 300
27  84  58  71   8   0   6 0.00  0.0    0  7.1 15 310   M    M   0        19 300
28  68  55  62  -1   3   0 0.00  0.0    0  9.4 22 290   M    M   3        25 310
================================================================================
SM 2118 1563        29  56  0.00     0.0 235.1          M       94
================================================================================
AV 75.6 55.8                               8.4 FASTST   M    M   3    MAX(MPH)
                                 MISC ---->  # 29 280               # 34  270
================================================================================
NOTES:
# LAST OF SEVERAL OCCURRENCES

COLUMN 17 PEAK WIND IN M.P.H.

PRELIMINARY LOCAL CLIMATOLOGICAL DATA (WS FORM: F-6) , PAGE 2

                                          STATION:  OAKLAND AIRPORT
                                          MONTH:    SEPTEMBER
                                          YEAR:     2016
                                          LATITUDE:   37 43 N
                                          LONGITUDE: 122 13 W

[TEMPERATURE DATA]      [PRECIPITATION DATA]       SYMBOLS USED IN COLUMN 16

AVERAGE MONTHLY: 65.7   TOTAL FOR MONTH:   0.00    1 = FOG OR MIST
DPTR FM NORMAL:   1.2   DPTR FM NORMAL:   -0.19    2 = FOG REDUCING VISIBILITY
HIGHEST:    95 ON 26    GRTST 24HR  0.00 ON 28-28      TO 1/4 MILE OR LESS
LOWEST:     51 ON 23, 6                            3 = THUNDER
                        SNOW, ICE PELLETS, HAIL    4 = ICE PELLETS
                        TOTAL MONTH:   0.0 INCH    5 = HAIL
                        GRTST 24HR     0.0         6 = FREEZING RAIN OR DRIZZLE
                        GRTST DEPTH:   0           7 = DUSTSTORM OR SANDSTORM:
                                                       VSBY 1/2 MILE OR LESS
                                                   8 = SMOKE OR HAZE
[NO. OF DAYS WITH]      [WEATHER - DAYS WITH]      9 = BLOWING SNOW
                                                   X = TORNADO
MAX 32 OR BELOW:   0    0.01 INCH OR MORE:   0
MAX 90 OR ABOVE:   3    0.10 INCH OR MORE:   0
MIN 32 OR BELOW:   0    0.50 INCH OR MORE:   0
MIN  0 OR BELOW:   0    1.00 INCH OR MORE:   0

[HDD (BASE 65) ]
TOTAL THIS MO.    29    CLEAR  (SCALE 0-3)  14
DPTR FM NORMAL   -29    PTCLDY (SCALE 4-7)  13
TOTAL FM JUL 1    85    CLOUDY (SCALE 8-10)  1
DPTR FM NORMAL  -113

[CDD (BASE 65) ]
TOTAL THIS MO.    56
DPTR FM NORMAL    11    [PRESSURE DATA]
TOTAL FM JAN 1   154    HIGHEST SLP M ON M
DPTR FM NORMAL    29    LOWEST  SLP 29.81 ON M

[REMARKS]
