000
CXUS53 KOAX 271642
CF6OAX
PRELIMINARY LOCAL CLIMATOLOGICAL DATA (WS FORM: F-6)

                                          STATION:   VALLEY  NWS, NEBRASKA
                                          MONTH:     FEBRUARY
                                          YEAR:      2015
                                          LATITUDE:   41 19 N
                                          LONGITUDE:  96 22 W

  TEMPERATURE IN F:       :PCPN:    SNOW:  WIND      :SUNSHINE: SKY     :PK WND
================================================================================
1   2   3   4   5  6A  6B    7    8   9   10  11  12  13   14  15   16   17  18
                                     12Z  AVG MX 2MIN
DY MAX MIN AVG DEP HDD CDD  WTR  SNW DPTH SPD SPD DIR MIN PSBL S-S WX    SPD DR
================================================================================

 1  33   2  18  -6  47   0 0.52  5.9    6   M   M   M   M    M   M 19     41  M
 2  16  -4   6 -18  59   0 0.00  0.0    8   M   M   M   M    M   M        29  M
 3  31   7  19  -6  46   0    T    T    8   M   M   M   M    M   M        21  M
 4  22  -3  10 -15  55   0 0.24  3.1    8   M   M   M   M    M   M        30  M
 5  23  -4  10 -15  55   0 0.00  0.0    9   M   M   M   M    M   M        23  M
 6  41  20  31   6  34   0 0.00  0.0    8   M   M   M   M    M   M        17  M
 7  50  30  40  15  25   0 0.00  0.0    5   M   M   M   M    M   M        15  M
 8  52  34  43  18  22   0    T  0.0    1   M   M   M   M    M   M 1      21  M
 9  37  32  35   9  30   0    T  0.0    T   M   M   M   M    M   M 1      28  M
10  38  32  35   9  30   0    T  0.0    T   M   M   M   M    M   M 1      26  M
11  39  14  27   1  38   0    T    T    T   M   M   M   M    M   M        44  M
12  20   6  13 -13  52   0 0.00  0.0    T   M   M   M   M    M   M        33  M
13  50  19  35   9  30   0 0.00  0.0    0   M   M   M   M    M   M        17  M
14  37  13  25  -2  40   0 0.00  0.0    0   M   M   M   M    M   M        33  M
15  17  10  14 -13  51   0 0.00  0.0    0   M   M   M   M    M   M        21  M
16  35  17  26  -1  39   0 0.00  0.0    0   M   M   M   M    M   M        20  M
17  26  15  21  -7  44   0 0.01  0.1    0   M   M   M   M    M   M        31  M
18  17   3  10 -18  55   0 0.00  0.0    0   M   M   M   M    M   M        31  M
19  20   2  11 -17  54   0    T    T    0   M   M   M   M    M   M        22  M
20  42  12  27  -1  38   0    T  0.0    0   M   M   M   M    M   M        25  M
21  37  16  27  -2  38   0 0.00  0.0    0   M   M   M   M    M   M 1      32  M
22  17   3  10 -19  55   0 0.00  0.0    0   M   M   M   M    M   M        31  M
23  26  -1  13 -17  52   0 0.00  0.0    0   M   M   M   M    M   M        25  M
24  48  18  33   3  32   0 0.00  0.0    0   M   M   M   M    M   M        30  M
25  43  10  27  -3  38   0 0.08  0.2    0   M   M   M   M    M   M        37  M
26  12   1   7 -24  58   0    T    T    T   M   M   M   M    M   M        33  M
================================================================================
SM  829  304      1117   0  0.85     9.3     M          M        M
================================================================================
AV 31.9 11.7                                 M FASTST   M    M   0    MAX(MPH)
                                 MISC ---->     M   M                 44    M
================================================================================
NOTES:
# LAST OF SEVERAL OCCURRENCES

COLUMN 17 PEAK WIND IN M.P.H.

PRELIMINARY LOCAL CLIMATOLOGICAL DATA (WS FORM: F-6) , PAGE 2

                                          STATION:  VALLEY  NWS, NEBRASKA
                                          MONTH:    FEBRUARY
                                          YEAR:     2015
                                          LATITUDE:   41 19 N
                                          LONGITUDE:  96 22 W

[TEMPERATURE DATA]      [PRECIPITATION DATA]       SYMBOLS USED IN COLUMN 16

AVERAGE MONTHLY: 21.8   TOTAL FOR MONTH:   0.85    1 = FOG OR MIST
DPTR FM NORMAL:  -5.1   DPTR FM NORMAL:    0.00    2 = FOG REDUCING VISIBILITY
HIGHEST:    52 ON  8    GRTST 24HR  0.52 ON  1- 1      TO 1/4 MILE OR LESS
LOWEST:     -4 ON  5, 2                            3 = THUNDER
                        SNOW, ICE PELLETS, HAIL    4 = ICE PELLETS
                        TOTAL MONTH:   9.3 INCHES  5 = HAIL
                        GRTST 24HR   5.9 ON   M    6 = FREEZING RAIN OR DRIZZLE
                        GRTST DEPTH:   9 ON  5     7 = DUSTSTORM OR SANDSTORM:
                                                       VSBY 1/2 MILE OR LESS
                                                   8 = SMOKE OR HAZE
[NO. OF DAYS WITH]      [WEATHER - DAYS WITH]      9 = BLOWING SNOW
                                                   X = TORNADO
MAX 32 OR BELOW:  12    0.01 INCH OR MORE:   4
MAX 90 OR ABOVE:   0    0.10 INCH OR MORE:   2
MIN 32 OR BELOW:  25    0.50 INCH OR MORE:   1
MIN  0 OR BELOW:   4    1.00 INCH OR MORE:   0

[HDD (BASE 65) ]
TOTAL THIS MO.  1117    CLEAR  (SCALE 0-3)   0
DPTR FM NORMAL   129    PTCLDY (SCALE 4-7)   0
TOTAL FM JUL 1  4624    CLOUDY (SCALE 8-10)  0
DPTR FM NORMAL  -138

[CDD (BASE 65) ]
TOTAL THIS MO.     0
DPTR FM NORMAL     0    [PRESSURE DATA]
TOTAL FM JAN 1     0    HIGHEST SLP M ON M
DPTR FM NORMAL     0    LOWEST  SLP M ON M

[REMARKS]
