000
CXUS54 KMAF 011100
CF6ODO
PRELIMINARY LOCAL CLIMATOLOGICAL DATA (WS FORM: F-6)

                                          STATION:   Odessa Schleymeyer
                                          MONTH:     MAY
                                          YEAR:      2015
                                          LATITUDE:   31 55 N
                                          LONGITUDE: 102 23 W

  TEMPERATURE IN F:       :PCPN:    SNOW:  WIND      :SUNSHINE: SKY     :PK WND
================================================================================
1   2   3   4   5  6A  6B    7    8   9   10  11  12  13   14  15   16   17  18
                                     12Z  AVG MX 2MIN
DY MAX MIN AVG DEP HDD CDD  WTR  SNW DPTH SPD SPD DIR MIN PSBL S-S WX    SPD DR
================================================================================

 1  85  57  71   1   0   6 0.00  0.0    0 12.6 22 150   M    M   0        29 120
 2  86  59  73   3   0   8 0.00  0.0    0 15.6 23 160   M    M   0        29 160
 3  87  57  72   1   0   7 0.00  0.0    0 14.8 26 170   M    M   0        33 160
 4  82  65  74   3   0   9 0.15  0.0    0 17.3 36 150   M    M   5 13     47 150
 5  83  64  74   3   0   9 0.07  0.0    0 15.0 28 150   M    M   4 138    34 140
 6  88  65  77   5   0  12 0.00  0.0    0 13.8 26 170   M    M   3 8      33 160
 7  90  63  77   5   0  12 0.00  0.0    0 13.6 23 240   M    M   3 18     30 190
 8  92  63  78   6   0  13 0.00  0.0    0 12.8 28 210   M    M   3 138    33 210
 9  88  66  77   4   0  12 0.00  0.0    0 11.8 23 220   M    M   2 18     37 240
10  85  59  72  -1   0   7    T  0.0    0  9.0 20 260   M    M   2        26 270
11  77  55  66  -7   0   1    T  0.0    0 15.0 23  60   M    M   3 3      29  80
12  72  53  63 -11   2   0 0.44  0.0    0 14.2 23 130   M    M   8 13     27 120
13  79  59  69  -5   0   4 0.56  0.0    0 13.7 29 150   M    M   5 13     34 280
14  82  60  71  -3   0   6 0.24  0.0    0 12.5 30 240   M    M   4 138    36 240
15  85  61  73  -1   0   8    T  0.0    0 14.1 26 160   M    M   2 13     32 170
16  88  65  77   2   0  12 0.01  0.0    0 15.0 28 230   M    M   2 38     35 250
17  82  54  68  -7   0   3 0.00  0.0    0  7.6 18 210   M    M   0        23 240
18  90  62  76   1   0  11 0.29  0.0    0 12.8 32 140   M    M   3 138    43 140
19  85  63  74  -2   0   9    T  0.0    0 16.6 26 170   M    M   4 138    35 120
20  78  55  67  -9   0   2 0.00  0.0    0 13.2 25  50   M    M   8 18     29  40
21  57  51  54 -22  11   0 0.04  0.0    0 14.7 21  70   M    M  10 13     26  70
22  80  57  69  -7   0   4 0.10  0.0    0  9.5 25 160   M    M   8 18     34 170
23   M   M   M   M   M   M 0.20    M    0 18.2 29 170   M    M   6 13     41 170
24   M   M   M   M   M   M 0.00  0.0    0   M   M   M   M    M   0         M  M
25   M   M   M   M   M   M 0.00  0.0    0  7.3 14 260   M    M   0 3      22 260
26  89  59  74  -3   0   9 0.00  0.0    0  8.7 18 200   M    M   0 8      23 200
27  91  69  80   2   0  15    T  0.0    0 13.2 26 170   M    M   3 18     33 160
28  87  62  75  -3   0  10 0.49  0.0    0 16.3 32  70   M    M   3 38     38  60
29  85  58  72  -6   0   7 0.00  0.0    0  7.2 24  30   M    M   0 3      32  20
30  78  60  69  -9   0   4 0.34  0.0    0 10.9 30  40   M    M   4 138    37  40
31  80  59  70  -8   0   5 0.00  0.0    0  5.3 15 180   M    M   3 18     19 170
================================================================================
SM 2331 1680        13 205  2.93     0.0 382.3          M       98
================================================================================
AV 83.2 60.0                              12.7 FASTST   M    M   3    MAX(MPH)
                                 MISC ---->  # 36 150               # 47  150
================================================================================
NOTES:
# LAST OF SEVERAL OCCURRENCES

COLUMN 17 PEAK WIND IN M.P.H.

PRELIMINARY LOCAL CLIMATOLOGICAL DATA (WS FORM: F-6) , PAGE 2

                                          STATION:  Odessa Schleymeyer
                                          MONTH:    MAY
                                          YEAR:     2015
                                          LATITUDE:   31 55 N
                                          LONGITUDE: 102 23 W

[TEMPERATURE DATA]      [PRECIPITATION DATA]       SYMBOLS USED IN COLUMN 16

AVERAGE MONTHLY: 71.6   TOTAL FOR MONTH:   2.93    1 = FOG OR MIST
DPTR FM NORMAL:  -3.0   DPTR FM NORMAL:    0.75    2 = FOG REDUCING VISIBILITY
HIGHEST:    92 ON  8    GRTST 24HR  0.56 ON 13-13      TO 1/4 MILE OR LESS
LOWEST:     51 ON 21                               3 = THUNDER
                        SNOW, ICE PELLETS, HAIL    4 = ICE PELLETS
                        TOTAL MONTH:   0.0 INCH    5 = HAIL
                        GRTST 24HR     0.0         6 = FREEZING RAIN OR DRIZZLE
                        GRTST DEPTH:   0           7 = DUSTSTORM OR SANDSTORM:
                                                       VSBY 1/2 MILE OR LESS
                                                   8 = SMOKE OR HAZE
[NO. OF DAYS WITH]      [WEATHER - DAYS WITH]      9 = BLOWING SNOW
                                                   X = TORNADO
MAX 32 OR BELOW:   0    0.01 INCH OR MORE:  12
MAX 90 OR ABOVE:   4    0.10 INCH OR MORE:   9
MIN 32 OR BELOW:   0    0.50 INCH OR MORE:   1
MIN  0 OR BELOW:   0    1.00 INCH OR MORE:   0

[HDD (BASE 65) ]
TOTAL THIS MO.    13    CLEAR  (SCALE 0-3)  17
DPTR FM NORMAL     0    PTCLDY (SCALE 4-7)  11
TOTAL FM JUL 1  2608    CLOUDY (SCALE 8-10)  3
DPTR FM NORMAL   124

[CDD (BASE 65) ]
TOTAL THIS MO.   205
DPTR FM NORMAL  -106    [PRESSURE DATA]
TOTAL FM JAN 1   331    HIGHEST SLP 30.22 ON 12
DPTR FM NORMAL  -111    LOWEST  SLP 29.59 ON  9

[REMARKS]
#FINAL-05-15#
