000
CXUS54 KMAF 231100
CF6ODO
PRELIMINARY LOCAL CLIMATOLOGICAL DATA (WS FORM: F-6)

                                          STATION:   Odessa Schleymeyer
                                          MONTH:     AUGUST
                                          YEAR:      2014
                                          LATITUDE:   31 55 N
                                          LONGITUDE: 102 23 W

  TEMPERATURE IN F:       :PCPN:    SNOW:  WIND      :SUNSHINE: SKY     :PK WND
================================================================================
1   2   3   4   5  6A  6B    7    8   9   10  11  12  13   14  15   16   17  18
                                     12Z  AVG MX 2MIN
DY MAX MIN AVG DEP HDD CDD  WTR  SNW DPTH SPD SPD DIR MIN PSBL S-S WX    SPD DR
================================================================================

 1  84  69  77  -7   0  12 0.03  0.0    0  8.2 17 100   M    M   4        24  70
 2  86  71  79  -5   0  14    T  0.0    0  9.4 16  70   M    M   7        24  80
 3  92  70  81  -3   0  16 0.00  0.0    0  8.3 17 100   M    M   3        22 100
 4  93  68  81  -3   0  16 0.00  0.0    0  8.6 16 140   M    M   0        20 120
 5  95  71  83  -1   0  18 0.00  0.0    0  9.5 17 180   M    M   0        23 160
 6  99  76  88   5   0  23 0.00  0.0    0 11.2 20 200   M    M   0        26 190
 7 101  77  89   6   0  24 0.00  0.0    0 12.3 23 170   M    M   0        29 150
 8  99  76  88   5   0  23 0.00  0.0    0 11.3 23 160   M    M   1        30 160
 9  98  74  86   3   0  21 0.00  0.0    0 12.2 22 200   M    M   0        30 210
10  96  76  86   3   0  21 0.00  0.0    0 11.3 48 130   M    M   1 38     71 130
11  90  73  82  -1   0  17    T  0.0    0 10.6 31 190   M    M   3 3      50 280
12  91  72  82  -1   0  17 0.00  0.0    0  7.6 28 150   M    M   4 3      34 200
13  94  69  82  -1   0  17 0.00  0.0    0  9.1 22 140   M    M   0        25 140
14  95  69  82  -1   0  17 0.00  0.0    0 11.0 22 170   M    M   0        38 240
15  99  71  85   2   0  20 0.00  0.0    0 10.6 20 180   M    M   1        26 180
16  95  71  83   0   0  18 0.13  0.0    0  8.1 29 200   M    M   2 3      33 200
17  94  71  83   0   0  18 0.28  0.0    0  7.5 28  40   M    M   1 38     43  30
18  91  68  80  -2   0  15 0.00  0.0    0  8.3 23 140   M    M   1        26 150
19  92  68  80  -2   0  15 0.00  0.0    0 12.1 21 170   M    M   1        26 160
20  95  73  84   2   0  19 0.41  0.0    0 11.8 41 180   M    M   1 3      55 180
21  96  69  83   1   0  18 0.12  0.0    0 12.7 38 230   M    M   0 38     45 220
22  95  72  84   2   0  19 0.00  0.0    0 10.5 21 160   M    M   1        27 160
================================================================================
SM 2070 1574         0 398  0.97     0.0 222.2          M       31
================================================================================
AV 94.1 71.5                              10.1 FASTST   M    M   1    MAX(MPH)
                                 MISC ---->  # 48 130               # 71  130
================================================================================
NOTES:
# LAST OF SEVERAL OCCURRENCES

COLUMN 17 PEAK WIND IN M.P.H.

PRELIMINARY LOCAL CLIMATOLOGICAL DATA (WS FORM: F-6) , PAGE 2

                                          STATION:  Odessa Schleymeyer
                                          MONTH:    AUGUST
                                          YEAR:     2014
                                          LATITUDE:   31 55 N
                                          LONGITUDE: 102 23 W

[TEMPERATURE DATA]      [PRECIPITATION DATA]       SYMBOLS USED IN COLUMN 16

AVERAGE MONTHLY: 82.8   TOTAL FOR MONTH:   0.97    1 = FOG OR MIST
DPTR FM NORMAL:  -0.2   DPTR FM NORMAL:   -0.29    2 = FOG REDUCING VISIBILITY
HIGHEST:   101 ON  7    GRTST 24HR  0.41 ON 20-20      TO 1/4 MILE OR LESS
LOWEST:     68 ON 19,18                            3 = THUNDER
                        SNOW, ICE PELLETS, HAIL    4 = ICE PELLETS
                        TOTAL MONTH:   0.0 INCH    5 = HAIL
                        GRTST 24HR     0.0         6 = FREEZING RAIN OR DRIZZLE
                        GRTST DEPTH:   0           7 = DUSTSTORM OR SANDSTORM:
                                                       VSBY 1/2 MILE OR LESS
                                                   8 = SMOKE OR HAZE
[NO. OF DAYS WITH]      [WEATHER - DAYS WITH]      9 = BLOWING SNOW
                                                   X = TORNADO
MAX 32 OR BELOW:   0    0.01 INCH OR MORE:   5
MAX 90 OR ABOVE:  20    0.10 INCH OR MORE:   4
MIN 32 OR BELOW:   0    0.50 INCH OR MORE:   0
MIN  0 OR BELOW:   0    1.00 INCH OR MORE:   0

[HDD (BASE 65) ]
TOTAL THIS MO.     0    CLEAR  (SCALE 0-3)  18
DPTR FM NORMAL     0    PTCLDY (SCALE 4-7)   4
TOTAL FM JUL 1     0    CLOUDY (SCALE 8-10)  0
DPTR FM NORMAL     0

[CDD (BASE 65) ]
TOTAL THIS MO.   398
DPTR FM NORMAL     3    [PRESSURE DATA]
TOTAL FM JAN 1  1541    HIGHEST SLP M ON M
DPTR FM NORMAL  -340    LOWEST  SLP 29.70 ON 19

[REMARKS]
