000
CXUS53 KOAX 171000
CF6OFK
PRELIMINARY LOCAL CLIMATOLOGICAL DATA (WS FORM: F-6)

                                          STATION:   NORFOLK, NEBRASKA
                                          MONTH:     NOVEMBER
                                          YEAR:      2017
                                          LATITUDE:   41 58 N
                                          LONGITUDE:  97 26 W

  TEMPERATURE IN F:       :PCPN:    SNOW:  WIND      :SUNSHINE: SKY     :PK WND
================================================================================
1   2   3   4   5  6A  6B    7    8   9   10  11  12  13   14  15   16   17  18
                                     12Z  AVG MX 2MIN
DY MAX MIN AVG DEP HDD CDD  WTR  SNW DPTH SPD SPD DIR MIN PSBL S-S WX    SPD DR
================================================================================

 1  45  30  38  -6  27   0 0.00  0.0    0  8.8 21 150   M    M   3        26 150
 2  48  27  38  -6  27   0 0.00  0.0    0 10.8 22 340   M    M   3        27 340
 3  45  26  36  -7  29   0 0.00  0.0    0  7.8 15 130   M    M   5        22 100
 4  53  29  41  -2  24   0 0.00  0.0    0  8.0 20 330   M    M   4        26 330
 5  42  26  34  -8  31   0 0.00  0.0    0 14.8 25 340   M    M   4        31 330
 6  40  26  33  -9  32   0    T    T    0  7.2 15  40   M    M   8        16  40
 7  44  18  31 -10  34   0 0.00  0.0    0  5.2 15 310   M    M   5 1      18 310
 8  52  16  34  -6  31   0 0.00  0.0    0 11.1 24 210   M    M   1 1      29 220
 9  37  19  28 -12  37   0 0.00  0.0    0 11.9 23 350   M    M   2        29 350
10  34  17  26 -13  39   0 0.00  0.0    0 15.5 23 140   M    M   8        28 150
11  48  34  41   2  24   0    T  0.0    0  6.2 18 160   M    M  10 8      23 160
12  51  30  41   3  24   0 0.02  0.0    0  5.8 14 170   M    M   3        17 170
13  46  28  37  -1  28   0 0.00  0.0    0 12.5 22 190   M    M   6 1      30 190
14  54  45  50  13  15   0 0.00  0.0    0 12.6 24 320   M    M   8 1      29 340
15  46  20  33  -4  32   0 0.00  0.0    0 12.0 28 320   M    M   0        36 320
16  52  18  35  -1  30   0 0.00  0.0    0 12.5 26 150   M    M   0        34 160
================================================================================
SM  737  409       464   0  0.02    T    162.7          M       70
================================================================================
AV 46.1 25.6                              10.2 FASTST   M    M   4    MAX(MPH)
                                 MISC ---->  # 28 320               # 36  320
================================================================================
NOTES:
# LAST OF SEVERAL OCCURRENCES

COLUMN 17 PEAK WIND IN M.P.H.

PRELIMINARY LOCAL CLIMATOLOGICAL DATA (WS FORM: F-6) , PAGE 2

                                          STATION:  NORFOLK, NEBRASKA
                                          MONTH:    NOVEMBER
                                          YEAR:     2017
                                          LATITUDE:   41 58 N
                                          LONGITUDE:  97 26 W

[TEMPERATURE DATA]      [PRECIPITATION DATA]       SYMBOLS USED IN COLUMN 16

AVERAGE MONTHLY: 35.8   TOTAL FOR MONTH:   0.02    1 = FOG OR MIST
DPTR FM NORMAL:  -4.4   DPTR FM NORMAL:   -0.75    2 = FOG REDUCING VISIBILITY
HIGHEST:    54 ON 14    GRTST 24HR  0.02 ON 12-12      TO 1/4 MILE OR LESS
LOWEST:     16 ON  8                               3 = THUNDER
                        SNOW, ICE PELLETS, HAIL    4 = ICE PELLETS
                        TOTAL MONTH:    T          5 = HAIL
                        GRTST 24HR    T  ON  6- 6  6 = FREEZING RAIN OR DRIZZLE
                        GRTST DEPTH:   0           7 = DUSTSTORM OR SANDSTORM:
                                                       VSBY 1/2 MILE OR LESS
                                                   8 = SMOKE OR HAZE
[NO. OF DAYS WITH]      [WEATHER - DAYS WITH]      9 = BLOWING SNOW
                                                   X = TORNADO
MAX 32 OR BELOW:   0    0.01 INCH OR MORE:   1
MAX 90 OR ABOVE:   0    0.10 INCH OR MORE:   0
MIN 32 OR BELOW:  14    0.50 INCH OR MORE:   0
MIN  0 OR BELOW:   0    1.00 INCH OR MORE:   0

[HDD (BASE 65) ]
TOTAL THIS MO.   464    CLEAR  (SCALE 0-3)   6
DPTR FM NORMAL    68    PTCLDY (SCALE 4-7)   7
TOTAL FM JUL 1   977    CLOUDY (SCALE 8-10)  3
DPTR FM NORMAL    -4

[CDD (BASE 65) ]
TOTAL THIS MO.     0
DPTR FM NORMAL     0    [PRESSURE DATA]
TOTAL FM JAN 1   879    HIGHEST SLP M ON M
DPTR FM NORMAL   -36    LOWEST  SLP 29.60 ON  1

[REMARKS]
