000
CXUS55 KCAE 171400
CF6OGB
PRELIMINARY LOCAL CLIMATOLOGICAL DATA (WS FORM: F-6)

                                          STATION:   ORANGEBURG AIRPORT SC
                                          MONTH:     FEBRUARY
                                          YEAR:      2018
                                          LATITUDE:   33 27 N
                                          LONGITUDE:  80 51 W

  TEMPERATURE IN F:       :PCPN:    SNOW:  WIND      :SUNSHINE: SKY     :PK WND
================================================================================
1   2   3   4   5  6A  6B    7    8   9   10  11  12  13   14  15   16   17  18
                                     12Z  AVG MX 2MIN
DY MAX MIN AVG DEP HDD CDD  WTR  SNW DPTH SPD SPD DIR MIN PSBL S-S WX    SPD DR
================================================================================

 1  68  30  49   2  16   0 0.00    M    M  7.8 20 210   M    M   2        26 200
 2  58  35  47   0  18   0 0.03    M    M 10.4 17 310   M    M   3 1      24 350
 3  46  31  39  -9  26   0 0.00    M    M  5.8 12  40   M    M   1        16  50
 4  62  38  50   2  15   0 0.47    M    M  8.2 28 190   M    M   9 1      41 180
 5  60  37  49   1  16   0 0.00    M    M  4.9 10 330   M    M   1 12     15 320
 6  71  34  53   5  12   0 0.00    M    M  1.8 10 210   M    M   0 1      14 250
 7  74  46  60  12   5   0 0.46    M    M  9.1 28 270   M    M   8 1      38 260
 8  61  38  50   2  15   0    T    M    M  7.2 15  30   M    M   4        22 350
 9  63  34  49   1  16   0 0.01    M    M  4.6 12  80   M    M   5 1      16  90
10  70  54  62  13   3   0 0.13    M    M  6.0 18 200   M    M   8 12     24 190
11  76  64  70  21   0   5    T    M    M 10.4 22 210   M    M   7        28 220
12  74  57  66  17   0   1 0.03    M    M  6.2 18  40   M    M   7        26  50
13  57  47  52   3  13   0 0.00    M    M  9.6 18  50   M    M  10        25  50
14  68  46  57   8   8   0 0.00    M    M  3.1 10 250   M    M   8 18     13 250
15  80  59  70  20   0   5 0.00    M    M 10.4 21 240   M    M   5        27 240
16  82  63  73  23   0   8    T    M    M 13.3 29 250   M    M   4        35 270
================================================================================
SM 1070  713       163  19  1.13    M    118.8          M       82
================================================================================
AV 66.9 44.6                               7.4 FASTST   M    M   5    MAX(MPH)
                                 MISC ---->  # 29 250               # 41  180
================================================================================
NOTES:
# LAST OF SEVERAL OCCURRENCES

COLUMN 17 PEAK WIND IN M.P.H.

PRELIMINARY LOCAL CLIMATOLOGICAL DATA (WS FORM: F-6) , PAGE 2

                                          STATION:  ORANGEBURG AIRPORT SC
                                          MONTH:    FEBRUARY
                                          YEAR:     2018
                                          LATITUDE:   33 27 N
                                          LONGITUDE:  80 51 W

[TEMPERATURE DATA]      [PRECIPITATION DATA]       SYMBOLS USED IN COLUMN 16

AVERAGE MONTHLY: 55.7   TOTAL FOR MONTH:   1.13    1 = FOG OR MIST
DPTR FM NORMAL:   7.3   DPTR FM NORMAL:   -0.66    2 = FOG REDUCING VISIBILITY
HIGHEST:    82 ON 16    GRTST 24HR  0.47 ON  4- 4      TO 1/4 MILE OR LESS
LOWEST:     30 ON  1                               3 = THUNDER
                        SNOW, ICE PELLETS, HAIL    4 = ICE PELLETS
                        TOTAL MONTH:    M          5 = HAIL
                        GRTST 24HR    M  ON   M    6 = FREEZING RAIN OR DRIZZLE
                        GRTST DEPTH:  M  ON   M    7 = DUSTSTORM OR SANDSTORM:
                                                       VSBY 1/2 MILE OR LESS
                                                   8 = SMOKE OR HAZE
[NO. OF DAYS WITH]      [WEATHER - DAYS WITH]      9 = BLOWING SNOW
                                                   X = TORNADO
MAX 32 OR BELOW:   0    0.01 INCH OR MORE:   6
MAX 90 OR ABOVE:   0    0.10 INCH OR MORE:   3
MIN 32 OR BELOW:   2    0.50 INCH OR MORE:   0
MIN  0 OR BELOW:   0    1.00 INCH OR MORE:   0

[HDD (BASE 65) ]
TOTAL THIS MO.   163    CLEAR  (SCALE 0-3)   4
DPTR FM NORMAL  -104    PTCLDY (SCALE 4-7)   9
TOTAL FM JUL 1  1674    CLOUDY (SCALE 8-10)  3
DPTR FM NORMAL   -90

[CDD (BASE 65) ]
TOTAL THIS MO.    19
DPTR FM NORMAL    19    [PRESSURE DATA]
TOTAL FM JAN 1    20    HIGHEST SLP M ON M
DPTR FM NORMAL    19    LOWEST  SLP 29.83 ON  4

[REMARKS]
