000
CXUS55 KEAX 270736
CF6OJC
PRELIMINARY LOCAL CLIMATOLOGICAL DATA (WS FORM: F-6)

                                          STATION:   Johnson County Executive KS
                                          MONTH:     FEBRUARY
                                          YEAR:      2017
                                          LATITUDE:   38 50 N
                                          LONGITUDE:  94 44 W

  TEMPERATURE IN F:       :PCPN:    SNOW:  WIND      :SUNSHINE: SKY     :PK WND
================================================================================
1   2   3   4   5  6A  6B    7    8   9   10  11  12  13   14  15   16   17  18
                                     12Z  AVG MX 2MIN
DY MAX MIN AVG DEP HDD CDD  WTR  SNW DPTH SPD SPD DIR MIN PSBL S-S WX    SPD DR
================================================================================

 1  41  29  35   3  30   0 0.00    M    M 12.1 18 360   M    M   0        24 350
 2  31  20  26  -6  39   0 0.00    M    M  9.2 20 360   M    M   2        24 360
 3  34  22  28  -4  37   0 0.00    M    M  6.1 14 360   M    M   4        17 360
 4  45  21  33   1  32   0 0.00    M    M 13.1 25 200   M    M   2        34 190
 5  51  24  38   6  27   0 0.00    M    M  4.8 10  30   M    M   0        14 200
 6  59  29  44  12  21   0 0.00    M    M  6.2 16 160   M    M   7 128    20 170
 7  50  29  40   7  25   0 0.00    M    M 11.4 20 320   M    M   3 1      25 330
 8  29  18  24  -9  41   0    T    M    M 12.1 25  10   M    M   5        32  10
 9  35  15  25  -8  40   0 0.00    M    M  7.5 15 150   M    M   0        19 150
10  67  28  48  15  17   0 0.00    M    M 13.5 24 220   M    M   0        32 200
11  73  50  62  28   3   0 0.00    M    M  7.2 15 340   M    M   0 1      19 340
12  51  34  43   9  22   0 0.00    M    M 12.3 24  10   M    M   0        31 350
13  49  28  39   5  26   0    T    M    M  2.6 13 170   M    M   5        16 180
14  52  36  44  10  21   0 0.00    M    M  8.1 15  10   M    M   1        20 340
15  51  28  40   5  25   0 0.00    M    M  6.3 14 350   M    M   0        19 350
16  70  35  53  18  12   0 0.00    M    M 10.7 22 230   M    M   0        31 250
17  72  38  55  20  10   0 0.00    M    M 10.4 20 200   M    M   0        28 200
18  70  38  54  18  11   0 0.00    M    M  4.7 10 250   M    M   0        13 280
19  74   M   M   M   M   M 0.00    M    M  8.2 18 160   M    M   2 128    26 150
20  67  55  61  25   4   0 0.02    M    M 10.6 18 220   M    M   5        24 200
21  71  47  59  22   6   0 0.00    M    M  5.6 13  10   M    M   0        16 360
22  79  42  61  24   4   0 0.00    M    M  7.6 21 200   M    M   0        28 210
23  58  47  53  16  12   0    T    M    M 12.8 22 310   M    M   2 13     30  90
24  48  23  36  -2  29   0 0.01    M    M 13.5 25 320   M    M  10 1      33 320
25  41  20  31  -7  34   0 0.00    M    M  7.8 14 330   M    M   2        20 310
26  50  30  40   2  25   0    T    M    M  7.9 17 170   M    M   4 1      23 220
================================================================================
SM 1418  786       553   0  0.03    M    232.3          M       54
================================================================================
AV 54.5 31.4                               8.9 FASTST   M    M   2    MAX(MPH)
                                 MISC ---->  # 25 200               # 34  190
================================================================================
NOTES:
# LAST OF SEVERAL OCCURRENCES

COLUMN 17 PEAK WIND IN M.P.H.

PRELIMINARY LOCAL CLIMATOLOGICAL DATA (WS FORM: F-6) , PAGE 2

                                          STATION:  Johnson County Executive KS
                                          MONTH:    FEBRUARY
                                          YEAR:     2017
                                          LATITUDE:   38 50 N
                                          LONGITUDE:  94 44 W

[TEMPERATURE DATA]      [PRECIPITATION DATA]       SYMBOLS USED IN COLUMN 16

AVERAGE MONTHLY: 43.0   TOTAL FOR MONTH:   0.03    1 = FOG OR MIST
DPTR FM NORMAL:   8.5   DPTR FM NORMAL:   -1.42    2 = FOG REDUCING VISIBILITY
HIGHEST:    79 ON 22    GRTST 24HR  0.02 ON 20-20      TO 1/4 MILE OR LESS
LOWEST:     15 ON  9                               3 = THUNDER
                        SNOW, ICE PELLETS, HAIL    4 = ICE PELLETS
                        TOTAL MONTH:    M          5 = HAIL
                        GRTST 24HR    M  ON   M    6 = FREEZING RAIN OR DRIZZLE
                        GRTST DEPTH:  M  ON   M    7 = DUSTSTORM OR SANDSTORM:
                                                       VSBY 1/2 MILE OR LESS
                                                   8 = SMOKE OR HAZE
[NO. OF DAYS WITH]      [WEATHER - DAYS WITH]      9 = BLOWING SNOW
                                                   X = TORNADO
MAX 32 OR BELOW:   2    0.01 INCH OR MORE:   2
MAX 90 OR ABOVE:   0    0.10 INCH OR MORE:   0
MIN 32 OR BELOW:  15    0.50 INCH OR MORE:   0
MIN  0 OR BELOW:   0    1.00 INCH OR MORE:   0

[HDD (BASE 65) ]
TOTAL THIS MO.   553    CLEAR  (SCALE 0-3)  18
DPTR FM NORMAL  -240    PTCLDY (SCALE 4-7)   7
TOTAL FM JUL 1  3113    CLOUDY (SCALE 8-10)  1
DPTR FM NORMAL  -728

[CDD (BASE 65) ]
TOTAL THIS MO.     0
DPTR FM NORMAL     0    [PRESSURE DATA]
TOTAL FM JAN 1     0    HIGHEST SLP  0.00 ON M
DPTR FM NORMAL     0    LOWEST  SLP  0.00 ON M

[REMARKS]
