000
CXUS55 KTWC 260855
CF6OLS
PRELIMINARY LOCAL CLIMATOLOGICAL DATA (WS FORM: F-6)

                                          STATION:   NOGALES AZ AIRPORT
                                          MONTH:     MARCH
                                          YEAR:      2015
                                          LATITUDE:   31 25 N
                                          LONGITUDE: 110 51 W

  TEMPERATURE IN F:       :PCPN:    SNOW:  WIND      :SUNSHINE: SKY     :PK WND
================================================================================
1   2   3   4   5  6A  6B    7    8   9   10  11  12  13   14  15   16   17  18
                                     12Z  AVG MX 2MIN
DY MAX MIN AVG DEP HDD CDD  WTR  SNW DPTH SPD SPD DIR MIN PSBL S-S WX    SPD DR
================================================================================

 1  71  46  59   6   6   0 0.00  0.0    0 11.5 26 180   M    M   1        34 190
 2  62  48  55   2  10   0 0.05    M    0 14.8 29 210   M    M   8 1      36 190
 3  63  41  52  -1  13   0    T    M    0  6.1 17 220   M    M   4        22 210
 4  61  38  50  -3  15   0 0.00  0.0    0  4.2 18 300   M    M   6        23 330
 5  68  32  50  -4  15   0 0.00  0.0    0  6.7 18  30   M    M   0        27  20
 6  74  42  58   4   7   0 0.00  0.0    0 11.4 24 100   M    M   0        30 110
 7  74  43  59   5   6   0 0.00  0.0    0  6.4 16 190   M    M   0        21 210
 8  74  37  56   2   9   0 0.00  0.0    0  6.7 17 320   M    M   0        25 310
 9  75  37  56   2   9   0 0.00  0.0    0  4.5 15 260   M    M   1        20 270
10  78  38  58   4   7   0 0.00  0.0    0  4.8 16 360   M    M   0        22  10
11  79  39  59   5   6   0 0.00  0.0    0  4.9 16  30   M    M   0        24 110
12  74  54  64  10   1   0    T  0.0    0  4.7 18  40   M    M   6        24 290
13  75  45  60   5   5   0    T    M    0  7.3 31  50   M    M   4        37  50
14  76  51  64   9   1   0 0.00  0.0    0 12.1 29  90   M    M   0        39  80
15  76  49  63   8   2   0 0.00  0.0    0 10.4 31 100   M    M   0        41  70
16  81  53  67  12   0   2 0.00  0.0    0  5.3 18 180   M    M   2        23 200
17  79  48  64   9   1   0 0.00  0.0    0  6.3 15 250   M    M   4        21 250
18  68  49  59   3   6   0 0.18  0.0    0  4.9 17 270   M    M   M 1      22 280
19  62  46  54  -2  11   0 0.07  0.0    0  3.5 15 230   M    M   M 13     21 220
20  73  42  58   2   7   0 0.00  0.0    0  3.4 12 200   M    M   M        15 200
21  76  43  60   4   5   0 0.00  0.0    0  5.1 17 340   M    M   M        26 330
22  81  43  62   6   3   0 0.00  0.0    0  3.8 13 330   M    M   M        19 350
23  82  44  63   7   2   0 0.00  0.0    0  5.0 18 220   M    M   0        27 210
24  82  41  62   5   3   0 0.00  0.0    0  5.4 20 230   M    M   0        26 220
25  78  42  60   3   5   0 0.00  0.0    0  5.0 14 320   M    M   0        20 330
================================================================================
SM 1842 1091       155   2  0.30     0.0 164.2          M       36
================================================================================
AV 73.7 43.6                               6.6 FASTST   M    M   2    MAX(MPH)
                                 MISC ---->  # 31  50               # 41   70
================================================================================
NOTES:
# LAST OF SEVERAL OCCURRENCES

COLUMN 17 PEAK WIND IN M.P.H.

PRELIMINARY LOCAL CLIMATOLOGICAL DATA (WS FORM: F-6) , PAGE 2

                                          STATION:  NOGALES AZ AIRPORT
                                          MONTH:    MARCH
                                          YEAR:     2015
                                          LATITUDE:   31 25 N
                                          LONGITUDE: 110 51 W

[TEMPERATURE DATA]      [PRECIPITATION DATA]       SYMBOLS USED IN COLUMN 16

AVERAGE MONTHLY: 58.7   TOTAL FOR MONTH:   0.30    1 = FOG OR MIST
DPTR FM NORMAL:   3.9   DPTR FM NORMAL:   -0.44    2 = FOG REDUCING VISIBILITY
HIGHEST:    82 ON 24,23 GRTST 24HR  0.18 ON 18-18      TO 1/4 MILE OR LESS
LOWEST:     32 ON  5                               3 = THUNDER
                        SNOW, ICE PELLETS, HAIL    4 = ICE PELLETS
                        TOTAL MONTH:   0.0 INCH    5 = HAIL
                        GRTST 24HR     0.0         6 = FREEZING RAIN OR DRIZZLE
                        GRTST DEPTH:   0           7 = DUSTSTORM OR SANDSTORM:
                                                       VSBY 1/2 MILE OR LESS
                                                   8 = SMOKE OR HAZE
[NO. OF DAYS WITH]      [WEATHER - DAYS WITH]      9 = BLOWING SNOW
                                                   X = TORNADO
MAX 32 OR BELOW:   0    0.01 INCH OR MORE:   3
MAX 90 OR ABOVE:   0    0.10 INCH OR MORE:   1
MIN 32 OR BELOW:   1    0.50 INCH OR MORE:   0
MIN  0 OR BELOW:   0    1.00 INCH OR MORE:   0

[HDD (BASE 65) ]
TOTAL THIS MO.   155    CLEAR  (SCALE 0-3)  14
DPTR FM NORMAL  -104    PTCLDY (SCALE 4-7)   6
TOTAL FM JUL 1  1518    CLOUDY (SCALE 8-10)  0
DPTR FM NORMAL  -435

[CDD (BASE 65) ]
TOTAL THIS MO.     2
DPTR FM NORMAL     2    [PRESSURE DATA]
TOTAL FM JAN 1     2    HIGHEST SLP M ON M
DPTR FM NORMAL     1    LOWEST  SLP 29.77 ON  3

[REMARKS]
