000
CXUS53 KOAX 281000
CF6OMA
PRELIMINARY LOCAL CLIMATOLOGICAL DATA (WS FORM: F-6)

                                          STATION:   OMAHA EPPLEY, NEBRASKA
                                          MONTH:     MARCH
                                          YEAR:      2015
                                          LATITUDE:   41 17 N
                                          LONGITUDE:  95 54 W

  TEMPERATURE IN F:       :PCPN:    SNOW:  WIND      :SUNSHINE: SKY     :PK WND
================================================================================
1   2   3   4   5  6A  6B    7    8   9   10  11  12  13   14  15   16   17  18
                                     12Z  AVG MX 2MIN
DY MAX MIN AVG DEP HDD CDD  WTR  SNW DPTH SPD SPD DIR MIN PSBL S-S WX    SPD DR
================================================================================

 1  40  19  30  -3  35   0    T    T    T  6.0 15 330   M    M   5        18 330
 2  42  17  30  -4  35   0 0.00  0.0    0 11.0 24 150   M    M   9        29 150
 3  36  17  27  -7  38   0 0.01  0.0    0 15.8 29 330   M    M   8 168    34 340
 4  32   8  20 -14  45   0 0.01  0.2    T 12.3 31 330   M    M   5 8      42 300
 5  31   3  17 -18  48   0 0.00  0.0    0  7.6 20 170   M    M   1        25 170
 6  63  18  41   6  24   0 0.00  0.0    0  8.3 23 250   M    M   4        29 270
 7  59  29  44   8  21   0 0.00  0.0    0  6.5 20 360   M    M   1        23 310
 8  58  30  44   8  21   0 0.00  0.0    0  8.3 23  70   M    M   4        31  70
 9  59  27  43   6  22   0 0.00  0.0    0  5.6 14 160   M    M   1        17 170
10  71  32  52  15  13   0 0.00  0.0    0  7.5 20 360   M    M   1        24  10
11  69  29  49  12  16   0 0.00  0.0    0  7.9 14 120   M    M   1        16 120
12  76  41  59  21   6   0 0.00  0.0    0 13.3 24 180   M    M   4        30 180
13  74  39  57  19   8   0 0.00  0.0    0 11.5 24 350   M    M   5        30 350
14  68  32  50  11  15   0 0.00  0.0    0  7.5 15 350   M    M   4        19 350
15  79  36  58  19   7   0 0.00  0.0    0 13.5 25 230   M    M   5        33 250
16  88  42  65  25   0   0 0.00  0.0    0 16.1 39  10   M    M   5 78     46  10
17  50  33  42   2  23   0 0.00  0.0    0 14.3 26  20   M    M   4        32 360
18  53  31  42   2  23   0 0.00  0.0    0  9.9 18 150   M    M   8        22 120
19  51  37  44   3  21   0 0.00  0.0    0  9.3 16 160   M    M   8        20 150
20  72  26  49   8  16   0 0.00  0.0    0  6.4 20 210   M    M   2 128    30 230
21  64  35  50   8  15   0 0.00  0.0    0 11.1 21  10   M    M   1        25  10
22  75  37  56  14   9   0 0.00  0.0    0 11.0 26 300   M    M   3        32 300
23  53  32  43   1  22   0 0.00  0.0    0 12.7 25 340   M    M   7        32 340
24  37  34  36  -7  29   0 0.52  0.0    0  8.9 40  90   M    M  10 18     48  90
25  46  29  38  -5  27   0    T  0.0    0 11.5 26 340   M    M   9 18     31 340
26  50  25  38  -6  27   0    T  0.0    0  7.2 20 350   M    M   5        27 350
27  41  22  32 -12  33   0 0.00  0.0    0  6.3 16 360   M    M   7        21  10
================================================================================
SM 1537  760       599   0  0.54     0.2 267.3          M      127
================================================================================
AV 56.9 28.1                               9.9 FASTST   M    M   5    MAX(MPH)
                                 MISC ---->  # 40  90               # 48   90
================================================================================
NOTES:
# LAST OF SEVERAL OCCURRENCES

COLUMN 17 PEAK WIND IN M.P.H.

PRELIMINARY LOCAL CLIMATOLOGICAL DATA (WS FORM: F-6) , PAGE 2

                                          STATION:  OMAHA EPPLEY, NEBRASKA
                                          MONTH:    MARCH
                                          YEAR:     2015
                                          LATITUDE:   41 17 N
                                          LONGITUDE:  95 54 W

[TEMPERATURE DATA]      [PRECIPITATION DATA]       SYMBOLS USED IN COLUMN 16

AVERAGE MONTHLY: 42.5   TOTAL FOR MONTH:   0.54    1 = FOG OR MIST
DPTR FM NORMAL:   3.9   DPTR FM NORMAL:   -1.11    2 = FOG REDUCING VISIBILITY
HIGHEST:    88 ON 16    GRTST 24HR  0.52 ON 24-24      TO 1/4 MILE OR LESS
LOWEST:      3 ON  5                               3 = THUNDER
                        SNOW, ICE PELLETS, HAIL    4 = ICE PELLETS
                        TOTAL MONTH:   0.2 INCH    5 = HAIL
                        GRTST 24HR   0.2 ON   M    6 = FREEZING RAIN OR DRIZZLE
                        GRTST DEPTH:   0           7 = DUSTSTORM OR SANDSTORM:
                                                       VSBY 1/2 MILE OR LESS
                                                   8 = SMOKE OR HAZE
[NO. OF DAYS WITH]      [WEATHER - DAYS WITH]      9 = BLOWING SNOW
                                                   X = TORNADO
MAX 32 OR BELOW:   2    0.01 INCH OR MORE:   3
MAX 90 OR ABOVE:   0    0.10 INCH OR MORE:   1
MIN 32 OR BELOW:  18    0.50 INCH OR MORE:   1
MIN  0 OR BELOW:   0    1.00 INCH OR MORE:   0

[HDD (BASE 65) ]
TOTAL THIS MO.   599    CLEAR  (SCALE 0-3)   8
DPTR FM NORMAL  -112    PTCLDY (SCALE 4-7)  14
TOTAL FM JUL 1  5310    CLOUDY (SCALE 8-10)  5
DPTR FM NORMAL  -199

[CDD (BASE 65) ]
TOTAL THIS MO.     0
DPTR FM NORMAL     0    [PRESSURE DATA]
TOTAL FM JAN 1     0    HIGHEST SLP M ON M
DPTR FM NORMAL     0    LOWEST  SLP 29.66 ON  3

[REMARKS]
