000
CXUS53 KOAX 310209
CF6OMA
PRELIMINARY LOCAL CLIMATOLOGICAL DATA (WS FORM: F-6)

                                          STATION:   OMAHA EPPLEY, NEBRASKA
                                          MONTH:     OCTOBER
                                          YEAR:      2014
                                          LATITUDE:   41 17 N
                                          LONGITUDE:  95 54 W

  TEMPERATURE IN F:       :PCPN:    SNOW:  WIND      :SUNSHINE: SKY     :PK WND
================================================================================
1   2   3   4   5  6A  6B    7    8   9   10  11  12  13   14  15   16   17  18
                                     12Z  AVG MX 2MIN
DY MAX MIN AVG DEP HDD CDD  WTR  SNW DPTH SPD SPD DIR MIN PSBL S-S WX    SPD DR
================================================================================

 1  75  62  69  10   0   4 0.75  0.0    0  5.1 17 120   M    M   8 13     21 120
 2  64  52  58  -1   7   0 0.02  0.0    0  8.5 25 350   M    M   7 12     31 350
 3  54  39  47 -11  18   0 0.00  0.0    0 19.2 39 330   M    M   5        49 330
 4  57  37  47 -11  18   0 0.00  0.0    0 12.1 25 320   M    M   5        32 320
 5  70  41  56  -2   9   0    T  0.0    0  8.3 30 290   M    M   6        37 290
 6  70  48  59   2   6   0    T  0.0    0  7.1 18 270   M    M   7        23 270
 7  73  51  62   5   3   0 0.00  0.0    0 11.5 29 310   M    M   5        37 310
 8  70  46  58   2   7   0    T  0.0    0  4.4 15  90   M    M   6        16  90
 9  67  49  58   2   7   0 0.00  0.0    0 10.0 21  40   M    M   9        26  40
10  56  36  46 -10  19   0 0.00  0.0    0  7.0 14  30   M    M   8        17  30
11  62  33  48  -7  17   0 0.00  0.0    0  5.0 13 180   M    M   2 12     17 150
12  60  43  52  -3  13   0 0.23  0.0    0 11.0 21 160   M    M   6 1      25 150
13  57  53  55   1  10   0 0.46  0.0    0 14.5 31 340   M    M   8 1      39 340
14  67  41  54   0  11   0 0.00  0.0    0 17.4 31 330   M    M   2        40 350
15  70  36  53  -1  12   0 0.00  0.0    0  4.8 10 280   M    M   2        13 280
16  78  45  62   9   3   0 0.00  0.0    0  9.4 23 320   M    M   4        27 300
17  64  43  54   1  11   0 0.00  0.0    0 15.0 29 330   M    M   4        35 320
18  58  38  48  -4  17   0 0.00  0.0    0  5.0 13  10   M    M   4        17  20
19  73  42  58   6   7   0 0.00  0.0    0  9.0 17 230   M    M   3        23 210
20  73  44  59   7   6   0 0.00  0.0    0  3.4 10 330   M    M   0        14 360
21  74  39  57   6   8   0 0.00  0.0    0  7.1 20 140   M    M   0        23 130
22  76  54  65  14   0   0 1.02  0.0    0 14.9 24 160   M    M   7 1      29 160
23  73  54  64  14   1   0 0.00  0.0    0  5.6 15 170   M    M   6 18     18 160
24  76  49  63  13   2   0 0.00  0.0    0  6.4 16 160   M    M   7 1      20 170
25  76  45  61  11   4   0 0.00  0.0    0  5.8 14  90   M    M   1        20  90
26  80  54  67  18   0   2 0.00  0.0    0 11.6 24 140   M    M   3        29 140
27  70  50  60  11   5   0    T  0.0    0 10.7 31 310   M    M   7 1      41 320
28  59  39  49   1  16   0 0.00  0.0    0 13.6 28 300   M    M   2        35 330
29  56  33  45  -3  20   0 0.00  0.0    0  5.1 12 160   M    M   1        13 160
================================================================================
SM 1958 1296       257   6  2.48     0.0 268.5          M      135
================================================================================
AV 67.5 44.7                               9.3 FASTST   M    M   5    MAX(MPH)
                                 MISC ---->  # 39 330               # 49  330
================================================================================
NOTES:
# LAST OF SEVERAL OCCURRENCES

COLUMN 17 PEAK WIND IN M.P.H.

PRELIMINARY LOCAL CLIMATOLOGICAL DATA (WS FORM: F-6) , PAGE 2

                                          STATION:  OMAHA EPPLEY, NEBRASKA
                                          MONTH:    OCTOBER
                                          YEAR:     2014
                                          LATITUDE:   41 17 N
                                          LONGITUDE:  95 54 W

[TEMPERATURE DATA]      [PRECIPITATION DATA]       SYMBOLS USED IN COLUMN 16

AVERAGE MONTHLY: 56.1   TOTAL FOR MONTH:   2.48    1 = FOG OR MIST
DPTR FM NORMAL:   2.5   DPTR FM NORMAL:    0.45    2 = FOG REDUCING VISIBILITY
HIGHEST:    80 ON 26    GRTST 24HR  2.41 ON 30- 1      TO 1/4 MILE OR LESS
LOWEST:     33 ON 29,11                            3 = THUNDER
                        SNOW, ICE PELLETS, HAIL    4 = ICE PELLETS
                        TOTAL MONTH:   0.0 INCH    5 = HAIL
                        GRTST 24HR     0.0         6 = FREEZING RAIN OR DRIZZLE
                        GRTST DEPTH:   0           7 = DUSTSTORM OR SANDSTORM:
                                                       VSBY 1/2 MILE OR LESS
                                                   8 = SMOKE OR HAZE
[NO. OF DAYS WITH]      [WEATHER - DAYS WITH]      9 = BLOWING SNOW
                                                   X = TORNADO
MAX 32 OR BELOW:   0    0.01 INCH OR MORE:   5
MAX 90 OR ABOVE:   0    0.10 INCH OR MORE:   4
MIN 32 OR BELOW:   0    0.50 INCH OR MORE:   2
MIN  0 OR BELOW:   0    1.00 INCH OR MORE:   1

[HDD (BASE 65) ]
TOTAL THIS MO.   257    CLEAR  (SCALE 0-3)  10
DPTR FM NORMAL   -89    PTCLDY (SCALE 4-7)  17
TOTAL FM JUL 1   335    CLOUDY (SCALE 8-10)  2
DPTR FM NORMAL  -114

[CDD (BASE 65) ]
TOTAL THIS MO.     6
DPTR FM NORMAL    -6    [PRESSURE DATA]
TOTAL FM JAN 1  1149    HIGHEST SLP M ON M
DPTR FM NORMAL    40    LOWEST  SLP 29.49 ON 27

[REMARKS]
