000
CXUS56 KOTX 270900
CF6OMK
PRELIMINARY LOCAL CLIMATOLOGICAL DATA (WS FORM: F-6)

                                          STATION:   OMAK WA AIRPORT
                                          MONTH:     FEBRUARY
                                          YEAR:      2017
                                          LATITUDE:   48 27 N
                                          LONGITUDE: 119 31 W

  TEMPERATURE IN F:       :PCPN:    SNOW:  WIND      :SUNSHINE: SKY     :PK WND
================================================================================
1   2   3   4   5  6A  6B    7    8   9   10  11  12  13   14  15   16   17  18
                                     12Z  AVG MX 2MIN
DY MAX MIN AVG DEP HDD CDD  WTR  SNW DPTH SPD SPD DIR MIN PSBL S-S WX    SPD DR
================================================================================

 1  29  18  24  -5  41   0 0.00  0.0    0 14.9 24 360   M    M   0        27 350
 2  24   4  14 -16  51   0 0.00  0.0    0  9.5 20 340   M    M   0        24 330
 3  21  12  17 -13  48   0 0.17    M    M  1.1  8 350   M    M  10 18     10 360
 4  27  21  24  -6  41   0    T    M    M  5.8 14 360   M    M   9 18     16  10
 5  28  22  25  -5  40   0 0.04    M    M 11.7 24 350   M    M  10 1      31 360
 6  26  18  22  -8  43   0 0.04    M    M 15.5 26  10   M    M   7 1      33  10
 7  22  14  18 -12  47   0 0.00    M    M 16.1 25 360   M    M   1        30 350
 8  18  13  16 -14  49   0 0.04    M    M 14.2 22 360   M    M   8 18     28 360
 9  33  17  25  -6  40   0 0.17    M    M  5.7 18 200   M    M  10 18     22 200
10  42  17  30  -1  35   0 0.00    M    M  8.8 24 160   M    M   4 128    31 150
11  38  16  27  -4  38   0 0.00    M    M  3.5 15 180   M    M   0        17 150
12  29  13  21 -10  44   0 0.00    M    M  3.3  9 280   M    M   0        10 320
13  29   8  19 -12  46   0 0.00    M    M  1.8  7 300   M    M   1 128     8 290
14  27   3  15 -16  50   0 0.00    M    M  2.0  7 180   M    M   3 128     9 170
15  37  27  32   0  33   0 0.78    M    M  2.5  9 180   M    M  10 126    10 160
16  39  34  37   5  28   0 0.15    M    M  5.0 15 160   M    M  10 12     16 160
17  41  34  38   6  27   0 0.00    M    M  2.1  7 360   M    M  10 12     10 190
18  37  34  36   4  29   0 0.08    M    M  6.9 15 350   M    M  10 12     18 360
19  38  34  36   3  29   0 0.03    M    M  4.8  9 210   M    M  10 1      12 200
20  38  34  36   3  29   0 0.10    M    M  3.7 12 330   M    M  10 1      14 330
21  41  27  34   1  31   0 0.00    M    M  2.2  9 160   M    M   7 12     11 170
22  42  22  32  -1  33   0 0.00    M    M  2.3  7 320   M    M   3         9 310
23  40  19  30  -4  35   0 0.00    M    M  5.9 13 330   M    M   0        15 330
24  34  11  23 -11  42   0 0.00    M    M  3.3 10 210   M    M   1        13 220
25  31  10  21 -13  44   0 0.00    M    M  4.4 14 190   M    M   2        16 190
26  39  27  33  -2  32   0 0.03    M    M  9.5 20  10   M    M   9 1      22 360
================================================================================
SM  850  509      1005   0  1.63     0.0 166.5          M      145
================================================================================
AV 32.7 19.6                               6.4 FASTST   M    M   6    MAX(MPH)
                                 MISC ---->  # 26  10               # 33   10
================================================================================
NOTES:
# LAST OF SEVERAL OCCURRENCES

COLUMN 17 PEAK WIND IN M.P.H.

PRELIMINARY LOCAL CLIMATOLOGICAL DATA (WS FORM: F-6) , PAGE 2

                                          STATION:  OMAK WA AIRPORT
                                          MONTH:    FEBRUARY
                                          YEAR:     2017
                                          LATITUDE:   48 27 N
                                          LONGITUDE: 119 31 W

[TEMPERATURE DATA]      [PRECIPITATION DATA]       SYMBOLS USED IN COLUMN 16

AVERAGE MONTHLY: 26.1   TOTAL FOR MONTH:   1.63    1 = FOG OR MIST
DPTR FM NORMAL:  -5.5   DPTR FM NORMAL:    0.32    2 = FOG REDUCING VISIBILITY
HIGHEST:    42 ON 22,10 GRTST 24HR  0.88 ON 15-16      TO 1/4 MILE OR LESS
LOWEST:      3 ON 14                               3 = THUNDER
                        SNOW, ICE PELLETS, HAIL    4 = ICE PELLETS
                        TOTAL MONTH:   0.0 INCH    5 = HAIL
                        GRTST 24HR     0.0         6 = FREEZING RAIN OR DRIZZLE
                        GRTST DEPTH:   0           7 = DUSTSTORM OR SANDSTORM:
                                                       VSBY 1/2 MILE OR LESS
                                                   8 = SMOKE OR HAZE
[NO. OF DAYS WITH]      [WEATHER - DAYS WITH]      9 = BLOWING SNOW
                                                   X = TORNADO
MAX 32 OR BELOW:  12    0.01 INCH OR MORE:  11
MAX 90 OR ABOVE:   0    0.10 INCH OR MORE:   5
MIN 32 OR BELOW:  21    0.50 INCH OR MORE:   1
MIN  0 OR BELOW:   0    1.00 INCH OR MORE:   0

[HDD (BASE 65) ]
TOTAL THIS MO.  1005    CLEAR  (SCALE 0-3)  10
DPTR FM NORMAL   137    PTCLDY (SCALE 4-7)   5
TOTAL FM JUL 1  4862    CLOUDY (SCALE 8-10) 11
DPTR FM NORMAL    61

[CDD (BASE 65) ]
TOTAL THIS MO.     0
DPTR FM NORMAL     0    [PRESSURE DATA]
TOTAL FM JAN 1     0    HIGHEST SLP M ON M
DPTR FM NORMAL     0    LOWEST  SLP 29.20 ON  6

[REMARKS]
