474
CXUS51 KAKQ 231010
CF6ORF
PRELIMINARY LOCAL CLIMATOLOGICAL DATA (WS FORM: F-6)

                                          STATION:   NORFOLK VA
                                          MONTH:     APRIL
                                          YEAR:      2017
                                          LATITUDE:   36 54 N
                                          LONGITUDE:  76 12 W

  TEMPERATURE IN F:       :PCPN:    SNOW:  WIND      :SUNSHINE: SKY     :PK WND
================================================================================
1   2   3   4   5  6A  6B    7    8   9   10  11  12  13   14  15   16   17  18
                                     12Z  AVG MX 2MIN
DY MAX MIN AVG DEP HDD CDD  WTR  SNW DPTH SPD SPD DIR MIN PSBL S-S WX    SPD DR
================================================================================

 1  63  51  57   3   8   0 0.00  0.0    0  9.2 18  20   M    M   5        24  20
 2  59  46  53  -1  12   0 0.00  0.0    0  8.8 21  20   M    M   1        26  30
 3  74  43  59   4   6   0 0.01  0.0    0 11.7 28 190   M    M   2        36 190
 4  83  63  73  18   0   8 0.00  0.0    0 14.2 32 200   M    M   5        41 200
 5  76  56  66  11   0   1    T  0.0    0  7.8 15 150   M    M   1        22 140
 6  77  56  67  11   0   2 0.67  0.0    0 16.5 37 220   M    M   5 13     48 230
 7  56  47  52  -4  13   0 0.00  0.0    0 12.2 22 240   M    M   6        32 240
 8  65  43  54  -2  11   0 0.00  0.0    0  5.1 15 280   M    M   0        24 340
 9  70  42  56   0   9   0 0.00  0.0    0  6.4 15 110   M    M   0        21 120
10  80  52  66   9   0   1 0.00  0.0    0 14.2 21 210   M    M   0        26 200
11  84  59  72  15   0   7 0.00  0.0    0 14.2 24 230   M    M   0        31 230
12  78  60  69  12   0   4 0.00  0.0    0  8.1 17 210   M    M   2        22 220
13  65  52  59   1   6   0 0.00  0.0    0  8.5 20  60   M    M   3        24  40
14  66  47  57  -1   8   0 0.00  0.0    0  6.2 16  30   M    M   3        19  30
15  83  59  71  13   0   6 0.01  0.0    0 12.7 21 210   M    M   5        27 220
16  87  66  77  19   0  12 0.00  0.0    0 15.0 25 230   M    M   0        34 230
17  87  62  75  16   0  10 0.47  0.0    0 11.7 24 350   M    M   4 1      32 360
18  64  55  60   1   5   0 0.00  0.0    0  9.8 21  80   M    M   2        29  90
19  72  55  64   5   1   0    T  0.0    0  8.8 15  80   M    M   7        21 180
20  85  62  74  14   0   9 0.00  0.0    0  8.5 18 230   M    M   4        26 220
21  90  69  80  20   0  15 0.04  0.0    0  7.9 16 230   M    M   1 3      22 220
22  80  56  68   8   0   3 0.38  0.0    0 12.8 26  30   M    M   6 18     32  30
================================================================================
SM 1644 1201        79  78  1.58     0.0 230.3          M       62
================================================================================
AV 74.7 54.6                              10.5 FASTST   M    M   3    MAX(MPH)
                                 MISC ---->  # 37 220               # 48  230
================================================================================
NOTES:
# LAST OF SEVERAL OCCURRENCES

COLUMN 17 PEAK WIND IN M.P.H.

PRELIMINARY LOCAL CLIMATOLOGICAL DATA (WS FORM: F-6) , PAGE 2

                                          STATION:  NORFOLK VA
                                          MONTH:    APRIL
                                          YEAR:     2017
                                          LATITUDE:   36 54 N
                                          LONGITUDE:  76 12 W

[TEMPERATURE DATA]      [PRECIPITATION DATA]       SYMBOLS USED IN COLUMN 16

AVERAGE MONTHLY: 64.7   TOTAL FOR MONTH:   1.58    1 = FOG OR MIST
DPTR FM NORMAL:   7.5   DPTR FM NORMAL:   -0.94    2 = FOG REDUCING VISIBILITY
HIGHEST:    90 ON 21    GRTST 24HR  1.64 ON 31- 1      TO 1/4 MILE OR LESS
LOWEST:     42 ON  9                               3 = THUNDER
                        SNOW, ICE PELLETS, HAIL    4 = ICE PELLETS
                        TOTAL MONTH:   0.0 INCH    5 = HAIL
                        GRTST 24HR     0.0         6 = FREEZING RAIN OR DRIZZLE
                        GRTST DEPTH:   0           7 = DUSTSTORM OR SANDSTORM:
                                                       VSBY 1/2 MILE OR LESS
                                                   8 = SMOKE OR HAZE
[NO. OF DAYS WITH]      [WEATHER - DAYS WITH]      9 = BLOWING SNOW
                                                   X = TORNADO
MAX 32 OR BELOW:   0    0.01 INCH OR MORE:   6
MAX 90 OR ABOVE:   1    0.10 INCH OR MORE:   3
MIN 32 OR BELOW:   0    0.50 INCH OR MORE:   1
MIN  0 OR BELOW:   0    1.00 INCH OR MORE:   0

[HDD (BASE 65) ]
TOTAL THIS MO.    79    CLEAR  (SCALE 0-3)  13
DPTR FM NORMAL  -116    PTCLDY (SCALE 4-7)   9
TOTAL FM JUL 1  2603    CLOUDY (SCALE 8-10)  0
DPTR FM NORMAL  -653

[CDD (BASE 65) ]
TOTAL THIS MO.    78
DPTR FM NORMAL    54    [PRESSURE DATA]
TOTAL FM JAN 1    97    HIGHEST SLP M ON M
DPTR FM NORMAL    66    LOWEST  SLP 29.27 ON  6

[REMARKS]
