189
CXUS51 KAKQ 261010
CF6ORF
PRELIMINARY LOCAL CLIMATOLOGICAL DATA (WS FORM: F-6)

                                          STATION:   NORFOLK VA
                                          MONTH:     SEPTEMBER
                                          YEAR:      2016
                                          LATITUDE:   36 54 N
                                          LONGITUDE:  76 12 W

  TEMPERATURE IN F:       :PCPN:    SNOW:  WIND      :SUNSHINE: SKY     :PK WND
================================================================================
1   2   3   4   5  6A  6B    7    8   9   10  11  12  13   14  15   16   17  18
                                     12Z  AVG MX 2MIN
DY MAX MIN AVG DEP HDD CDD  WTR  SNW DPTH SPD SPD DIR MIN PSBL S-S WX    SPD DR
================================================================================

 1  91  74  83   7   0  18 0.25  0.0    0  7.4 24  30   M    M   5 13     30  30
 2  78  70  74  -2   0   9 0.27  0.0    0 13.8 33  70   M    M   4        44  60
 3  77  71  74  -2   0   9 2.41  0.0    0 28.8 45  30   M    M  10 1      55  40
 4  77  69  73  -2   0   8    T  0.0    0 14.4 22  20   M    M   6        29  20
 5  79  69  74  -1   0   9 0.00  0.0    0  9.2 18 360   M    M   1        23 350
 6  88  70  79   4   0  14 0.00  0.0    0  7.0 16 290   M    M   1        24 290
 7  85  70  78   3   0  13    T  0.0    0  6.5 14 240   M    M   3        18 290
 8  91  73  82   7   0  17 0.31  0.0    0  7.2 21 210   M    M   2 1      26 220
 9  91  74  83   9   0  18 0.00  0.0    0 10.8 17 200   M    M   0        21 200
10  89  75  82   8   0  17 0.00  0.0    0 12.4 18 210   M    M   0        29 240
11  86  74  80   6   0  15    T  0.0    0 11.3 17  30   M    M   3        22 230
12  81  71  76   2   0  11 0.00  0.0    0  9.1 17  60   M    M   2        22  60
13  84  67  76   3   0  11 0.00  0.0    0  5.4 12 100   M    M   0        21 120
14  90  66  78   5   0  13 0.00  0.0    0  8.3 15 240   M    M   1        24 230
15  79  70  75   2   0  10 0.00  0.0    0 11.3 22  30   M    M   7        27  60
16  78  71  75   3   0  10    T  0.0    0 11.4 18  60   M    M   9        24  40
17  83  71  77   5   0  12 0.00  0.0    0  6.9 15  60   M    M   3        20  60
18  87  70  79   7   0  14 0.00  0.0    0  5.7 16 130   M    M   3        23 120
19  87  71  79   7   0  14 3.04  0.0    0  8.7 24 200   M    M   5 138    28 190
20  75  70  73   2   0   8 2.38  0.0    0 14.4 24  30   M    M  10 1      33  30
21  75  70  73   2   0   8 3.93  0.0    0 16.0 26  30   M    M  10 1      33  30
22  78  71  75   5   0  10 0.55  0.0    0 12.0 21  40   M    M   9 1      26  40
23  80  67  74   4   0   9 0.00  0.0    0  5.8 16 360   M    M   5        20 350
24  87  65  76   6   0  11    T  0.0    0  8.4 20  20   M    M   5 1      27  10
25  74  63  69   0   0   4 0.01  0.0    0  7.1 16  30   M    M   7        20  40
================================================================================
SM 2070 1752         0 292 13.15     0.0 259.3          M      111
================================================================================
AV 82.8 70.1                              10.4 FASTST   M    M   4    MAX(MPH)
                                 MISC ---->  # 45  30               # 55   40
================================================================================
NOTES:
# LAST OF SEVERAL OCCURRENCES

COLUMN 17 PEAK WIND IN M.P.H.

PRELIMINARY LOCAL CLIMATOLOGICAL DATA (WS FORM: F-6) , PAGE 2

                                          STATION:  NORFOLK VA
                                          MONTH:    SEPTEMBER
                                          YEAR:     2016
                                          LATITUDE:   36 54 N
                                          LONGITUDE:  76 12 W

[TEMPERATURE DATA]      [PRECIPITATION DATA]       SYMBOLS USED IN COLUMN 16

AVERAGE MONTHLY: 76.4   TOTAL FOR MONTH:  13.15    1 = FOG OR MIST
DPTR FM NORMAL:   3.4   DPTR FM NORMAL:    9.09    2 = FOG REDUCING VISIBILITY
HIGHEST:    91 ON  9, 8 GRTST 24HR  5.07 ON 20-21      TO 1/4 MILE OR LESS
LOWEST:     63 ON 25                               3 = THUNDER
                        SNOW, ICE PELLETS, HAIL    4 = ICE PELLETS
                        TOTAL MONTH:   0.0 INCH    5 = HAIL
                        GRTST 24HR     0.0         6 = FREEZING RAIN OR DRIZZLE
                        GRTST DEPTH:   0           7 = DUSTSTORM OR SANDSTORM:
                                                       VSBY 1/2 MILE OR LESS
                                                   8 = SMOKE OR HAZE
[NO. OF DAYS WITH]      [WEATHER - DAYS WITH]      9 = BLOWING SNOW
                                                   X = TORNADO
MAX 32 OR BELOW:   0    0.01 INCH OR MORE:   9
MAX 90 OR ABOVE:   4    0.10 INCH OR MORE:   8
MIN 32 OR BELOW:   0    0.50 INCH OR MORE:   5
MIN  0 OR BELOW:   0    1.00 INCH OR MORE:   4

[HDD (BASE 65) ]
TOTAL THIS MO.     0    CLEAR  (SCALE 0-3)  12
DPTR FM NORMAL    -3    PTCLDY (SCALE 4-7)   8
TOTAL FM JUL 1     0    CLOUDY (SCALE 8-10)  5
DPTR FM NORMAL    -3

[CDD (BASE 65) ]
TOTAL THIS MO.   292
DPTR FM NORMAL    85    [PRESSURE DATA]
TOTAL FM JAN 1  1844    HIGHEST SLP M ON M
DPTR FM NORMAL   302    LOWEST  SLP 29.72 ON  3

[REMARKS]
