000
CXUS51 KAKQ 241010
CF6ORF
PRELIMINARY LOCAL CLIMATOLOGICAL DATA (WS FORM: F-6)

                                          STATION:   NORFOLK VA
                                          MONTH:     MAY
                                          YEAR:      2015
                                          LATITUDE:   36 54 N
                                          LONGITUDE:  76 12 W

  TEMPERATURE IN F:       :PCPN:    SNOW:  WIND      :SUNSHINE: SKY     :PK WND
================================================================================
1   2   3   4   5  6A  6B    7    8   9   10  11  12  13   14  15   16   17  18
                                     12Z  AVG MX 2MIN
DY MAX MIN AVG DEP HDD CDD  WTR  SNW DPTH SPD SPD DIR MIN PSBL S-S WX    SPD DR
================================================================================

 1  57  51  54  -9  11   0 0.50  0.0    0 16.7 26  30   M    M   9 1      36  40
 2  65  50  58  -5   7   0 0.00  0.0    0  8.2 17  10   M    M   1        23  20
 3  81  50  66   3   0   1 0.00  0.0    0  6.6 12 230   M    M   0        15 270
 4  82  59  71   8   0   6 0.00  0.0    0 11.3 21 200   M    M   1        30 210
 5  84  61  73   9   0   8 0.00  0.0    0 14.0 24 210   M    M   0        28 220
 6  82  58  70   6   0   5 0.00  0.0    0  7.2 14 200   M    M   0        18 200
 7  72  60  66   2   0   1 0.00  0.0    0  6.1 12  70   M    M   0        14  40
 8  73  58  66   2   0   1    T  0.0    0  8.1 18  70   M    M   7 128    21  70
 9  77  61  69   4   0   4 0.00  0.0    0  6.9 15 130   M    M   6 128    20 130
10  82  67  75  10   0  10 0.02  0.0    0  8.8 17 150   M    M   4 1      25 150
11  78  69  74   9   0   9 0.13  0.0    0  9.2 18 220   M    M   6 1      23 230
12  90  71  81  15   0  16 0.00  0.0    0 14.8 23 230   M    M   1        33 230
13  78  62  70   4   0   5 0.00  0.0    0 12.7 22  30   M    M   0        27  20
14  65  52  59  -7   6   0 0.00  0.0    0  8.8 22  30   M    M   1        25  30
15  78  51  65  -1   0   0 0.00  0.0    0  6.7 15 150   M    M   0        20 220
16  86  61  74   7   0   9 0.00  0.0    0 12.5 21 210   M    M   0        27 210
17  89  66  78  11   0  13 0.01  0.0    0  9.5 18 240   M    M   2        24 240
18  88  71  80  13   0  15 0.06  0.0    0  7.0 17 170   M    M   3 8      21 170
19  86  72  79  12   0  14 0.05  0.0    0  6.7 16 200   M    M   2 138    21 200
20  73  64  69   1   0   4 0.00  0.0    0 11.2 23  10   M    M   0        32  10
21  67  57  62  -6   3   0 0.48  0.0    0 12.1 25  30   M    M  10 1      30  40
22  73  55  64  -4   1   0 0.00  0.0    0  7.6 16 350   M    M   2        23 340
23  69  57  63  -6   2   0    T  0.0    0  7.9 20  30   M    M   0        24  30
================================================================================
SM 1775 1383        30 121  1.25     0.0 220.6          M       55
================================================================================
AV 77.2 60.1                               9.6 FASTST   M    M   2    MAX(MPH)
                                 MISC ---->  # 26  30               # 36   40
================================================================================
NOTES:
# LAST OF SEVERAL OCCURRENCES

COLUMN 17 PEAK WIND IN M.P.H.

PRELIMINARY LOCAL CLIMATOLOGICAL DATA (WS FORM: F-6) , PAGE 2

                                          STATION:  NORFOLK VA
                                          MONTH:    MAY
                                          YEAR:     2015
                                          LATITUDE:   36 54 N
                                          LONGITUDE:  76 12 W

[TEMPERATURE DATA]      [PRECIPITATION DATA]       SYMBOLS USED IN COLUMN 16

AVERAGE MONTHLY: 68.7   TOTAL FOR MONTH:   1.25    1 = FOG OR MIST
DPTR FM NORMAL:   3.1   DPTR FM NORMAL:   -1.18    2 = FOG REDUCING VISIBILITY
HIGHEST:    90 ON 12    GRTST 24HR  0.63 ON 30- 1      TO 1/4 MILE OR LESS
LOWEST:     50 ON  3, 2                            3 = THUNDER
                        SNOW, ICE PELLETS, HAIL    4 = ICE PELLETS
                        TOTAL MONTH:   0.0 INCH    5 = HAIL
                        GRTST 24HR     0.0         6 = FREEZING RAIN OR DRIZZLE
                        GRTST DEPTH:   0           7 = DUSTSTORM OR SANDSTORM:
                                                       VSBY 1/2 MILE OR LESS
                                                   8 = SMOKE OR HAZE
[NO. OF DAYS WITH]      [WEATHER - DAYS WITH]      9 = BLOWING SNOW
                                                   X = TORNADO
MAX 32 OR BELOW:   0    0.01 INCH OR MORE:   7
MAX 90 OR ABOVE:   1    0.10 INCH OR MORE:   3
MIN 32 OR BELOW:   0    0.50 INCH OR MORE:   1
MIN  0 OR BELOW:   0    1.00 INCH OR MORE:   0

[HDD (BASE 65) ]
TOTAL THIS MO.    30    CLEAR  (SCALE 0-3)  17
DPTR FM NORMAL   -33    PTCLDY (SCALE 4-7)   4
TOTAL FM JUL 1  3599    CLOUDY (SCALE 8-10)  2
DPTR FM NORMAL   236

[CDD (BASE 65) ]
TOTAL THIS MO.   121
DPTR FM NORMAL    46    [PRESSURE DATA]
TOTAL FM JAN 1   146    HIGHEST SLP M ON M
DPTR FM NORMAL    27    LOWEST  SLP 29.72 ON  1

[REMARKS]
