000
CXUS51 KBOX 301200
CF6ORH
PRELIMINARY LOCAL CLIMATOLOGICAL DATA (WS FORM: F-6)

                                          STATION:   WORCESTER MA
                                          MONTH:     SEPTEMBER
                                          YEAR:      2014
                                          LATITUDE:   42 16 N
                                          LONGITUDE:  71 52 W

  TEMPERATURE IN F:       :PCPN:    SNOW:  WIND      :SUNSHINE: SKY     :PK WND
================================================================================
1   2   3   4   5  6A  6B    7    8   9   10  11  12  13   14  15   16   17  18
                                     12Z  AVG MX 2MIN
DY MAX MIN AVG DEP HDD CDD  WTR  SNW DPTH SPD SPD DIR MIN PSBL S-S WX    SPD DR
================================================================================

 1  82  68  75   9   0  10 0.00  0.0    M  6.6 13 270   M    M   3 1      17 260
 2  85  68  77  11   0  12 0.94  0.0    M  8.6 30 280   M    M   2 1238   35 290
 3  78  62  70   4   0   5 0.00  0.0    M 11.2 22 290   M    M   1        29 280
 4  80  57  69   4   0   4 0.00  0.0    M  9.0 15 250   M    M   0        19 310
 5  83  64  74   9   0   9 0.00  0.0    M 10.3 17 220   M    M   2        22 220
 6  86  64  75  10   0  10 0.11  0.0    M 12.9 22 240   M    M   5 13     29 220
 7  73  60  67   3   0   2 0.02  0.0    M  6.2 14 350   M    M   3 8      20  20
 8  71  55  63  -1   2   0 0.00  0.0    M  7.4 13  80   M    M   1        19  70
 9  67  53  60  -4   5   0 0.00  0.0    M  7.0 13  90   M    M   5        19  50
10  69  55  62  -1   3   0 0.00  0.0    M  5.2  9 150   M    M   7 12     14  30
11  72  57  65   2   0   0    T  0.0    M 12.5 22 220   M    M   8 1      29 210
12  68  49  59  -4   6   0 0.00  0.0    M  8.1 17 330   M    M   0        23 350
13  59  47  53  -9  12   0 0.23  0.0    M  7.1 15 300   M    M   9 1      20 290
14  61  46  54  -8  11   0 0.00  0.0    M  8.2 18 350   M    M   0        23 350
15  62  45  54  -8  11   0 0.00  0.0    M  4.0 12 290   M    M   4        13 280
16  63  49  56  -5   9   0    T  0.0    M  5.8 13 230   M    M   7        17 230
17  65  48  57  -4   8   0 0.00  0.0    M  8.7 15 300   M    M   0        21 230
18  69  48  59  -2   6   0    T  0.0    M  8.6 14 300   M    M   3        23 290
19  56  41  49 -11  16   0 0.00  0.0    M  7.4 14  70   M    M   1        18  60
20  67  40  54  -6  11   0 0.00  0.0    M 10.6 20 220   M    M   4        25 220
21  75  59  67   8   0   2 1.17  0.0    M  8.4 18 190   M    M   8 12     24 200
22  66  46  56  -3   9   0 0.00  0.0    M 14.0 28 290   M    M   3        39 310
23  65  40  53  -6  12   0 0.00  0.0    M  6.6 15 250   M    M   0        19 240
24  64  52  58   0   7   0 0.00  0.0    M  5.7 12  60   M    M   5        15  60
25  58  49  54  -4  11   0 0.00  0.0    M  5.6 10  60   M    M   5 1      13  60
26  72  53  63   6   2   0 0.00  0.0    0  7.0 13  50   M    M   0        18  10
27  79  56  68  11   0   3 0.00  0.0    0  6.8 12 340   M    M   0        18 330
28  79  58  69  12   0   4 0.00  0.0    0  8.0 14 270   M    M   0        17 290
29  73  54  64   8   1   0 0.00  0.0    0  7.6 14  60   M    M   2 1      20  50
================================================================================
SM 2047 1543       142  61  2.47     0.0 235.1          M       88
================================================================================
AV 70.6 53.2                               8.1 FASTST   M    M   3    MAX(MPH)
                                 MISC ---->  # 30 280               # 39  310
================================================================================
NOTES:
# LAST OF SEVERAL OCCURRENCES

COLUMN 17 PEAK WIND IN M.P.H.

PRELIMINARY LOCAL CLIMATOLOGICAL DATA (WS FORM: F-6) , PAGE 2

                                          STATION:  WORCESTER MA
                                          MONTH:    SEPTEMBER
                                          YEAR:     2014
                                          LATITUDE:   42 16 N
                                          LONGITUDE:  71 52 W

[TEMPERATURE DATA]      [PRECIPITATION DATA]       SYMBOLS USED IN COLUMN 16

AVERAGE MONTHLY: 61.9   TOTAL FOR MONTH:   2.47    1 = FOG OR MIST
DPTR FM NORMAL:   0.5   DPTR FM NORMAL:   -1.30    2 = FOG REDUCING VISIBILITY
HIGHEST:    86 ON  6    GRTST 24HR  2.41 ON 31- 1      TO 1/4 MILE OR LESS
LOWEST:     40 ON 23,20                            3 = THUNDER
                        SNOW, ICE PELLETS, HAIL    4 = ICE PELLETS
                        TOTAL MONTH:   0.0 INCH    5 = HAIL
                        GRTST 24HR     0.0         6 = FREEZING RAIN OR DRIZZLE
                        GRTST DEPTH:   0           7 = DUSTSTORM OR SANDSTORM:
                                                       VSBY 1/2 MILE OR LESS
                                                   8 = SMOKE OR HAZE
[NO. OF DAYS WITH]      [WEATHER - DAYS WITH]      9 = BLOWING SNOW
                                                   X = TORNADO
MAX 32 OR BELOW:   0    0.01 INCH OR MORE:   5
MAX 90 OR ABOVE:   0    0.10 INCH OR MORE:   4
MIN 32 OR BELOW:   0    0.50 INCH OR MORE:   2
MIN  0 OR BELOW:   0    1.00 INCH OR MORE:   1

[HDD (BASE 65) ]
TOTAL THIS MO.   142    CLEAR  (SCALE 0-3)  18
DPTR FM NORMAL    -1    PTCLDY (SCALE 4-7)   9
TOTAL FM JUL 1   162    CLOUDY (SCALE 8-10)  2
DPTR FM NORMAL   -20

[CDD (BASE 65) ]
TOTAL THIS MO.    61
DPTR FM NORMAL    20    [PRESSURE DATA]
TOTAL FM JAN 1   423    HIGHEST SLP M ON M
DPTR FM NORMAL   -44    LOWEST  SLP 29.53 ON M

[REMARKS]
