000
CXUS52 KMLB 250627
CF6ORL
PRELIMINARY LOCAL CLIMATOLOGICAL DATA (WS FORM: F-6)

                                          STATION:   ORLANDO EXEC
                                          MONTH:     SEPTEMBER
                                          YEAR:      2017
                                          LATITUDE:   28 32 N
                                          LONGITUDE:  81 20 W

  TEMPERATURE IN F:       :PCPN:    SNOW:  WIND      :SUNSHINE: SKY     :PK WND
================================================================================
1   2   3   4   5  6A  6B    7    8   9   10  11  12  13   14  15   16   17  18
                                     12Z  AVG MX 2MIN
DY MAX MIN AVG DEP HDD CDD  WTR  SNW DPTH SPD SPD DIR MIN PSBL S-S WX    SPD DR
================================================================================

 1  95  73  84   1   0  19 0.24  0.0    0  7.1 22 270   M    M   1 13     27 300
 2  89  74  82  -1   0  17 0.11  0.0    0  4.1 24 120   M    M   2 1      29 120
 3  87  75  81  -2   0  16    T  0.0    0  3.0 13 130   M    M   6 1      14 140
 4  92  76  84   1   0  19 0.05  0.0    0  3.8 20  80   M    M   5 13     21  70
 5  91  75  83   1   0  18 0.00  0.0    0  3.5 18 110   M    M   2 3      24 110
 6  86  76  81  -1   0  16 0.11  0.0    0  3.4 14 310   M    M   2 13     17 310
 7  93  75  84   2   0  19 0.16  0.0    0  5.8 15  60   M    M   3 138    19  70
 8  90  76  83   1   0  18 0.09  0.0    0  7.7 25  60   M    M   3 13     33  70
 9  83  74  79  -3   0  14 0.06  0.0    0 14.5 31  60   M    M   5 13     39  70
10  80  74  77  -5   0  12 6.95  0.0    0 21.8 53 100   M    M   7 12     72 100
11  85  74  80  -2   0  15 0.75  0.0    0 25.6 56 110   M    M   8 1      78 120
12  91  73  82   0   0  17 0.00  0.0    0  8.6 18 240   M    M   2        23 240
13  91  71  81  -1   0  16 0.00  0.0    0  4.9 15 130   M    M   0        17 130
14  93  74  84   2   0  19 2.08  0.0    0  4.7 18 320   M    M   4 123    26 310
15  91  74  83   1   0  18    T  0.0    0  5.5 20 110   M    M   1        24 110
16  92  76  84   2   0  19 0.00  0.0    0  5.0  9  50   M    M   1        18  70
17  90  76  83   1   0  18 0.00  0.0    0  9.1 18  10   M    M   M        22  10
18  86  75  81  -1   0  16    T  0.0    0  8.4 18  20   M    M   M        24  20
19  87  76  82   0   0  17 0.00  0.0    M  7.4 16  80   M    M   M        20  80
20  91  73  82   1   0  17 0.00  0.0    M  6.3 17  70   M    M   0        21  80
21  90  73  82   1   0  17 0.00  0.0    0  6.8 16  80   M    M   1 8      21  30
22  90  75  83   2   0  18    T  0.0    0  7.5 23  80   M    M   4 3      30  20
23  89  75  82   1   0  17 0.03  0.0    0  8.1 21  60   M    M   2        23  20
24  91  76  84   3   0  19 0.00  0.0    0  7.9 18  80   M    M   1        25  40
================================================================================
SM 2143 1789         0 411 10.63     0.0 190.5          M       60
================================================================================
AV 89.3 74.5                               7.9 FASTST   M    M   3    MAX(MPH)
                                 MISC ---->  # 56 110               # 78  120
================================================================================
NOTES:
# LAST OF SEVERAL OCCURRENCES

COLUMN 17 PEAK WIND IN M.P.H.

PRELIMINARY LOCAL CLIMATOLOGICAL DATA (WS FORM: F-6) , PAGE 2

                                          STATION:  ORLANDO EXEC
                                          MONTH:    SEPTEMBER
                                          YEAR:     2017
                                          LATITUDE:   28 32 N
                                          LONGITUDE:  81 20 W

[TEMPERATURE DATA]      [PRECIPITATION DATA]       SYMBOLS USED IN COLUMN 16

AVERAGE MONTHLY: 81.9   TOTAL FOR MONTH:  10.63    1 = FOG OR MIST
DPTR FM NORMAL:  -0.0   DPTR FM NORMAL:    5.58    2 = FOG REDUCING VISIBILITY
HIGHEST:    95 ON  1    GRTST 24HR  6.95 ON 10-10      TO 1/4 MILE OR LESS
LOWEST:     71 ON 13                               3 = THUNDER
                        SNOW, ICE PELLETS, HAIL    4 = ICE PELLETS
                        TOTAL MONTH:   0.0 INCH    5 = HAIL
                        GRTST 24HR     0.0         6 = FREEZING RAIN OR DRIZZLE
                        GRTST DEPTH:   0           7 = DUSTSTORM OR SANDSTORM:
                                                       VSBY 1/2 MILE OR LESS
                                                   8 = SMOKE OR HAZE
[NO. OF DAYS WITH]      [WEATHER - DAYS WITH]      9 = BLOWING SNOW
                                                   X = TORNADO
MAX 32 OR BELOW:   0    0.01 INCH OR MORE:  11
MAX 90 OR ABOVE:  15    0.10 INCH OR MORE:   7
MIN 32 OR BELOW:   0    0.50 INCH OR MORE:   3
MIN  0 OR BELOW:   0    1.00 INCH OR MORE:   2

[HDD (BASE 65) ]
TOTAL THIS MO.     0    CLEAR  (SCALE 0-3)  12
DPTR FM NORMAL     0    PTCLDY (SCALE 4-7)   9
TOTAL FM JUL 1     0    CLOUDY (SCALE 8-10)  0
DPTR FM NORMAL     0

[CDD (BASE 65) ]
TOTAL THIS MO.   411
DPTR FM NORMAL     4    [PRESSURE DATA]
TOTAL FM JAN 1  3284    HIGHEST SLP 29.77 ON 12
DPTR FM NORMAL   376    LOWEST  SLP 29.08 ON 11

[REMARKS]
