000
CXUS53 KGRB 260700
CF6OSH
PRELIMINARY LOCAL CLIMATOLOGICAL DATA (WS FORM: F-6)

                                          STATION:   OSHKOSH WI
                                          MONTH:     FEBRUARY
                                          YEAR:      2017
                                          LATITUDE:   44  0 N
                                          LONGITUDE:  88 34 W

  TEMPERATURE IN F:       :PCPN:    SNOW:  WIND      :SUNSHINE: SKY     :PK WND
================================================================================
1   2   3   4   5  6A  6B    7    8   9   10  11  12  13   14  15   16   17  18
                                     12Z  AVG MX 2MIN
DY MAX MIN AVG DEP HDD CDD  WTR  SNW DPTH SPD SPD DIR MIN PSBL S-S WX    SPD DR
================================================================================

 1  29   6  18  -2  47   0 0.00  0.0    5  8.8 18 290   M    M   4        26 290
 2  15   4  10 -10  55   0 0.00  0.0    5  8.8 17 290   M    M   0        23 290
 3  19   2  11  -9  54   0 0.00  0.0    5  6.6 13 280   M    M   0        18 290
 4  29   2  16  -4  49   0 0.00  0.0    5 12.1 28 180   M    M   5 8      36 180
 5  31  12  22   2  43   0 0.00  0.0    5  8.0 17 290   M    M   6        21 210
 6  35  10  23   3  42   0 0.00  0.0    4  5.2 12  30   M    M   3 18     15  40
 7  35  24  30  10  35   0 0.24  0.0    3 11.7 25 310   M    M  10 12     33 290
 8  24   8  16  -5  49   0    T    T    3 10.9 17 290   M    M   5        22 300
 9  17   3  10 -11  55   0 0.00  0.0    3  9.6 20 290   M    M   0        25 290
10  37  17  27   6  38   0 0.00  0.0    3 12.0 26 180   M    M   3        32 180
11  38  32  35  14  30   0 0.00  0.0    2  5.3 12  40   M    M   5        15  50
12  39  29  34  12  31   0 0.02  0.0    2 13.4 33 290   M    M   4 16     44 290
13  40  20  30   8  35   0 0.00  0.0    1  9.6 20 200   M    M   0        26 210
14  43  28  36  14  29   0 0.00  0.0    1 10.8 23 340   M    M   3        32 310
15  28  21  25   3  40   0 0.00  0.0    0 11.5 18 300   M    M   4        24 310
16  33  21  27   5  38   0 0.00  0.0    0  7.8 14 150   M    M   4        17 130
17  54  25  40  17  25   0 0.00  0.0    0  7.0 13 210   M    M   0 1      19 200
18  57  40  49  26  16   0 0.00  0.0    0  6.0 13 290   M    M   0 8      16 210
19  58  33  46  23  19   0 0.00  0.0    0  3.7  9 190   M    M   0 18     12 180
20  54  34  44  20  21   0 0.16  0.0    0 11.6 21 140   M    M   3        26 140
21  59  45  52  28  13   0 0.01  0.0    0  8.5 20 290   M    M   4        29 290
22  66  43  55  31  10   0 0.00  0.0    0 10.1 22 200   M    M   1 1      31 210
23  47  32  40  16  25   0    M    M    M 10.9 20 290   M    M   7 1      26 290
24  32  21  27   2  38   0 0.23    M    0 19.7 30  20   M    M  10 136    38  30
25  22  17  20  -5  45   0    M    M    M 12.4 22 290   M    M   6 18     30 290
================================================================================
SM  941  529       882   0  0.66    T    242.0          M       87
================================================================================
AV 37.6 21.2                               9.7 FASTST   M    M   3    MAX(MPH)
                                 MISC ---->  # 33 290               # 44  290
================================================================================
NOTES:
# LAST OF SEVERAL OCCURRENCES

COLUMN 17 PEAK WIND IN M.P.H.

PRELIMINARY LOCAL CLIMATOLOGICAL DATA (WS FORM: F-6) , PAGE 2

                                          STATION:  OSHKOSH WI
                                          MONTH:    FEBRUARY
                                          YEAR:     2017
                                          LATITUDE:   44  0 N
                                          LONGITUDE:  88 34 W

[TEMPERATURE DATA]      [PRECIPITATION DATA]       SYMBOLS USED IN COLUMN 16

AVERAGE MONTHLY: 29.4   TOTAL FOR MONTH:   0.66    1 = FOG OR MIST
DPTR FM NORMAL:   7.4   DPTR FM NORMAL:   -0.07    2 = FOG REDUCING VISIBILITY
HIGHEST:    66 ON 22    GRTST 24HR  0.24 ON  6- 7      TO 1/4 MILE OR LESS
LOWEST:      2 ON  4, 3                            3 = THUNDER
                        SNOW, ICE PELLETS, HAIL    4 = ICE PELLETS
                        TOTAL MONTH:    T          5 = HAIL
                        GRTST 24HR    T  ON  8- 8  6 = FREEZING RAIN OR DRIZZLE
                        GRTST DEPTH:   5 ON  5, 4  7 = DUSTSTORM OR SANDSTORM:
                                                       VSBY 1/2 MILE OR LESS
                                                   8 = SMOKE OR HAZE
[NO. OF DAYS WITH]      [WEATHER - DAYS WITH]      9 = BLOWING SNOW
                                                   X = TORNADO
MAX 32 OR BELOW:  10    0.01 INCH OR MORE:   5
MAX 90 OR ABOVE:   0    0.10 INCH OR MORE:   3
MIN 32 OR BELOW:  20    0.50 INCH OR MORE:   0
MIN  0 OR BELOW:   0    1.00 INCH OR MORE:   0

[HDD (BASE 65) ]
TOTAL THIS MO.   882    CLEAR  (SCALE 0-3)  10
DPTR FM NORMAL  -193    PTCLDY (SCALE 4-7)  13
TOTAL FM JUL 1  4585    CLOUDY (SCALE 8-10)  2
DPTR FM NORMAL  -830

[CDD (BASE 65) ]
TOTAL THIS MO.     0
DPTR FM NORMAL     0    [PRESSURE DATA]
TOTAL FM JAN 1     0    HIGHEST SLP M ON M
DPTR FM NORMAL     0    LOWEST  SLP 29.36 ON  7

[REMARKS]
