000
CXUS56 KOTX 280900
CF6OTX
PRELIMINARY LOCAL CLIMATOLOGICAL DATA (WS FORM: F-6)

                                          STATION:   SPOKANE  WA WFO
                                          MONTH:     MAY
                                          YEAR:      2017
                                          LATITUDE:   47 40 N
                                          LONGITUDE: 117 38 W

  TEMPERATURE IN F:       :PCPN:    SNOW:  WIND      :SUNSHINE: SKY     :PK WND
================================================================================
1   2   3   4   5  6A  6B    7    8   9   10  11  12  13   14  15   16   17  18
                                     12Z  AVG MX 2MIN
DY MAX MIN AVG DEP HDD CDD  WTR  SNW DPTH SPD SPD DIR MIN PSBL S-S WX    SPD DR
================================================================================

 1  50  33  42  -7  23   0 0.09  0.0    0   M   M   M   M    M   M 1       M  M
 2  58  32  45  -5  20   0 0.00  0.0    0   M   M   M   M    M   M 1       M  M
 3  66  40  53   3  12   0 0.00  0.0    0   M   M   M   M    M   M         M  M
 4  81  46  64  14   1   0 0.00  0.0    0   M   M   M   M    M   M         M  M
 5  67  49  58   8   7   0 0.21  0.0    0   M   M   M   M    M   M 3       M  M
 6  53  41  47  -4  18   0 0.04  0.0    0   M   M   M   M    M   M         M  M
 7  60  41  51   0  14   0    T  0.0    0   M   M   M   M    M   M         M  M
 8  64  35  50  -1  15   0 0.00  0.0    0   M   M   M   M    M   M         M  M
 9  64  35  50  -2  15   0 0.00  0.0    0   M   M   M   M    M   M         M  M
10  74  40  57   5   8   0    T  0.0    0   M   M   M   M    M   M         M  M
11  70  46  58   6   7   0 0.16  0.0    0   M   M   M   M    M   M         M  M
12  52  34  43  -9  22   0 0.01  0.0    0   M   M   M   M    M   M         M  M
13  55  32  44  -8  21   0 0.10  0.0    0   M   M   M   M    M   M         M  M
14  53  35  44  -9  21   0 0.06  0.0    0   M   M   M   M    M   M         M  M
15  57  30  44  -9  21   0 0.01  0.0    0   M   M   M   M    M   M         M  M
16  53  40  47  -6  18   0 0.38  0.0    0   M   M   M   M    M   M         M  M
17  58  39  49  -5  16   0    T  0.0    0   M   M   M   M    M   M         M  M
18  64  45  55   1  10   0    T  0.0    0   M   M   M   M    M   M         M  M
19  69  41  55   1  10   0 0.00  0.0    0   M   M   M   M    M   M         M  M
20  64  46  55   1  10   0 0.17  0.0    0   M   M   M   M    M   M         M  M
21  76  41  59   5   6   0 0.00  0.0    0   M   M   M   M    M   M 1       M  M
22  80  49  65  10   0   0 0.00  0.0    0   M   M   M   M    M   M         M  M
23  81  49  65  10   0   0 0.00  0.0    0   M   M   M   M    M   M         M  M
24  62  41  52  -3  13   0 0.00  0.0    0   M   M   M   M    M   M         M  M
25  62  42  52  -3  13   0 0.00  0.0    0   M   M   M   M    M   M         M  M
26  73  38  56   0   9   0 0.00  0.0    0   M   M   M   M    M   M         M  M
27  78  46  62   6   3   0 0.00  0.0    0   M   M   M   M    M   M         M  M
================================================================================
SM 1744 1086       333   0  1.23     0.0     M          M        M
================================================================================
AV 64.6 40.2                                 M FASTST   M    M -nan   MAX(MPH)
                                 MISC ---->     M   M                  M    M
================================================================================
NOTES:
# LAST OF SEVERAL OCCURRENCES

COLUMN 17 PEAK WIND IN M.P.H.

PRELIMINARY LOCAL CLIMATOLOGICAL DATA (WS FORM: F-6) , PAGE 2

                                          STATION:  SPOKANE  WA WFO
                                          MONTH:    MAY
                                          YEAR:     2017
                                          LATITUDE:   47 40 N
                                          LONGITUDE: 117 38 W

[TEMPERATURE DATA]      [PRECIPITATION DATA]       SYMBOLS USED IN COLUMN 16

AVERAGE MONTHLY: 52.4   TOTAL FOR MONTH:   1.23    1 = FOG OR MIST
DPTR FM NORMAL:  -0.3   DPTR FM NORMAL:   -0.24    2 = FOG REDUCING VISIBILITY
HIGHEST:    81 ON 23, 4 GRTST 24HR  0.38 ON 16-16      TO 1/4 MILE OR LESS
LOWEST:     30 ON 15                               3 = THUNDER
                        SNOW, ICE PELLETS, HAIL    4 = ICE PELLETS
                        TOTAL MONTH:   0.0 INCH    5 = HAIL
                        GRTST 24HR     0.0         6 = FREEZING RAIN OR DRIZZLE
                        GRTST DEPTH:   0           7 = DUSTSTORM OR SANDSTORM:
                                                       VSBY 1/2 MILE OR LESS
                                                   8 = SMOKE OR HAZE
[NO. OF DAYS WITH]      [WEATHER - DAYS WITH]      9 = BLOWING SNOW
                                                   X = TORNADO
MAX 32 OR BELOW:   0    0.01 INCH OR MORE:  10
MAX 90 OR ABOVE:   0    0.10 INCH OR MORE:   5
MIN 32 OR BELOW:   3    0.50 INCH OR MORE:   0
MIN  0 OR BELOW:   0    1.00 INCH OR MORE:   0

[HDD (BASE 65) ]
TOTAL THIS MO.   333    CLEAR  (SCALE 0-3)   0
DPTR FM NORMAL    -4    PTCLDY (SCALE 4-7)   0
TOTAL FM JUL 1  7088    CLOUDY (SCALE 8-10)  0
DPTR FM NORMAL   172

[CDD (BASE 65) ]
TOTAL THIS MO.     0
DPTR FM NORMAL     0    [PRESSURE DATA]
TOTAL FM JAN 1     0    HIGHEST SLP M ON M
DPTR FM NORMAL     0    LOWEST  SLP M ON M

[REMARKS]
